{"id":9466,"date":"2023-08-05T12:49:28","date_gmt":"2023-08-05T11:49:28","guid":{"rendered":"https:\/\/santepara.ma\/?page_id=9466"},"modified":"2025-03-13T14:51:26","modified_gmt":"2025-03-13T13:51:26","slug":"conditions-generales-de-vente","status":"publish","type":"page","link":"https:\/\/santepara.ma\/?page_id=9466","title":{"rendered":"Conditions g\u00e9n\u00e9rales de vente"},"content":{"rendered":"\n<p><strong>ARTICLE 1 \u2013 CHAMP D\u2019APPLICATION<\/strong><\/p>\n\n\n\n<p>Les pr\u00e9sentes conditions g\u00e9n\u00e9rales de vente (ci-apr\u00e8s \u00ab CGV \u00bb) s\u2019appliquent \u00e0 toutes commandes \u00e9lectroniques pass\u00e9es par des particuliers agissants, \u00e0 titre personnel, en qualit\u00e9 de consommateurs aupr\u00e8s de la Soci\u00e9t\u00e9 Nobel Pharma directement sur son site Internet accessible \u00e0 l\u2019adresse suivante : https:\/\/www.santepara.ma\/<br>Les pr\u00e9sentes CGV sont susceptibles d\u2019\u00eatre modifi\u00e9es \u00e0 tout moment par la soci\u00e9t\u00e9 Nobel Pharma. Il appartient au client de les consulter et de les accepter formellement avant toute commande.<br>Les CGV applicables sont celles figurant sur le site au jour de votre commande.<br>Toute commande pass\u00e9e aupr\u00e8s du Site suppose l\u2019acceptation enti\u00e8re, sans r\u00e9serve et sans condition des CGV en vigueur au jour de ladite commande.<br>Les termes des conditions g\u00e9n\u00e9rales ci-dessous auront entre les parties les d\u00e9finitions suivantes :<\/p>\n\n\n\n<ul>\n<li>\u00ab Commande \u00bb : d\u00e9signe l\u2019acte par lequel le Client retourne \u00e0 santepara.ma le Bon de commande sign\u00e9 ou rempli le Bon de commande d\u00e9mat\u00e9rialis\u00e9 sur le Site santepara.ma ;<\/li>\n\n\n\n<li>\u00ab Clients \u00bb : d\u00e9signe les personnes physiques commandant des Produits pour leurs besoins personnels ;<\/li>\n\n\n\n<li>\u00ab Bon de commande \u00bb : d\u00e9signe le document papier ou d\u00e9mat\u00e9rialis\u00e9 par lequel le Client commande des Produits aupr\u00e8s de santepara.ma ;<\/li>\n\n\n\n<li>\u00ab Produits \u00bb : d\u00e9signe tout Produit propos\u00e9 sur le site internet santepara.ma.<\/li>\n<\/ul>\n\n\n\n<p><strong>ARTICLE 2 \u2013 ACCES AU SITE<\/strong><\/p>\n\n\n\n<p>Le site est normalement accessible aux Clients 24 heures sur 24, et 7 jours sur 7, sous r\u00e9serve :<\/p>\n\n\n\n<ul>\n<li>D\u2019un cas de force majeure ;<\/li>\n\n\n\n<li>De la disponibilit\u00e9 du r\u00e9seau internet ;<\/li>\n\n\n\n<li>Des suspensions temporaires du Site pour des raisons techniques li\u00e9es \u00e0 des mises \u00e0 jour du Site, \u00e0 sa maintenance ou \u00e0 toute autre cause technique.<\/li>\n<\/ul>\n\n\n\n<p>A cet \u00e9gard, les clients reconnaissent express\u00e9ment que santepara.ma ne peut en aucun cas \u00eatre tenu responsable pour tout dommage, quel qu\u2019il soit, pouvant r\u00e9sulter de l\u2019utilisation du site, des op\u00e9rations de mise \u00e0 jour et des indisponibilit\u00e9s temporaires de tout ou partie du site.<br>La commande de produits par le client passe par la cr\u00e9ation par ce dernier d\u2019un compte personnel dans la rubrique \u00ab mon compte \u00bb.<br>La cr\u00e9ation par le client de son compte personnel implique qu\u2019il remplisse le formulaire d\u2019inscription en ligne.<br>A cet \u00e9gard, le client garantit \u00e0 santepara.ma la v\u00e9racit\u00e9 des informations qu\u2019il aura fournies dans ledit formulaire.<br>Les identifiant et mot de passe du client sont strictement personnels et confidentiels.<br>La conservation et l\u2019utilisation des identifiant et mot de passe s\u2019effectuent sous l\u2019enti\u00e8re responsabilit\u00e9 du client.<br>Toute commande de produits au moyen de ces identifiant et mot de passe sera pr\u00e9sum\u00e9e avoir \u00e9t\u00e9 effectu\u00e9e par le client.<br>Par cons\u00e9quent, santepara.ma ne saurait en aucun cas \u00eatre tenu responsable des cons\u00e9quences pr\u00e9judiciables au client r\u00e9sultant des utilisations illicites, frauduleuses ou abusives de ses identifiant et mot de passe et de la commande de produits par un tiers non express\u00e9ment autoris\u00e9 par le client.<br>Le client s\u2019engage \u00e0 informer sans d\u00e9lai santepara.ma de toute commande non autoris\u00e9e des produits par un tiers au moyen de ses identifiant et mot de passe, ainsi que de toute perte ou oubli de ces derniers.<\/p>\n\n\n\n<p><strong>ARTICLE 3 \u2013PRIX DES PRODUITS ET SERVICES<\/strong><\/p>\n\n\n\n<p>Les offres de produits et de services sont valables tant qu\u2019elles sont visibles sur le site.<br>Les prix des produits et services indiqu\u00e9s sur les fiches produits du Site sont hors frais de livraison et autres \u00e9ventuels services particuliers compl\u00e9mentaires auxquels vous auriez \u00e9ventuellement souscrits<br>Le montant des frais de livraison applicables pour les produits command\u00e9s sur le site sont accessibles en bas de chaque page.<\/p>\n\n\n\n<p><strong>ARTICLE 4 \u2013 COMMANDES<\/strong><\/p>\n\n\n\n<p>Dans l\u2019hypoth\u00e8se o\u00f9, post\u00e9rieurement \u00e0 votre commande, un produit ou un service deviendrait totalement ou partiellement indisponible, santepara.ma vous informera par email de cette indisponibilit\u00e9 et vous donnera la possibilit\u00e9 :<\/p>\n\n\n\n<ul>\n<li>Soit, si vous l\u2019acceptez, d\u2019\u00eatre livr\u00e9 d\u2019un produit ou d\u2019un service d\u2019une qualit\u00e9 et d\u2019un prix \u00e9quivalent \u00e0 celui command\u00e9<\/li>\n\n\n\n<li>Soit d\u2019\u00eatre rembours\u00e9 du prix du produit ou du service command\u00e9<\/li>\n<\/ul>\n\n\n\n<p><strong>4.1. Modalit\u00e9s de passation des commandes<\/strong><br>Les commandes aupr\u00e8s de la soci\u00e9t\u00e9 Nobel Pharma peuvent \u00eatre pass\u00e9es \u00e0 partir de son site internet www.santepara.ma<br>, T\u00e9l\u00e9phone, WhatsApp et Facebook.<br>Les commandes par internet s\u2019effectuent au moyen du Bon de commande d\u00e9mat\u00e9rialis\u00e9 sur le site www.santepara.ma.<br>Le processus de commandes par internet comporte les \u00e9tapes suivantes :<\/p>\n\n\n\n<ul>\n<li>La s\u00e9lection du produit ;<\/li>\n\n\n\n<li>L\u2019identification du Client et ses coordonn\u00e9es ;<\/li>\n\n\n\n<li>La v\u00e9rification de la commande et de son prix total ainsi que la correction d\u2019\u00e9ventuelles erreurs ;<\/li>\n\n\n\n<li>La validation de la commande ;<\/li>\n\n\n\n<li>Le choix du mode de livraison<\/li>\n\n\n\n<li>La consultation et l\u2019acceptation des conditions g\u00e9n\u00e9rales de vente ;<\/li>\n\n\n\n<li>Le paiement de la commande.<\/li>\n<\/ul>\n\n\n\n<p><strong>4.2 Enregistrement des commandes<\/strong><br>Suite \u00e0 la passation de votre commande, santepara.ma vous en accusera r\u00e9ception en vous adressant un E-mail de Confirmation de Commande comprenant le r\u00e9capitulatif de votre commande et son num\u00e9ro.<br>santepara.ma se r\u00e9serve le droit de ne pas valider votre commande pour tout motif l\u00e9gitime, notamment dans l\u2019hypoth\u00e8se o\u00f9 :<\/p>\n\n\n\n<ul>\n<li>Elle ne serait pas conforme aux pr\u00e9sentes CGV<\/li>\n\n\n\n<li>L\u2019une de vos pr\u00e9c\u00e9dentes commandes n\u2019aurait pas \u00e9t\u00e9 int\u00e9gralement pay\u00e9e \u00e0 \u00e9ch\u00e9ance,<\/li>\n\n\n\n<li>Un litige relatif au paiement d\u2019une de vos pr\u00e9c\u00e9dentes commandes serait en cours de traitement,<\/li>\n\n\n\n<li>Plusieurs \u00e9l\u00e9ments graves et concordants feraient peser un soup\u00e7on de fraude sur votre commande.<\/li>\n<\/ul>\n\n\n\n<p>L\u2019email de confirmation de commande sera envoy\u00e9 \u00e0 l\u2019adresse email que vous utilisez pour vous identifier sur le Site.<br>A noter : Si vous ne recevez pas l\u2019email mentionn\u00e9 ci-dessus, nous vous recommandons de prendre contact avec notre Service Clients.<\/p>\n\n\n\n<p><strong>ARTICLE 5 \u2013 MODALITES DE PAIEMENT<\/strong><\/p>\n\n\n\n<p>Le r\u00e8glement des achats sur le site s\u2019effectue par carte bancaire. La commande peut \u00eatre r\u00e9gl\u00e9e par toute sorte de carte autoris\u00e9e par le CMI (centre mon\u00e9tique interbancaire) \u00e0 savoir Visa, CMI et Master Card. Le compte bancaire de l\u2019acheteur sera d\u00e9bit\u00e9 \u00e0 l\u2019issue d\u2019un d\u00e9lai de 24 \u00e0 48 heures maximum suivant la date de la commande, et celle-ci sera consid\u00e9r\u00e9e comme effective d\u00e8s confirmation de l\u2019accord des centres de paiement bancaire.<br>Si la banque refuse le paiement, la commande est annul\u00e9e de plein droit. La soci\u00e9t\u00e9 Nobel Pharma en informera alors l\u2019acheteur par e-mail.<br>La soci\u00e9t\u00e9 Nobel Pharma se r\u00e9serve le droit d\u2019interrompre ou d\u2019annuler une transaction pour tout motif l\u00e9gitime, notamment en cas de suspicion de fraude ou en cas d\u2019impay\u00e9 non r\u00e9gularis\u00e9.<br>Si le client choisit de payer \u00e0 la livraison, seul le r\u00e8glement en esp\u00e8ces est accept\u00e9.<\/p>\n\n\n\n<p><strong>ARTICLE 6 \u2013 S\u00c9CURISATION DES PAIEMENTS<\/strong><\/p>\n\n\n\n<p>Afin de garantir une s\u00e9curit\u00e9 optimale \u00e0 ses&nbsp;membres,&nbsp;santepara.ma&nbsp;fait appel au Centre&nbsp;mon\u00e9tique&nbsp;interbancaire, sp\u00e9cialiste du paiement s\u00e9curis\u00e9 en ligne.<br>Les coordonn\u00e9es bancaires de l\u2019acheteur sont crypt\u00e9es&nbsp;sur son ordinateur puis transmis&nbsp;de fa\u00e7on s\u00e9curis\u00e9e \u00e0 des serveurs d\u2019autorisation o\u00f9 sont alors v\u00e9rifi\u00e9es les donn\u00e9es aupr\u00e8s de la banque de l\u2019acheteur, ceci afin d\u2019\u00e9viter les abus et les fraudes.&nbsp;santepara.ma&nbsp;n\u2019a jamais acc\u00e8s aux informations confidentielles relatives&nbsp;au moyen du&nbsp;paiement.<br>Lors des transferts via Internet, ces informations \u00e9tant crypt\u00e9es, il est donc impossible de les lire : rien ne transite en clair sur le web ! Une fois le paiement valid\u00e9, les donn\u00e9es bancaires sont&nbsp;d\u00e9truites. C\u2019est pourquoi les coordonn\u00e9es bancaires de l\u2019acheteur lui sont demand\u00e9es \u00e0 chaque commande.<\/p>\n\n\n\n<p><strong>Article 6 \u2013 EXPEDITION ET LIVRAISON<\/strong><\/p>\n\n\n\n<p><strong>6.1 Exp\u00e9dition et Transporteurs<\/strong><\/p>\n\n\n\n<p>santepara.ma vous propose diff\u00e9rents services de livraison, directement \u00e0 votre domicile ou votre lieu de travail.<br>Apr\u00e8s confirmation de la Commande par santepara.ma, nous nous engageons \u00e0 pr\u00e9parer et livrer ou exp\u00e9dier au Client, sous sa responsabilit\u00e9, les produits command\u00e9s \u00e0 l\u2019adresse de livraison dans les d\u00e9lais indiqu\u00e9s sur notre site. Les tarifs de livraison sont disponibles en cliquant sur la rubrique \u00ab&nbsp;Livraison&nbsp;\u00bb. Les d\u00e9lais de livraison ne sont donn\u00e9s qu\u2019\u00e0 titre indicatif et ne sauraient constituer une obligation de r\u00e9sultat pour la soci\u00e9t\u00e9 Nobel Pharma. Aucun d\u00e9passement du d\u00e9lai pr\u00e9cit\u00e9 qui serait inf\u00e9rieur \u00e0 7 jours ouvrables ne pourra donner lieu \u00e0 une annulation de commande. Les retards \u00e9ventuels de livraison imputables au transporteur ou \u00e0 la soci\u00e9t\u00e9 Nobel Pharma ne donnent pas le droit au client de r\u00e9clamer des dommages et int\u00e9r\u00eats.<\/p>\n\n\n\n<p>La livraison des produits command\u00e9s est prise en charge par la soci\u00e9t\u00e9 Nobel Pharma. Elle se fait, en fonction de l\u2019adresse du Client, soit \u00e0 l\u2019adresse indiqu\u00e9e par le client soit, par mise \u00e0 disposition de la commande \u00e0 un lieu d\u2019enl\u00e8vement d\u00e9sign\u00e9 lors de la confirmation de commande. Ces modalit\u00e9s sont pr\u00e9cis\u00e9es dans l\u2019e-mail d\u2019avis d\u2019exp\u00e9dition de la commande. Toute impossibilit\u00e9 de livraison due \u00e0 une absence du client au moment convenu pour la livraison ou non retrait des marchandises dans le d\u00e9lai imparti pourra donner lieu au paiement par le client de frais suppl\u00e9mentaires, correspondant \u00e0 une nouvelle livraison du produit initialement command\u00e9 et qui n\u2019aurait pu \u00eatre remis du fait du client.<\/p>\n\n\n\n<p>Lors de la r\u00e9ception des marchandises, le client doit imp\u00e9rativement, avant la signature du bordereau de livraison, v\u00e9rifier la conformit\u00e9 de la livraison avec sa commande (produits et quantit\u00e9s command\u00e9s) et que les produits n\u2019ont subi aucun dommage pendant le transport. Pour le cas o\u00f9 un produit aurait subi un quelconque dommage remettant en cause ses caract\u00e9ristiques essentielles, le Client doit en refuser la r\u00e9ception et en informer la soci\u00e9t\u00e9 dans un d\u00e9lai de 24 heures suivant ladite r\u00e9ception. A d\u00e9faut, les produits livr\u00e9s seront cens\u00e9s avoir \u00e9t\u00e9 r\u00e9ceptionn\u00e9s en bon \u00e9tat.<br>En cas de perte de colis lors du transport, les d\u00e9lais d\u2019enqu\u00eate varient de 1 \u00e0 3 semaines, en fonction du transporteur. La soci\u00e9t\u00e9 Nobel Pharma informera le client dans les plus brefs d\u00e9lais des r\u00e9sultats de cette recherche.<\/p>\n\n\n\n<p>Il est pr\u00e9cis\u00e9 que La soci\u00e9t\u00e9 Nobel Pharma ne sera jamais tenue, quelles que soient les circonstances, d\u2019accepter un retour de marchandise. Toute commande qui resterait en souffrance chez le transporteur \u00e0 d\u00e9faut d\u2019en accuser r\u00e9ception pour quelques motifs que ce soit entra\u00eene la responsabilit\u00e9 du client et de ce fait tous les frais g\u00e9n\u00e9r\u00e9s par cette souffrance y compris le transport sont \u00e0 la charge du client. Pour des raisons de disponibilit\u00e9 des produits command\u00e9s, une commande pourra faire l\u2019objet de plusieurs livraisons successives au client.<br>Dans l\u2019hypoth\u00e8se o\u00f9 le client souhaiterait que les produits command\u00e9s soient livr\u00e9s \u00e0 deux adresses distinctes, il conviendra que ce dernier passe 2 commandes distinctes.<\/p>\n\n\n\n<p><strong>6.2 Livraison<\/strong><\/p>\n\n\n\n<p><strong>6.2.1 Date de livraison<\/strong><\/p>\n\n\n\n<p><strong>6.2.1.1 Sur Casablanca<\/strong><\/p>\n\n\n\n<p>santepara.ma vous offre la possibilit\u00e9 d\u2019\u00eatre livr\u00e9s sous 24h sur la ville de Casablanca sous r\u00e9serve de disponibilit\u00e9 de produits.<\/p>\n\n\n\n<p><strong>6.2.1.2 Autres villes<\/strong><\/p>\n\n\n\n<p>La livraison dans les autres villes du Royaume est assur\u00e9e par le service externe d\u2019exp\u00e9dition.<br>Pr\u00e9voir un d\u00e9lai de 48 \u00e0 72 heures (jours ouvrables) pour l\u2019acheminement de votre colis apr\u00e8s confirmation d\u2019exp\u00e9dition de notre part.<\/p>\n\n\n\n<p><strong>6.2.2 Retard livraison<br><\/strong><br>En cas de retard dans la livraison des produits command\u00e9s, santepara.ma s\u2019attachera \u00e0 vous en informer.<br>Vous pouvez \u00e9galement nous signaler vous-m\u00eame le retard de livraison en contactant directement notre service client.<br>santepara.ma s\u2019engage \u00e0 faire le n\u00e9cessaire pour d\u00e9terminer la cause du retard et trouver une solution ad\u00e9quate en vue de la livraison effective des produits command\u00e9s dans les meilleurs d\u00e9lais.<br>En tout \u00e9tat de cause, dans l\u2019hypoth\u00e8se o\u00f9, post\u00e9rieurement \u00e0 votre commande, un produit ou un service deviendrait totalement ou partiellement indisponible, santepara.ma vous informera par email de cette indisponibilit\u00e9 et vous donnera la possibilit\u00e9 :<\/p>\n\n\n\n<ul>\n<li>Soit d\u2019\u00eatre livr\u00e9 d\u2019un bien ou d\u2019un service d\u2019une qualit\u00e9 et d\u2019un prix \u00e9quivalant \u00e0 celui command\u00e9 ;<\/li>\n\n\n\n<li>Soit d\u2019\u00eatre rembours\u00e9 du prix du bien ou du service command\u00e9.<\/li>\n<\/ul>\n\n\n\n<p><strong>ARTICLE 7\u2013 DROIT DE RETRACTATION<\/strong><\/p>\n\n\n\n<p>Les produits cosm\u00e9tiques vendus sur&nbsp;santepara.ma&nbsp;ne peuvent faire l\u2019objet d\u2019aucun retour pour des raisons d\u2019hygi\u00e8ne, de protection de la sant\u00e9 publique et de tra\u00e7abilit\u00e9.<br>Aucun \u00e9change ou remboursement ne pourra \u00eatre effectu\u00e9&nbsp;quelle que&nbsp;soit la raison.<br>Les dispositions de cette mesure ne feront pas obstacle \u00e0 la garantie l\u00e9gale pour vices cach\u00e9s, ainsi qu\u2019\u00e0 la garantie l\u00e9gale de conformit\u00e9.<br>En pr\u00e9sence d\u2019un vice cach\u00e9, le client peut effectuer l\u2019\u00e9change, \u00e0 condition de rendre le produit dans les 48 heures suivant l\u2019achat.<br>Les colis doivent \u00eatre retourn\u00e9s \u00e0 l\u2019adresse suivante :<br>Sante Para, 306 boulevard Elfida, Casablanca.<\/p>\n\n\n\n<p><strong>ARTICLE 8 \u2013 GARANTIES<\/strong><\/p>\n\n\n\n<p>En sa qualit\u00e9 de vendeur, le site santepara.ma se doit de r\u00e9pondre \u00e0 tout d\u00e9faut li\u00e9 \u00e0 la conformit\u00e9 des produits vendus sur le site. Dans ce cadre, l\u2019attention de l\u2019acheteur est port\u00e9e sur les dispositions suivantes :<\/p>\n\n\n\n<ul>\n<li>Le vendeur est tenu de livrer un bien conforme au contrat et r\u00e9pond des d\u00e9fauts de conformit\u00e9 existant lors de la d\u00e9livrance.<\/li>\n\n\n\n<li>Il r\u00e9pond \u00e9galement des d\u00e9fauts de conformit\u00e9 r\u00e9sultant de l\u2019emballage, des instructions de montage ou de l\u2019installation lorsque celle-ci a \u00e9t\u00e9 mise \u00e0 sa charge par le contrat ou a \u00e9t\u00e9 r\u00e9alis\u00e9e sous sa responsabilit\u00e9.<\/li>\n<\/ul>\n\n\n\n<p>Pour \u00eatre conforme au contrat, le bien doit :<\/p>\n\n\n\n<ul>\n<li>1) \u00catre propre \u00e0 l\u2019usage habituellement attendu d\u2019un bien semblable et, le cas \u00e9ch\u00e9ant :<\/li>\n\n\n\n<li>\u2013 Correspondre \u00e0 la description donn\u00e9e par le vendeur et poss\u00e9der les qualit\u00e9s que celui-ci a pr\u00e9sent\u00e9es \u00e0 l\u2019acheteur sous forme d\u2019\u00e9chantillon ou de mod\u00e8le ;<br>\u2013 Pr\u00e9senter les qualit\u00e9s qu\u2019un acheteur peut l\u00e9gitimement attendre eu \u00e9gard aux d\u00e9clarations publiques faites par le vendeur, par le producteur ou par son repr\u00e9sentant, notamment dans la publicit\u00e9 ou l\u2019\u00e9tiquetage.<\/li>\n\n\n\n<li>2) Ou pr\u00e9senter les caract\u00e9ristiques d\u00e9finies d\u2019un commun accord par les parties ou \u00eatre propre \u00e0 tout usage sp\u00e9cial recherch\u00e9 par l\u2019acheteur, port\u00e9 \u00e0 la connaissance du vendeur et que ce dernier a accept\u00e9.<\/li>\n<\/ul>\n\n\n\n<p>Le vendeur est tenu de la garantie \u00e0 raison des d\u00e9fauts cach\u00e9s de la chose vendue qui la rendent impropre \u00e0 l\u2019usage auquel on la destine, ou qui diminuent tellement cet usage que l\u2019acheteur ne l\u2019aurait pas acquise, ou n\u2019en aurait donn\u00e9 qu\u2019un moindre prix, s\u2019il les avait connus.<br>Certains produits en vente sur le site santepara.ma peuvent b\u00e9n\u00e9ficier d\u2019une garantie contractuelle accord\u00e9e par la marque ou le site santepara.ma. Cette possibilit\u00e9 fait l\u2019objet d\u2019une mention expresse dans la fiche produit des produits concern\u00e9s.<\/p>\n\n\n\n<p><strong>ARTICLE 9 \u2013 INFORMATIQUE ET LIBERT\u00c9S<\/strong><\/p>\n\n\n\n<p>Nous stockons et traitons vos informations sur des serveurs prot\u00e9g\u00e9s par des dispositifs technologiques et humains de s\u00e9curit\u00e9. Nous demandons \u00e0 des tiers de v\u00e9rifier et certifier nos principes de confidentialit\u00e9.<\/p>\n\n\n\n<p>Nous pouvons transmettre vos coordonn\u00e9es \u00e0 un tiers afin d\u2019effectuer la livraison de la commande. Nous pouvons \u00e9galement utiliser vos donn\u00e9es afin de d\u00e9tecter d\u2019\u00e9ventuels abus ou de fraude, vous envoyer des informations sur le site Web ou nos produits.<br>Nous pouvons utiliser vos renseignements personnels pour avis et \u00e9tudes de march\u00e9. Vos donn\u00e9es sont anonymes et ne seront utilis\u00e9es qu\u2019\u00e0 des fins statistiques.<\/p>\n\n\n\n<p>Nous ne partagerons aucune de vos informations personnelles avec des tiers sans votre consentement explicite. De la m\u00eame mani\u00e8re, nous ne vendons ni ne louons vos informations personnelles \u00e0 des tiers pour des fins de marketing sans votre consentement explicite.<br>Si vous pr\u00e9f\u00e9rez ne recevoir aucune des informations suppl\u00e9mentaires d\u00e9taill\u00e9es dans le pr\u00e9sent paragraphe (ou toute partie de celui-ci) cliquez s\u2019il vous pla\u00eet sur le lien \u00ab&nbsp;d\u00e9sinscription&nbsp;\u00bb dans n\u2019importe quel Email que nous vous enverrons ou nous \u00e9crire \u00e0 :<br>Sante Para, 306 boulevard Elfida, Casablanca.<\/p>\n\n\n\n<p><strong>S\u00e9curit\u00e9 :<\/strong><\/p>\n\n\n\n<p>Nous avons mis en place des mesures techniques appropri\u00e9es de s\u00e9curit\u00e9 pour emp\u00eacher l\u2019acc\u00e8s non autoris\u00e9 ou ill\u00e9gal \u00e0 vos informations. Lorsque nous recueillons des donn\u00e9es \u00e0 travers le site Web, nous recueillons vos donn\u00e9es personnelles sur un serveur s\u00e9curis\u00e9. Nous utilisons des normes de pare-feu sur nos serveurs. Lorsque nous recueillons des informations de cartes de paiement \u00e9lectronique, nous utilisons le cryptage en utilisant la&nbsp;technologie&nbsp;Secure&nbsp;Socket&nbsp;Layer (SSL) de codage. Il est fortement recommand\u00e9 de ne pas envoyer tous les d\u00e9tails de&nbsp;cartes&nbsp;de cr\u00e9dit ou de d\u00e9bit&nbsp;dans les communications \u00e9lectroniques non crypt\u00e9es&nbsp;avec nous. Mais vous \u00eates responsable de la protection contre l\u2019acc\u00e8s non autoris\u00e9 \u00e0 votre mot de passe et \u00e0 votre ordinateur.<\/p>\n\n\n\n<p><strong>Cookies<\/strong><\/p>\n\n\n\n<p>L\u2019acceptation des cookies n\u2019est pas n\u00e9cessaire pour visiter le site Web. Cependant, nous voudrions souligner que pour assurer la bonne utilisation du site Web les cookies sont n\u00e9cessaires. Les cookies sont des fichiers texte qui servent \u00e0 identifier votre ordinateur lorsque vous visitez certaines pages sur le site Web et ils sont stock\u00e9s par votre navigateur Internet sur le disque dur de votre ordinateur. Les cookies peuvent \u00eatre utilis\u00e9s pour reconna\u00eetre votre adresse de protocole Internet, vous permet d\u2019\u00e9conomiser du temps lorsque vous revenez sur le site Web. Votre navigateur peut \u00eatre configur\u00e9 pour ne pas accepter les cookies, mais cela peut restreindre votre utilisation de santetepara.ma. Si vous voulez en savoir plus d\u2019informations sur les cookies, rendez-vous \u00e0 http:\/\/www.allaboutcookies.org.<br>Notre site Web utilise les services de Google Analytics \u00e0 travers lequel des donn\u00e9es sont collect\u00e9es et stock\u00e9es \u00e0 des fins de marketing et d\u2019optimisation des donn\u00e9es.<\/p>\n\n\n\n<p><strong>Acc\u00e8s aux donn\u00e9es utilisateur :<br><\/strong><br>Vous pouvez acc\u00e9der \u00e0 vos principales donn\u00e9es en vous connectant \u00e0 votre compte sur le site Web. Vous pouvez voir les d\u00e9tails de vos commandes et toutes les Newsletter \u00e0 laquelle vous pouvez avoir souscrit.<\/p>\n\n\n\n<p><strong>Mentions&nbsp;l\u00e9gales :<br><\/strong><br>Les informations recueillies sur le site www.santepara.ma font l\u2019objet d\u2019un traitement destin\u00e9 notamment \u00e0 la commande d\u2019un produit, le paiement et la livraison. Les destinataires des donn\u00e9es se limitent exclusivement aux personnes habilit\u00e9es \u00e0 conna\u00eetre vos donn\u00e9es en raison de leurs fonctions. Conform\u00e9ment \u00e0 la loi&nbsp;n\u00b0&nbsp;09-08 promulgu\u00e9e par le&nbsp;dahir&nbsp;1.09.15&nbsp;du 18 f\u00e9vrier 2009, relative \u00e0 la protection des personnes physiques \u00e0 l\u2019\u00e9gard du traitement des donn\u00e9es \u00e0 caract\u00e8re personnel, vous b\u00e9n\u00e9ficiez d\u2019un droit d\u2019acc\u00e8s et de rectification aux informations qui vous concernent, que vous pouvez exercer en vous adressant \u00e0 notre service client info@santepara.ma (7j\/7 et 24h\/24).<br>Modification :<br>cette&nbsp;politique de confidentialit\u00e9 peut changer \u00e0 tout moment par exemple en incluant ou excluant des clauses.<\/p>\n\n\n\n<p><strong>ARTICLE 10 \u2013 COORDONN\u00c9ES DE LA SOCI\u00c9T\u00c9 \u2013 MENTIONS LEGALES<\/strong><\/p>\n\n\n\n<p><strong>10.1 Pour Contacter le Service Clients de www.santepara.ma&nbsp;<\/strong><\/p>\n\n\n\n<p>Pour le suivi de votre commande et le service apr\u00e8s-vente, vous pouvez nous contacter :<\/p>\n\n\n\n<p>En Ligne, \u00e0 l\u2019adresse email suivante : info@santepara.ma<\/p>\n\n\n\n<p>Afin d\u2019optimiser le traitement de votre appel, pensez \u00e0 pr\u00e9parer l\u2019email avec lequel vous avez pass\u00e9 votre commande et le num\u00e9ro de la commande concern\u00e9e.<\/p>\n\n\n\n<p>Par courrier : (Merci de ne faire aucun retour de colis \u00e0 cette adresse avant autorisation confirm\u00e9e du service clients)<\/p>\n\n\n\n<p>santepara.ma \u2013 Service Clients \u2013 Sante Para, 306 boulevard Elfida, Casablanca.<\/p>\n\n\n\n<p>Attention : Afin d\u2019optimiser le traitement de vos demandes, pensez \u00e0 indiquer dans votre courrier votre nom, pr\u00e9nom, email avec lequel vous avez pass\u00e9 votre commande et le num\u00e9ro de la commande concern\u00e9e.<\/p>\n\n\n\n<p><strong>10.2 Autres mentions L\u00e9gales<\/strong> :<\/p>\n\n\n\n<p>Para Elfida, au capital de 100.000 DH,<\/p>\n\n\n\n<p>Le si\u00e8ge de Santepara.ma est situ\u00e9 \u00e0 Sante Para, 306 boulevard Elfida, Casablanca.<br><br><strong>ICE<\/strong> :000037791000083\u00a0 \u00a0<br><strong>IF<\/strong> :2223062<br><strong>RC<\/strong> :115913<br><strong>TP<\/strong> :36214780<\/p>\n","protected":false},"excerpt":{"rendered":"<p>ARTICLE 1 \u2013 CHAMP D\u2019APPLICATION Les pr\u00e9sentes conditions g\u00e9n\u00e9rales de vente (ci-apr\u00e8s \u00ab CGV \u00bb) s\u2019appliquent \u00e0 toutes commandes \u00e9lectroniques<\/p>\n","protected":false},"author":1,"featured_media":0,"parent":0,"menu_order":0,"comment_status":"closed","ping_status":"closed","template":"","meta":{"footnotes":"","_joinchat":[]},"_links":{"self":[{"href":"https:\/\/santepara.ma\/index.php?rest_route=\/wp\/v2\/pages\/9466"}],"collection":[{"href":"https:\/\/santepara.ma\/index.php?rest_route=\/wp\/v2\/pages"}],"about":[{"href":"https:\/\/santepara.ma\/index.php?rest_route=\/wp\/v2\/types\/page"}],"author":[{"embeddable":true,"href":"https:\/\/santepara.ma\/index.php?rest_route=\/wp\/v2\/users\/1"}],"replies":[{"embeddable":true,"href":"https:\/\/santepara.ma\/index.php?rest_route=%2Fwp%2Fv2%2Fcomments&post=9466"}],"version-history":[{"count":2,"href":"https:\/\/santepara.ma\/index.php?rest_route=\/wp\/v2\/pages\/9466\/revisions"}],"predecessor-version":[{"id":103344,"href":"https:\/\/santepara.ma\/index.php?rest_route=\/wp\/v2\/pages\/9466\/revisions\/103344"}],"wp:attachment":[{"href":"https:\/\/santepara.ma\/index.php?rest_route=%2Fwp%2Fv2%2Fmedia&parent=9466"}],"curies":[{"name":"wp","href":"https:\/\/api.w.org\/{rel}","templated":true}]}}