{"id":80993,"date":"2023-08-08T23:35:57","date_gmt":"2023-08-08T22:35:57","guid":{"rendered":"https:\/\/santepara.ma\/?product=vichy-dermo-tolerance-deodorant-anti-transpirant-48h-anti-traces-jaunes-et-blanches-aerosol-125ml"},"modified":"2024-02-22T16:19:25","modified_gmt":"2024-02-22T15:19:25","slug":"vichy-dermo-tolerance-deodorant-anti-transpirant-48h-anti-traces-jaunes-et-blanches-aerosol-125ml","status":"publish","type":"product","link":"https:\/\/santepara.ma\/?product=vichy-dermo-tolerance-deodorant-anti-transpirant-48h-anti-traces-jaunes-et-blanches-aerosol-125ml","title":{"rendered":"Vichy Dermo-Tol\u00e9rance D\u00e9odorant Anti-Transpirant 48H Anti-Traces Jaunes et Blanches A\u00e9rosol | 125ml"},"content":{"rendered":"<p><strong>Caract\u00e9ristiques : <\/strong><\/p>\n<p>Le d\u00e9odorant Vichy est agr\u00e9able \u00e0 utiliser. Il ne laisse ainsi ni traces blanches, ni traces jaunes, ni d\u00e9p\u00f4ts de r\u00e9sidus sur les textiles clairs et fonc\u00e9s. Sa texture \u00e0 la fois fra\u00eeche et l\u00e9g\u00e8re s\u00e8che rapidement et laisse un parfum agr\u00e9able sur votre peau. \u00c0 chaque application, ce soin pour le corps contribue \u00e0 :<\/p>\n<p>&#8211; r\u00e9guler la transpiration.<\/p>\n<p>&#8211; limiter les mauvaises odeurs li\u00e9es \u00e0 la prolif\u00e9ration des bact\u00e9ries.<\/p>\n<p>&#8211; laisser respirer la peau.<\/p>\n<p>&#8211; apaiser et hydrater la peau.<\/p>\n<p><strong>S\u00e9curit\u00e9 : <\/strong><\/p>\n<p>&#8211; Hypoallerg\u00e9nique.<\/p>\n<p>&#8211; Sans Parab\u00e8ne.<\/p>\n<p>&#8211; Sans Alcool.<\/p>\n<p>&#8211; Test\u00e9 sous contr\u00f4le dermatologique.<\/p>\n<p><strong>Ingr\u00e9dients &amp; Principes Actifs Cl\u00e9s : <\/strong><\/p>\n<p>&#8211; Dim\u00e9thicone : agent \u00e9mollient et protecteur. Il contribue \u00e0 adoucir la peau et \u00e0 renforcer ses d\u00e9fenses naturelles face aux agressions ext\u00e9rieures.<\/p>\n<p>&#8211; Eau Thermale de Vichy : eau \u00e0 forte teneur en min\u00e9raux et en silice. Elle apaise les peaux irrit\u00e9es et aide \u00e0 maintenir un niveau d\u2019hydratation optimal.<\/p>\n<p>&#8211; Sels d\u2019Aluminium : aident \u00e0 r\u00e9duire la transpiration et \u00e0 limiter les mauvaises odeurs li\u00e9es \u00e0 la pr\u00e9sence et au d\u00e9veloppement des bact\u00e9ries.<\/p>\n<p><strong>Conseils d&rsquo;Utilisation : <\/strong><\/p>\n<p>Afin d\u2019optimiser son efficacit\u00e9, utilisez le d\u00e9odorant Vichy apr\u00e8s avoir nettoy\u00e9 et s\u00e9ch\u00e9 votre peau.<\/p>\n<p>Pulv\u00e9risez le soin de mani\u00e8re uniforme sur l\u2019ensemble de vos aisselles. Il est conseill\u00e9 de se positionner \u00e0 environ 15 cm de distance avec la peau avant d\u2019activer l\u2019a\u00e9rosol.<\/p>\n<p><strong>Composition : <\/strong><\/p>\n<p>Les listes d\u2019ingr\u00e9dients entrant dans la composition des produits de notre marque sont r\u00e9guli\u00e8rement mises \u00e0 jour. Avant d\u2019utiliser un produit de notre marque, vous \u00eates invit\u00e9s \u00e0 lire la liste d\u2019ingr\u00e9dients figurant sur son emballage afin de vous assurer que les ingr\u00e9dients sont adapt\u00e9s \u00e0 votre utilisation personnelle.<\/p>\n<p>ISOBUTANE &#8211; AQUA \/ WATER &#8211; DIMETHICONE &#8211; ALUMINUM CHLOROHYDRATE &#8211; PHENOXYETHANOL &#8211; LAURYL PEG-9 POLYDIMETHYLSILOXYETHYL DIMETHICONE &#8211; TETRASODIUM GLUTAMATE DIACETATE &#8211; DIMETHICONOL &#8211; PARFUM \/ FRAGRANCE.<\/p>\n","protected":false},"excerpt":{"rendered":"<p>DERMO-TOLERANCE D\u00e9odorant 48H Anti-Traces A\u00e9rosol limite la transpiration et les mauvaises odeurs.<\/p>\n<p><strong>\u2022 Besoin : <\/strong> Transpiration importante | Peaux sensibles.<\/p>\n<p><strong>\u2022 Ingr\u00e9dients Cl\u00e9s : <\/strong> Dim\u00e9thicone pour adoucir et prot\u00e9ger | Sels d&rsquo;Aluminium pour r\u00e9duire la transpiration | Eau Thermale de Vichy pour apaiser et hydrater.<\/p>\n<p>\u2022 <strong>S\u00e9curit\u00e9 : <\/strong> Hypoallerg\u00e9nique | Sans Parab\u00e8ne | Sans Alcool.<\/p>\n<p><strong>\u2022 Utilisation : <\/strong> Vaporisez quotidiennement sur des aisselles propres et s\u00e8ches.<\/p>\n","protected":false},"featured_media":9908,"comment_status":"open","ping_status":"closed","template":"","meta":{"_joinchat":[]},"pwb-brand":[118],"product_cat":[129,73,130,131],"product_tag":[],"brands":[{"id":118,"name":"VICHY","slug":"vichy"}],"_links":{"self":[{"href":"https:\/\/santepara.ma\/index.php?rest_route=\/wp\/v2\/product\/80993"}],"collection":[{"href":"https:\/\/santepara.ma\/index.php?rest_route=\/wp\/v2\/product"}],"about":[{"href":"https:\/\/santepara.ma\/index.php?rest_route=\/wp\/v2\/types\/product"}],"replies":[{"embeddable":true,"href":"https:\/\/santepara.ma\/index.php?rest_route=%2Fwp%2Fv2%2Fcomments&post=80993"}],"wp:featuredmedia":[{"embeddable":true,"href":"https:\/\/santepara.ma\/index.php?rest_route=\/wp\/v2\/media\/9908"}],"wp:attachment":[{"href":"https:\/\/santepara.ma\/index.php?rest_route=%2Fwp%2Fv2%2Fmedia&parent=80993"}],"wp:term":[{"taxonomy":"pwb-brand","embeddable":true,"href":"https:\/\/santepara.ma\/index.php?rest_route=%2Fwp%2Fv2%2Fpwb-brand&post=80993"},{"taxonomy":"product_cat","embeddable":true,"href":"https:\/\/santepara.ma\/index.php?rest_route=%2Fwp%2Fv2%2Fproduct_cat&post=80993"},{"taxonomy":"product_tag","embeddable":true,"href":"https:\/\/santepara.ma\/index.php?rest_route=%2Fwp%2Fv2%2Fproduct_tag&post=80993"}],"curies":[{"name":"wp","href":"https:\/\/api.w.org\/{rel}","templated":true}]}}