{"id":80999,"date":"2023-08-08T23:35:58","date_gmt":"2023-08-08T22:35:58","guid":{"rendered":"https:\/\/santepara.ma\/?product=vichy-dercos-shampoing-anti-pelliculaire-purifiant-k-250ml"},"modified":"2024-02-22T16:19:29","modified_gmt":"2024-02-22T15:19:29","slug":"vichy-dercos-shampoing-anti-pelliculaire-purifiant-k-250ml","status":"publish","type":"product","link":"https:\/\/santepara.ma\/?product=vichy-dercos-shampoing-anti-pelliculaire-purifiant-k-250ml","title":{"rendered":"Vichy Dercos Shampoing Anti-Pelliculaire Purifiant K | 250ml"},"content":{"rendered":"<p><strong>Caract\u00e9ristiques : <\/strong><\/p>\n<p>Gr\u00e2ce \u00e0 sa formule exfoliante douce, DERCOS Anti-Pelliculaire K \u00e9limine les pellicules, l&rsquo;exc\u00e8s de s\u00e9bum et les impuret\u00e9s, m\u00eame les plus adh\u00e9rentes.<\/p>\n<p><strong>S\u00e9curit\u00e9 : <\/strong><\/p>\n<p>&#8211; Hypoallerg\u00e9nique.<\/p>\n<p>&#8211; pH Physiologique.<\/p>\n<p>&#8211; Test\u00e9 sur cuir chevelu sensible sous contr\u00f4le dermatologique.<\/p>\n<p><strong>Ingr\u00e9dients &amp; Principes Actifs Cl\u00e9s : <\/strong><\/p>\n<p>&#8211; Acide Salicylique (1,3%) : poss\u00e8de des vertus purifiantes et exfoliantes. Il nettoie en profondeur le cuir chevelu et les cheveux. Gr\u00e2ce aux agents k\u00e9ratolytiques qu\u2019il renferme, il \u00e9limine efficacement les pellicules des cheveux.<\/p>\n<p>&#8211; Piroctone Olamine (1%) : compos\u00e9 aux vertus antibact\u00e9riennes.<\/p>\n<p>&#8211; Glyc\u00e9rine : excellent conditionneur capillaire, permet d\u2018\u00e9viter le dess\u00e8chement du cuir chevelu et assouplit les cheveux.<\/p>\n<p><strong>Conseils d&rsquo;Utilisation : <\/strong><\/p>\n<p>&#8211; Appliquez sur les racines et les longueurs de vos cheveux.<\/p>\n<p>&#8211; Proc\u00e9dez ensuite \u00e0 un massage l\u00e9ger par des gestes circulaires doux sur l&rsquo;ensemble du cuir chevelu pendant quelques minutes, afin de stimuler la circulation sanguine.<\/p>\n<p>&#8211; Rincez abondamment.<\/p>\n<p><strong>Efficacit\u00e9 : <\/strong><\/p>\n<p>R\u00e9sultats visibles : Diminution des pellicules per\u00e7ue par 100% des sujets.*<\/p>\n<p>R\u00e9sultats anti-pelliculaires significatifs d\u00e8s la premi\u00e8re semaine d&rsquo;utilisation**.<\/p>\n<p>* Auto-\u00e9valuations, 32 sujets, 4 semaines.<\/p>\n<p>** Scorage clinique, 32 sujets, 4 semaines.<\/p>\n<p><strong>Composition : <\/strong><\/p>\n<p>Les listes d\u2019ingr\u00e9dients entrant dans la composition des produits de notre marque sont r\u00e9guli\u00e8rement mises \u00e0 jour. Avant d\u2019utiliser un produit de notre marque, vous \u00eates invit\u00e9s \u00e0 lire la liste d\u2019ingr\u00e9dients figurant sur son emballage afin de vous assurer que les ingr\u00e9dients sont adapt\u00e9s \u00e0 votre utilisation personnelle.<\/p>\n<p>AQUA \/ WATER \/ EAU &#8211; SODIUM LAURETH SULFATE &#8211; COCAMIDE MEA &#8211; GLYCERIN &#8211; COCO-BETAINE &#8211; LAURETH-5 CARBOXYLIC ACID &#8211; ACRYLATES COPOLYMER &#8211; SALICYLIC ACID &#8211; COCAMIDE MIPA &#8211; PIROCTONE OLAMINE &#8211; CAPRYLOYL SALICYLIC ACID &#8211; CARAMEL &#8211; CI 42090 \/ BLUE 1 &#8211; CITRIC ACID &#8211; HEXYLENE GLYCOL &#8211; ISOPROPYL MYRISTATE &#8211; MENTHOL &#8211; NIACINAMIDE &#8211; PEG-55 PROPYLENE GLYCOL OLEATE &#8211; POLYQUATERNIUM-10 &#8211; PROPYLENE GLYCOL &#8211; PRUNUS ARMENIACA SEED POWDER \/ APRICOT SEED POWDER &#8211; SODIUM BENZOATE &#8211; SODIUM CHLORIDE &#8211; SODIUM HYDROXIDE &#8211; PARFUM \/ FRAGRANCE.<\/p>\n","protected":false},"excerpt":{"rendered":"<p>DERCOS TECHNIQUE Shampooing Anti-Pelliculaire K \u00e9limine les pellicules, l&rsquo;exc\u00e8s de s\u00e9bum et les impuret\u00e9s, m\u00eame les plus adh\u00e9rentes.<\/p>\n<p><strong>\u2022 Besoin : <\/strong> Pellicules Adh\u00e9rentes | Cheveux Gras.<\/p>\n<p><strong>\u2022 Ingr\u00e9dients Cl\u00e9s : <\/strong> Acide Salicylique pour \u00e9liminer les pellicules | Piroctone Olamine comme antibact\u00e9rien | Glyc\u00e9rine pour hydrater et assouplir.<\/p>\n<p>\u2022 <strong>S\u00e9curit\u00e9 : <\/strong> Hypoallerg\u00e9nique | pH Physiologique.<\/p>\n<p><strong>\u2022 Utilisation : <\/strong> Usage fr\u00e9quent. Appliquer, masser en douceur puis rincer.<\/p>\n","protected":false},"featured_media":9926,"comment_status":"open","ping_status":"closed","template":"","meta":{"_joinchat":[]},"pwb-brand":[118],"product_cat":[73,147,144,77],"product_tag":[],"brands":[{"id":118,"name":"VICHY","slug":"vichy"}],"_links":{"self":[{"href":"https:\/\/santepara.ma\/index.php?rest_route=\/wp\/v2\/product\/80999"}],"collection":[{"href":"https:\/\/santepara.ma\/index.php?rest_route=\/wp\/v2\/product"}],"about":[{"href":"https:\/\/santepara.ma\/index.php?rest_route=\/wp\/v2\/types\/product"}],"replies":[{"embeddable":true,"href":"https:\/\/santepara.ma\/index.php?rest_route=%2Fwp%2Fv2%2Fcomments&post=80999"}],"wp:featuredmedia":[{"embeddable":true,"href":"https:\/\/santepara.ma\/index.php?rest_route=\/wp\/v2\/media\/9926"}],"wp:attachment":[{"href":"https:\/\/santepara.ma\/index.php?rest_route=%2Fwp%2Fv2%2Fmedia&parent=80999"}],"wp:term":[{"taxonomy":"pwb-brand","embeddable":true,"href":"https:\/\/santepara.ma\/index.php?rest_route=%2Fwp%2Fv2%2Fpwb-brand&post=80999"},{"taxonomy":"product_cat","embeddable":true,"href":"https:\/\/santepara.ma\/index.php?rest_route=%2Fwp%2Fv2%2Fproduct_cat&post=80999"},{"taxonomy":"product_tag","embeddable":true,"href":"https:\/\/santepara.ma\/index.php?rest_route=%2Fwp%2Fv2%2Fproduct_tag&post=80999"}],"curies":[{"name":"wp","href":"https:\/\/api.w.org\/{rel}","templated":true}]}}