{"id":81017,"date":"2023-08-08T23:36:03","date_gmt":"2023-08-08T22:36:03","guid":{"rendered":"https:\/\/santepara.ma\/?product=vichy-dercos-shampoing-traitant-anti-pelliculaire-cheveux-secs-200ml"},"modified":"2024-02-22T16:19:23","modified_gmt":"2024-02-22T15:19:23","slug":"vichy-dercos-shampoing-traitant-anti-pelliculaire-cheveux-secs-200ml","status":"publish","type":"product","link":"https:\/\/santepara.ma\/?product=vichy-dercos-shampoing-traitant-anti-pelliculaire-cheveux-secs-200ml","title":{"rendered":"Vichy Dercos Shampoing Traitant Anti-Pelliculaire Cheveux Secs | 200ml"},"content":{"rendered":"<p><strong>Caract\u00e9ristiques : <\/strong><\/p>\n<p>Envie d\u2019en finir avec les pellicules incommodantes et disgracieuses qui recouvrent votre cuir chevelu sec ? Vichy a trouv\u00e9 la solution en d\u00e9veloppant le Shampooing Dercos Anti-Pelliculaire Cheveux Secs. Gr\u00e2ce \u00e0 sa composition dot\u00e9e d\u2019actifs puissants, il permet d\u2019\u00e9liminer les pellicules, tout en emp\u00eachant leur r\u00e9apparition et combat les d\u00e9mangeaisons.<\/p>\n<p>R\u00e9sultat : d\u00e8s le premier shampooing, le cuir chevelu ne d\u00e9mange plus, et les pellicules sont d\u00e9finitivement \u00e9radiqu\u00e9es.<\/p>\n<p><strong>S\u00e9curit\u00e9 : <\/strong><\/p>\n<p>&#8211; Sans Parab\u00e8ne.<\/p>\n<p>&#8211; Test\u00e9 sous contr\u00f4le dermatologique.<\/p>\n<p><strong>Ingr\u00e9dients &amp; Principes Actifs Cl\u00e9s : <\/strong><\/p>\n<p>&#8211; S\u00e9l\u00e9nium DS (disulfure de s\u00e9l\u00e9nium): cible les cuirs chevelus \u00e0 probl\u00e8mes et lutte contre l\u2019apparition des pellicules, m\u00eame les plus tenaces. `<\/p>\n<p>&#8211; Coh\u00e9syl : ce \u00ab ciment \u00bb agit sur la consolidation des cellules du cuir chevelu sec en pr\u00e9venant la r\u00e9apparition des pellicules. Il intervient d\u00e8s la premi\u00e8re utilisation en r\u00e9duisant les sensations de d\u00e9mangeaisons et maintient le cuir chevelu sain jusqu\u2019\u00e0 6 semaines apr\u00e8s l\u2019utilisation du shampooing.<\/p>\n<p><strong>Conseils d&rsquo;Utilisation : <\/strong><\/p>\n<p>Lors de la 1\u00e8re application, laisser poser 2 minutes, puis rincer. Aux shampooings suivants, masser puis rincer \u2013 utilisation par p\u00e9riodes de 4 semaines, \u00e0 raison de 3 shampoings par semaine. En cas de contact avec les yeux, les rincer imm\u00e9diatement.<\/p>\n<p><strong>Efficacit\u00e9 : <\/strong><\/p>\n<p>&#8211; Agit sur les pellicules tenaces d\u00e8s la 1\u00e8re application.<\/p>\n<p>&#8211; Anti-r\u00e9cidive jusqu\u2019\u00e0 6 semaines apr\u00e8s le traitement.<\/p>\n<p>&#8211; D\u00e9mangeaisons r\u00e9duites d\u00e8s la 1\u00e8re application.<\/p>\n<p>Votre cuir chevelu retrouve toute sa sant\u00e9 : imm\u00e9diatement purifi\u00e9, et durablement r\u00e9gul\u00e9.<\/p>\n<p>T 0 : cellules d\u00e9solidaris\u00e9es, cuir chevelu pelliculaire.<\/p>\n<p>T 4 semaines : cellules reconstitu\u00e9es, cuir chevelu sain.<\/p>\n<p><strong>Composition : <\/strong><\/p>\n<p>Les listes d\u2019ingr\u00e9dients entrant dans la composition des produits de notre marque sont r\u00e9guli\u00e8rement mises \u00e0 jour. Avant d\u2019utiliser un produit de notre marque, vous \u00eates invit\u00e9s \u00e0 lire la liste d\u2019ingr\u00e9dients figurant sur son emballage afin de vous assurer que les ingr\u00e9dients sont adapt\u00e9s \u00e0 votre utilisation personnelle.<\/p>\n<p>AQUA \/ WATER &#8211; SODIUM LAURETH SULFATE &#8211; COCO-BETAINE &#8211; GLYCERIN &#8211; DIMETHICONE &#8211; CETYL ALCOHOL &#8211; HYDROXYSTEARYL CETYL ETHER &#8211; CARBOMER &#8211; CI 19140 \/ YELLOW 5 &#8211; CITRIC ACID &#8211; 2-OLEAMIDO-1,3-OCTADECANEDIOL &#8211; PPG-5-CETETH-20 &#8211; PROPYLENE GLYCOL &#8211; SALICYLIC ACID &#8211; SELENIUM SULFIDE &#8211; SODIUM CHLORIDE &#8211; SODIUM HYDROXIDE &#8211; SODIUM HYPOCHLORITE &#8211; PARFUM \/ FRAGRANCE.<\/p>\n","protected":false},"excerpt":{"rendered":"<p>DERCOS TECHNIQUE Shampooing Anti-Pelliculaire lutte contre les d\u00e9mangeaisons et \u00e9radique les pellicules, m\u00eame les plus tenaces.<\/p>\n<p><strong>\u2022 Besoin : <\/strong> Pellicules | Cheveux secs.<\/p>\n<p><strong>\u2022 Ingr\u00e9dients Cl\u00e9s : <\/strong> S\u00e9l\u00e9nium DS pour lutter contre les pellicules | Coh\u00e9syl pour r\u00e9duire les d\u00e9mangeaisons.<\/p>\n<p>\u2022 <strong>S\u00e9curit\u00e9 : <\/strong> Sans Parab\u00e8ne.<\/p>\n<p><strong>\u2022 Utilisation : <\/strong> \u00c0 utiliser comme votre shampooing habituel en cure de 4 semaines.<\/p>\n","protected":false},"featured_media":10004,"comment_status":"open","ping_status":"closed","template":"","meta":{"_joinchat":[]},"pwb-brand":[118],"product_cat":[73,147,144,77],"product_tag":[],"brands":[{"id":118,"name":"VICHY","slug":"vichy"}],"_links":{"self":[{"href":"https:\/\/santepara.ma\/index.php?rest_route=\/wp\/v2\/product\/81017"}],"collection":[{"href":"https:\/\/santepara.ma\/index.php?rest_route=\/wp\/v2\/product"}],"about":[{"href":"https:\/\/santepara.ma\/index.php?rest_route=\/wp\/v2\/types\/product"}],"replies":[{"embeddable":true,"href":"https:\/\/santepara.ma\/index.php?rest_route=%2Fwp%2Fv2%2Fcomments&post=81017"}],"wp:featuredmedia":[{"embeddable":true,"href":"https:\/\/santepara.ma\/index.php?rest_route=\/wp\/v2\/media\/10004"}],"wp:attachment":[{"href":"https:\/\/santepara.ma\/index.php?rest_route=%2Fwp%2Fv2%2Fmedia&parent=81017"}],"wp:term":[{"taxonomy":"pwb-brand","embeddable":true,"href":"https:\/\/santepara.ma\/index.php?rest_route=%2Fwp%2Fv2%2Fpwb-brand&post=81017"},{"taxonomy":"product_cat","embeddable":true,"href":"https:\/\/santepara.ma\/index.php?rest_route=%2Fwp%2Fv2%2Fproduct_cat&post=81017"},{"taxonomy":"product_tag","embeddable":true,"href":"https:\/\/santepara.ma\/index.php?rest_route=%2Fwp%2Fv2%2Fproduct_tag&post=81017"}],"curies":[{"name":"wp","href":"https:\/\/api.w.org\/{rel}","templated":true}]}}