{"id":81033,"date":"2023-08-08T23:36:07","date_gmt":"2023-08-08T22:36:07","guid":{"rendered":"https:\/\/santepara.ma\/?product=vichy-normaderm-phytosolution-gel-purifiant-intense-peau-grasse-acneique-200ml"},"modified":"2024-02-22T16:19:23","modified_gmt":"2024-02-22T15:19:23","slug":"vichy-normaderm-phytosolution-gel-purifiant-intense-peau-grasse-acneique-200ml","status":"publish","type":"product","link":"https:\/\/santepara.ma\/?product=vichy-normaderm-phytosolution-gel-purifiant-intense-peau-grasse-acneique-200ml","title":{"rendered":"Vichy Normaderm Phytosolution Gel Purifiant Intense Peau Grasse Acn\u00e9ique | 200ml"},"content":{"rendered":"<p><strong>Caract\u00e9ristiques : <\/strong><\/p>\n<p>Notre 1er gel nettoyant purifiant pour les peaux grasses \u00e0 tendance acn\u00e9ique, enrichi en min\u00e9raux et en probiotique, qui \u00e9limine parfaitement les impuret\u00e9s et l\u2019exc\u00e8s de s\u00e9bum. La peau est matifi\u00e9e et regraisse moins vite. Les pores et les points noirs sont r\u00e9duits.<\/p>\n<p><strong>S\u00e9curit\u00e9 : <\/strong><\/p>\n<p>&#8211; pH Physiologique.<\/p>\n<p>&#8211; Hypoallerg\u00e9nique.<\/p>\n<p>&#8211; Convient aux peaux sensibles.<\/p>\n<p>&#8211; Test\u00e9 sous contr\u00f4le dermatologique.<\/p>\n<p>Ingr\u00e9dients &amp; Principes Actifs Cl\u00e9s :<\/p>\n<p>Ce gel est formul\u00e9 \u00e0 partir de 3 actifs anti-imperfections puissants dans une base nettoyante d\u2019origine v\u00e9g\u00e9tale.<\/p>\n<p>&#8211; Zinc : antibact\u00e9rien et anti-inflammatoire.<\/p>\n<p>&#8211; Cuivre : r\u00e9gule le s\u00e9bum.<\/p>\n<p>&#8211; Probiotiques : renforcent la barri\u00e8re cutan\u00e9e.<\/p>\n<p><strong>Conseils d&rsquo;Utilisation : <\/strong><\/p>\n<p>Quotidiennement, matin et soir, faites mousser le Gel Purifiant Intense sur le visage pr\u00e9alablement humide. Rincez le produit \u00e0 l\u2019eau claire en \u00e9vitant le contact avec les yeux.<\/p>\n<p><strong>Efficacit\u00e9 : <\/strong><\/p>\n<p>Au 1er rin\u00e7age*<\/p>\n<p>La peau est nettoy\u00e9e des impuret\u00e9s et des particules de pollution accumul\u00e9es : 91%<\/p>\n<p>R\u00e9duit l&rsquo;exc\u00e8s de s\u00e9bum : 94%<\/p>\n<p>Apr\u00e8s 4 semaines d&rsquo;utilisation*<\/p>\n<p>Le grain de peau est affin\u00e9 : 83%Les marques li\u00e9es aux imperfections sont r\u00e9duites : 98%<\/p>\n<p>*Test clinique instrumental sur 50 femmes \u00e0 la peau \u00e0 tendance acn\u00e9ique, dont des femmes \u00e0 la peau sensible. Application 2 fois par jour pendant 4 semaines.<\/p>\n<p><strong>Composition : <\/strong><\/p>\n<p>Les listes d\u2019ingr\u00e9dients entrant dans la composition des produits de notre marque sont r\u00e9guli\u00e8rement mises \u00e0 jour. Avant d\u2019utiliser un produit de notre marque, vous \u00eates invit\u00e9s \u00e0 lire la liste d\u2019ingr\u00e9dients figurant sur son emballage afin de vous assurer que les ingr\u00e9dients sont adapt\u00e9s \u00e0 votre utilisation personnelle.<\/p>\n<p>AQUA \/WATER &#8211; COCO-BETAINE &#8211; PROPANEDIOL &#8211; PEG-120 METHYL GLUCOSE DIOLEATE &#8211; SODIUM CHLORIDE &#8211; SODIUM COCOYL GLYCINATE &#8211; DIPROPYLENE GLYCOL &#8211; ZINC GLUCONATE &#8211; SALICYLIC ACID &#8211; BIFIDA FERMENT LYSATE &#8211; SODIUM HYDROXIDE &#8211; SODIUM BENZOATE &#8211; PHENOXYETHANOL &#8211; COPPER GLUCONATE &#8211; CAPRYLYL GLYCOL &#8211; TETRASODIUM GLUTAMATE DIACETATE &#8211; PARFUM \/ FRAGRANCE.<\/p>\n","protected":false},"excerpt":{"rendered":"<p>NORMADERM Phytosolution Gel Purifiant \u00e9limine parfaitement les impuret\u00e9s et l\u2019exc\u00e8s de s\u00e9bum. Les pores et les points noirs sont r\u00e9duits.<\/p>\n<p><strong>\u2022 Besoin : <\/strong> Nettoyer | Corriger | Peaux Grasses Acn\u00e9iques.<\/p>\n<p><strong>\u2022 Ingr\u00e9dients Cl\u00e9s : <\/strong> Probiotiques pour renforcer | Cuivre pour r\u00e9guler le s\u00e9bum | Zinc comme antibact\u00e9rien.<\/p>\n<p>\u2022 <strong>S\u00e9curit\u00e9 : <\/strong> pH Physiologique | Hypoallerg\u00e9nique | Convient aux peaux sensibles.<\/p>\n<p><strong>\u2022 Utilisation : <\/strong> Matin et soir, faire mousser sur peau humide et ensuite rincer. Visage.<\/p>\n","protected":false},"featured_media":10102,"comment_status":"open","ping_status":"closed","template":"","meta":{"_joinchat":[]},"pwb-brand":[118],"product_cat":[73,95,101,126,127],"product_tag":[],"brands":[{"id":118,"name":"VICHY","slug":"vichy"}],"_links":{"self":[{"href":"https:\/\/santepara.ma\/index.php?rest_route=\/wp\/v2\/product\/81033"}],"collection":[{"href":"https:\/\/santepara.ma\/index.php?rest_route=\/wp\/v2\/product"}],"about":[{"href":"https:\/\/santepara.ma\/index.php?rest_route=\/wp\/v2\/types\/product"}],"replies":[{"embeddable":true,"href":"https:\/\/santepara.ma\/index.php?rest_route=%2Fwp%2Fv2%2Fcomments&post=81033"}],"wp:featuredmedia":[{"embeddable":true,"href":"https:\/\/santepara.ma\/index.php?rest_route=\/wp\/v2\/media\/10102"}],"wp:attachment":[{"href":"https:\/\/santepara.ma\/index.php?rest_route=%2Fwp%2Fv2%2Fmedia&parent=81033"}],"wp:term":[{"taxonomy":"pwb-brand","embeddable":true,"href":"https:\/\/santepara.ma\/index.php?rest_route=%2Fwp%2Fv2%2Fpwb-brand&post=81033"},{"taxonomy":"product_cat","embeddable":true,"href":"https:\/\/santepara.ma\/index.php?rest_route=%2Fwp%2Fv2%2Fproduct_cat&post=81033"},{"taxonomy":"product_tag","embeddable":true,"href":"https:\/\/santepara.ma\/index.php?rest_route=%2Fwp%2Fv2%2Fproduct_tag&post=81033"}],"curies":[{"name":"wp","href":"https:\/\/api.w.org\/{rel}","templated":true}]}}