{"id":81083,"date":"2023-08-08T23:36:19","date_gmt":"2023-08-08T22:36:19","guid":{"rendered":"https:\/\/santepara.ma\/?product=la-roche-posay-hyalu-b5-serum-anti-rides-peau-sensible-30ml"},"modified":"2026-02-24T12:42:48","modified_gmt":"2026-02-24T11:42:48","slug":"la-roche-posay-hyalu-b5-serum-anti-rides-peau-sensible-30ml","status":"publish","type":"product","link":"https:\/\/santepara.ma\/?product=la-roche-posay-hyalu-b5-serum-anti-rides-peau-sensible-30ml","title":{"rendered":"La Roche-Posay Hyalu B5 S\u00e9rum Anti-Rides Peau Sensible | 30ml"},"content":{"rendered":"<p><strong>Caract\u00e9ristiques : <\/strong><\/p>\n<p>Rides, perte de volume et d&rsquo;\u00e9lasticit\u00e9. Peau terne et fatigu\u00e9e.<\/p>\n<p>Le Hyalu B5 S\u00e9rum est une formulation unique favorisant la r\u00e9paration de la peau gr\u00e2ce \u00e0 ses deux types d&rsquo;acides hyaluroniques, la vitamine B5 et la mad\u00e9cassoside. La peau est repulp\u00e9e, la barri\u00e8re cutan\u00e9e est renforc\u00e9e et le renouvellement cellulaire est activ\u00e9.<\/p>\n<p>&#8211; Texture en gel, frais \u00e0 l&rsquo;application. Fini hydratant.<\/p>\n<p><strong>S\u00e9curit\u00e9 : <\/strong><\/p>\n<p>&#8211; Test\u00e9 sur peaux sensibles jeunes \u00e0 matures.<\/p>\n<p>&#8211; Non Com\u00e9dog\u00e8ne.<\/p>\n<p><strong>Ingr\u00e9dients &amp; Principes Actifs Cl\u00e9s : <\/strong><\/p>\n<p>Alliant deux types d\u2019acides hyaluroniques purs:<\/p>\n<p>&#8211; Vitamine B5 : apaise et r\u00e9pare la peau, stimule la r\u00e9g\u00e9n\u00e9ration et la r\u00e9sistance de la peau.<\/p>\n<p>&#8211; Mad\u00e9cassoside : comble les rides, cicatrise, calme les inflammations, apaise les peaux en souffrance, ralentit les effets de l&rsquo;\u00e2ge sur la peau.<\/p>\n<p><strong>Conseils d&rsquo;Utilisation : <\/strong><\/p>\n<p>S\u00e9rum repulpant \u00e0 absorption rapide pour faciliter l&rsquo;application.<\/p>\n<p>&#8211; Appliquer matin et soir avec la paume de la main sur l&rsquo;ensemble du visage, cou et d\u00e9collet\u00e9.<\/p>\n<p>&#8211; Utilisez ce s\u00e9rum visage concentr\u00e9 avant votre cr\u00e8me habituelle, vous pouvez aussi m\u00e9langer dans votre main le s\u00e9rum \u00e0 votre soin et l\u2019appliquer ensuite sur votre peau.<\/p>\n<p>&#8211; Pour un effet rafraichissant, gardez votre s\u00e9rum dans votre r\u00e9frig\u00e9rateur et \u00e0 l\u2019abris de l\u2019humidit\u00e9, hors de port\u00e9e des enfants.<\/p>\n<p><strong>Efficacit\u00e9 : <\/strong><\/p>\n<p>Apr\u00e8s 4h la peau est :<\/p>\n<p>+27,4% plus \u00e9lastique<\/p>\n<p>+61,2% plus tonique<\/p>\n<p>+23,7% plus ferme*<\/p>\n<p>*Test clinique instrumental r\u00e9alis\u00e9 sur 40 femmes entre 45 et 65 ans appliquant quotidiennement le produit pendant 4 semaines.<\/p>\n<p><strong>Composition : <\/strong><\/p>\n<p>Les listes d\u2019ingr\u00e9dients entrant dans la composition des produits de notre marque sont r\u00e9guli\u00e8rement mises \u00e0 jour. Avant d\u2019utiliser un produit de notre marque, vous \u00eates invit\u00e9s \u00e0 lire la liste d\u2019ingr\u00e9dients figurant sur son emballage afin de vous assurer que les ingr\u00e9dients sont adapt\u00e9s \u00e0 votre utilisation personnelle.<\/p>\n<p>AQUA \/ WATER, GLYCERIN, ALCOHOL DENAT., PROPYLENE GLYCOL, PANTHENOL, PENTYLENE GLYCOL, DIMETHICONE, PEG-6 CAPRYLIC\/CAPRIC GLYCERIDES, PPG-6-DECYLTETRADECETH-30, GLYCERYL ISOSTEARATE, MADECASSOSIDE, SODIUM HYALURONATE, AMMONIUM POLYACRYLOYLDIMETHYL TAURATE, DISODIUM EDTA, HYDROLYZED HYALURONIC ACID, CAPRYLYL GLYCOL, CITRIC ACID, XANTHAN GUM, BUTYLENE GLYCOL, TOCOPHEROL, PHENOXYETHANOL, PARFUM \/FRAGRANCE.<\/p>\n","protected":false},"excerpt":{"rendered":"<p>HYALU B5 S\u00e9rum est un soin anti-\u00e2ge hydratant repulpant. Rides, perte de volume et d\u2019\u00e9lasticit\u00e9, peau terne et fatigu\u00e9e.<\/p>\n<p><strong>\u2022 Besoin : <\/strong> Hydrater | Repulper | Tous types de peau | Peaux sensibles.<\/p>\n<p><strong>\u2022 Ingr\u00e9dients Cl\u00e9s : <\/strong> Deux types d&rsquo;Acides Hyaluroniques Purs : Vitamine B5 pour r\u00e9parer et r\u00e9g\u00e9n\u00e9rer | Mad\u00e9cassoside pour r\u00e9duire les rides.<\/p>\n<p>\u2022 <strong>S\u00e9curit\u00e9 : <\/strong> Non-Com\u00e9dog\u00e8ne | Test\u00e9 sur peaux sensibles.<\/p>\n<p><strong>\u2022 Utilisation : <\/strong> Appliquer matin et soir sur l&rsquo;ensemble du visage, cou et d\u00e9collet\u00e9.<\/p>\n","protected":false},"featured_media":10301,"comment_status":"open","ping_status":"closed","template":"","meta":{"_joinchat":[]},"pwb-brand":[186],"product_cat":[73,183,174,132,128],"product_tag":[],"brands":[{"id":186,"name":"LA ROCHE-POSAY","slug":"la-roche-posay"}],"_links":{"self":[{"href":"https:\/\/santepara.ma\/index.php?rest_route=\/wp\/v2\/product\/81083"}],"collection":[{"href":"https:\/\/santepara.ma\/index.php?rest_route=\/wp\/v2\/product"}],"about":[{"href":"https:\/\/santepara.ma\/index.php?rest_route=\/wp\/v2\/types\/product"}],"replies":[{"embeddable":true,"href":"https:\/\/santepara.ma\/index.php?rest_route=%2Fwp%2Fv2%2Fcomments&post=81083"}],"wp:featuredmedia":[{"embeddable":true,"href":"https:\/\/santepara.ma\/index.php?rest_route=\/wp\/v2\/media\/10301"}],"wp:attachment":[{"href":"https:\/\/santepara.ma\/index.php?rest_route=%2Fwp%2Fv2%2Fmedia&parent=81083"}],"wp:term":[{"taxonomy":"pwb-brand","embeddable":true,"href":"https:\/\/santepara.ma\/index.php?rest_route=%2Fwp%2Fv2%2Fpwb-brand&post=81083"},{"taxonomy":"product_cat","embeddable":true,"href":"https:\/\/santepara.ma\/index.php?rest_route=%2Fwp%2Fv2%2Fproduct_cat&post=81083"},{"taxonomy":"product_tag","embeddable":true,"href":"https:\/\/santepara.ma\/index.php?rest_route=%2Fwp%2Fv2%2Fproduct_tag&post=81083"}],"curies":[{"name":"wp","href":"https:\/\/api.w.org\/{rel}","templated":true}]}}