{"id":82342,"date":"2023-08-08T23:41:17","date_gmt":"2023-08-08T22:41:17","guid":{"rendered":"https:\/\/santepara.ma\/?product=cetaphil-dermacontrol-lotion-hydratante-spf30-120-ml"},"modified":"2023-11-04T12:57:37","modified_gmt":"2023-11-04T11:57:37","slug":"cetaphil-dermacontrol-lotion-hydratante-spf30-120-ml","status":"publish","type":"product","link":"https:\/\/santepara.ma\/?product=cetaphil-dermacontrol-lotion-hydratante-spf30-120-ml","title":{"rendered":"C\u00e9taphil &#8211; Dermacontrol lotion hydratante SPF30 &#8211; 120 ml"},"content":{"rendered":"","protected":false},"excerpt":{"rendered":"<p>La gamme de Cetaphil Dermacontrol a \u00e9t\u00e9 con\u00e7ue sp\u00e9cialement pour les soins de la peau quotidiens et complets pour aider \u00e0 la lutte contre l&rsquo;acn\u00e9. Cetaphil\u00ae Dermacontrol Cr\u00e8me Hydratante offre une haute protection UV (SPF 30),\u00a0r\u00e9alis\u00e9e en partie par la technologie innovante ol\u00e9osome.<\/p>\n","protected":false},"featured_media":82341,"comment_status":"open","ping_status":"closed","template":"","meta":{"_joinchat":[]},"pwb-brand":[294],"product_cat":[101],"product_tag":[],"brands":[{"id":294,"name":"CETAPHIL","slug":"cetaphil"}],"_links":{"self":[{"href":"https:\/\/santepara.ma\/index.php?rest_route=\/wp\/v2\/product\/82342"}],"collection":[{"href":"https:\/\/santepara.ma\/index.php?rest_route=\/wp\/v2\/product"}],"about":[{"href":"https:\/\/santepara.ma\/index.php?rest_route=\/wp\/v2\/types\/product"}],"replies":[{"embeddable":true,"href":"https:\/\/santepara.ma\/index.php?rest_route=%2Fwp%2Fv2%2Fcomments&post=82342"}],"wp:featuredmedia":[{"embeddable":true,"href":"https:\/\/santepara.ma\/index.php?rest_route=\/wp\/v2\/media\/82341"}],"wp:attachment":[{"href":"https:\/\/santepara.ma\/index.php?rest_route=%2Fwp%2Fv2%2Fmedia&parent=82342"}],"wp:term":[{"taxonomy":"pwb-brand","embeddable":true,"href":"https:\/\/santepara.ma\/index.php?rest_route=%2Fwp%2Fv2%2Fpwb-brand&post=82342"},{"taxonomy":"product_cat","embeddable":true,"href":"https:\/\/santepara.ma\/index.php?rest_route=%2Fwp%2Fv2%2Fproduct_cat&post=82342"},{"taxonomy":"product_tag","embeddable":true,"href":"https:\/\/santepara.ma\/index.php?rest_route=%2Fwp%2Fv2%2Fproduct_tag&post=82342"}],"curies":[{"name":"wp","href":"https:\/\/api.w.org\/{rel}","templated":true}]}}