{"id":82466,"date":"2023-08-08T23:41:49","date_gmt":"2023-08-08T22:41:49","guid":{"rendered":"https:\/\/santepara.ma\/?product=curaprox-be-you-challenger-dentifrice-gin-tonic-kaki-90-ml"},"modified":"2023-11-04T12:57:43","modified_gmt":"2023-11-04T11:57:43","slug":"curaprox-be-you-challenger-dentifrice-gin-tonic-kaki-90-ml","status":"publish","type":"product","link":"https:\/\/santepara.ma\/?product=curaprox-be-you-challenger-dentifrice-gin-tonic-kaki-90-ml","title":{"rendered":"Curaprox &#8211; Be You Challenger Dentifrice Gin Tonic-Kaki &#8211; 90 ml"},"content":{"rendered":"","protected":false},"excerpt":{"rendered":"<p>Optez pour ce doux parfum de kaki et cette touche d\u00e9licate de gen\u00e9vrier pour une bouche emplie d\u2019une agr\u00e9able note s\u00e8che. Avec une pinc\u00e9e tannique bien relev\u00e9e, pour un final rappelant le Gin Tonic, mais sans alcool \u00e9videmment.<\/p>\n","protected":false},"featured_media":82464,"comment_status":"open","ping_status":"closed","template":"","meta":{"_joinchat":[]},"pwb-brand":[301],"product_cat":[300],"product_tag":[],"brands":[{"id":301,"name":"CURAPROX","slug":"curaprox"}],"_links":{"self":[{"href":"https:\/\/santepara.ma\/index.php?rest_route=\/wp\/v2\/product\/82466"}],"collection":[{"href":"https:\/\/santepara.ma\/index.php?rest_route=\/wp\/v2\/product"}],"about":[{"href":"https:\/\/santepara.ma\/index.php?rest_route=\/wp\/v2\/types\/product"}],"replies":[{"embeddable":true,"href":"https:\/\/santepara.ma\/index.php?rest_route=%2Fwp%2Fv2%2Fcomments&post=82466"}],"wp:featuredmedia":[{"embeddable":true,"href":"https:\/\/santepara.ma\/index.php?rest_route=\/wp\/v2\/media\/82464"}],"wp:attachment":[{"href":"https:\/\/santepara.ma\/index.php?rest_route=%2Fwp%2Fv2%2Fmedia&parent=82466"}],"wp:term":[{"taxonomy":"pwb-brand","embeddable":true,"href":"https:\/\/santepara.ma\/index.php?rest_route=%2Fwp%2Fv2%2Fpwb-brand&post=82466"},{"taxonomy":"product_cat","embeddable":true,"href":"https:\/\/santepara.ma\/index.php?rest_route=%2Fwp%2Fv2%2Fproduct_cat&post=82466"},{"taxonomy":"product_tag","embeddable":true,"href":"https:\/\/santepara.ma\/index.php?rest_route=%2Fwp%2Fv2%2Fproduct_tag&post=82466"}],"curies":[{"name":"wp","href":"https:\/\/api.w.org\/{rel}","templated":true}]}}