{"id":82601,"date":"2023-08-08T23:42:26","date_gmt":"2023-08-08T22:42:26","guid":{"rendered":"https:\/\/santepara.ma\/?product=daylong-sensitive-creme-gel-spf50-100-ml"},"modified":"2024-04-01T12:36:48","modified_gmt":"2024-04-01T11:36:48","slug":"daylong-sensitive-creme-gel-spf50-100-ml","status":"publish","type":"product","link":"https:\/\/santepara.ma\/?product=daylong-sensitive-creme-gel-spf50-100-ml","title":{"rendered":"Daylong &#8211; Sensitive Cr\u00e8me-Gel SPF50+ &#8211; 100 ml"},"content":{"rendered":"","protected":false},"excerpt":{"rendered":"<p>Adapt\u00e9 \u00e0 la peau sujette aux allergies solaires et \u00e0 tendance grasse<\/p>\n","protected":false},"featured_media":82600,"comment_status":"open","ping_status":"closed","template":"","meta":{"_joinchat":[]},"pwb-brand":[306],"product_cat":[180,113,101,157],"product_tag":[],"brands":[{"id":306,"name":"DAYLONG","slug":"daylong"}],"_links":{"self":[{"href":"https:\/\/santepara.ma\/index.php?rest_route=\/wp\/v2\/product\/82601"}],"collection":[{"href":"https:\/\/santepara.ma\/index.php?rest_route=\/wp\/v2\/product"}],"about":[{"href":"https:\/\/santepara.ma\/index.php?rest_route=\/wp\/v2\/types\/product"}],"replies":[{"embeddable":true,"href":"https:\/\/santepara.ma\/index.php?rest_route=%2Fwp%2Fv2%2Fcomments&post=82601"}],"wp:featuredmedia":[{"embeddable":true,"href":"https:\/\/santepara.ma\/index.php?rest_route=\/wp\/v2\/media\/82600"}],"wp:attachment":[{"href":"https:\/\/santepara.ma\/index.php?rest_route=%2Fwp%2Fv2%2Fmedia&parent=82601"}],"wp:term":[{"taxonomy":"pwb-brand","embeddable":true,"href":"https:\/\/santepara.ma\/index.php?rest_route=%2Fwp%2Fv2%2Fpwb-brand&post=82601"},{"taxonomy":"product_cat","embeddable":true,"href":"https:\/\/santepara.ma\/index.php?rest_route=%2Fwp%2Fv2%2Fproduct_cat&post=82601"},{"taxonomy":"product_tag","embeddable":true,"href":"https:\/\/santepara.ma\/index.php?rest_route=%2Fwp%2Fv2%2Fproduct_tag&post=82601"}],"curies":[{"name":"wp","href":"https:\/\/api.w.org\/{rel}","templated":true}]}}

Daylong &#8211; Sensitive Crème-Gel SPF50+ &#8211; 100 ml

<p>Adapté à la peau sujette aux allergies solaires et à tendance grasse</p>
