{"id":82869,"date":"2023-08-08T23:43:31","date_gmt":"2023-08-08T22:43:31","guid":{"rendered":"https:\/\/santepara.ma\/?product=dodie-coquilles-dallaitement"},"modified":"2023-11-09T14:34:14","modified_gmt":"2023-11-09T13:34:14","slug":"dodie-coquilles-dallaitement","status":"publish","type":"product","link":"https:\/\/santepara.ma\/?product=dodie-coquilles-dallaitement","title":{"rendered":"Dodie &#8211; Coquilles d\u2019allaitement"},"content":{"rendered":"","protected":false},"excerpt":{"rendered":"<p>Pour prot\u00e9ger les mamelons et r\u00e9cup\u00e9rer le lait<\/p>\n","protected":false},"featured_media":82867,"comment_status":"open","ping_status":"closed","template":"","meta":{"_joinchat":[]},"pwb-brand":[311],"product_cat":[245],"product_tag":[],"brands":[{"id":311,"name":"DODIE","slug":"dodie"}],"_links":{"self":[{"href":"https:\/\/santepara.ma\/index.php?rest_route=\/wp\/v2\/product\/82869"}],"collection":[{"href":"https:\/\/santepara.ma\/index.php?rest_route=\/wp\/v2\/product"}],"about":[{"href":"https:\/\/santepara.ma\/index.php?rest_route=\/wp\/v2\/types\/product"}],"replies":[{"embeddable":true,"href":"https:\/\/santepara.ma\/index.php?rest_route=%2Fwp%2Fv2%2Fcomments&post=82869"}],"wp:featuredmedia":[{"embeddable":true,"href":"https:\/\/santepara.ma\/index.php?rest_route=\/wp\/v2\/media\/82867"}],"wp:attachment":[{"href":"https:\/\/santepara.ma\/index.php?rest_route=%2Fwp%2Fv2%2Fmedia&parent=82869"}],"wp:term":[{"taxonomy":"pwb-brand","embeddable":true,"href":"https:\/\/santepara.ma\/index.php?rest_route=%2Fwp%2Fv2%2Fpwb-brand&post=82869"},{"taxonomy":"product_cat","embeddable":true,"href":"https:\/\/santepara.ma\/index.php?rest_route=%2Fwp%2Fv2%2Fproduct_cat&post=82869"},{"taxonomy":"product_tag","embeddable":true,"href":"https:\/\/santepara.ma\/index.php?rest_route=%2Fwp%2Fv2%2Fproduct_tag&post=82869"}],"curies":[{"name":"wp","href":"https:\/\/api.w.org\/{rel}","templated":true}]}}