{"id":82875,"date":"2023-08-08T23:43:32","date_gmt":"2023-08-08T22:43:32","guid":{"rendered":"https:\/\/santepara.ma\/?product=dodie-thermometre-de-bain"},"modified":"2023-11-04T12:57:59","modified_gmt":"2023-11-04T11:57:59","slug":"dodie-thermometre-de-bain","status":"publish","type":"product","link":"https:\/\/santepara.ma\/?product=dodie-thermometre-de-bain","title":{"rendered":"Dodie &#8211; Thermom\u00e8tre de bain"},"content":{"rendered":"","protected":false},"excerpt":{"rendered":"<p>Mesure la temp\u00e9rature du bain de b\u00e9b\u00e9<\/p>\n","protected":false},"featured_media":82873,"comment_status":"open","ping_status":"closed","template":"","meta":{"_joinchat":[]},"pwb-brand":[311],"product_cat":[249],"product_tag":[],"brands":[{"id":311,"name":"DODIE","slug":"dodie"}],"_links":{"self":[{"href":"https:\/\/santepara.ma\/index.php?rest_route=\/wp\/v2\/product\/82875"}],"collection":[{"href":"https:\/\/santepara.ma\/index.php?rest_route=\/wp\/v2\/product"}],"about":[{"href":"https:\/\/santepara.ma\/index.php?rest_route=\/wp\/v2\/types\/product"}],"replies":[{"embeddable":true,"href":"https:\/\/santepara.ma\/index.php?rest_route=%2Fwp%2Fv2%2Fcomments&post=82875"}],"wp:featuredmedia":[{"embeddable":true,"href":"https:\/\/santepara.ma\/index.php?rest_route=\/wp\/v2\/media\/82873"}],"wp:attachment":[{"href":"https:\/\/santepara.ma\/index.php?rest_route=%2Fwp%2Fv2%2Fmedia&parent=82875"}],"wp:term":[{"taxonomy":"pwb-brand","embeddable":true,"href":"https:\/\/santepara.ma\/index.php?rest_route=%2Fwp%2Fv2%2Fpwb-brand&post=82875"},{"taxonomy":"product_cat","embeddable":true,"href":"https:\/\/santepara.ma\/index.php?rest_route=%2Fwp%2Fv2%2Fproduct_cat&post=82875"},{"taxonomy":"product_tag","embeddable":true,"href":"https:\/\/santepara.ma\/index.php?rest_route=%2Fwp%2Fv2%2Fproduct_tag&post=82875"}],"curies":[{"name":"wp","href":"https:\/\/api.w.org\/{rel}","templated":true}]}}