{"id":83046,"date":"2023-08-08T23:44:09","date_gmt":"2023-08-08T22:44:09","guid":{"rendered":"https:\/\/santepara.ma\/?product=ducray-keracnyl-repair-baume-levres-15-ml"},"modified":"2023-11-04T12:58:05","modified_gmt":"2023-11-04T11:58:05","slug":"ducray-keracnyl-repair-baume-levres-15-ml","status":"publish","type":"product","link":"https:\/\/santepara.ma\/?product=ducray-keracnyl-repair-baume-levres-15-ml","title":{"rendered":"Ducray &#8211; Keracnyl Repair Baume l\u00e8vres &#8211; 15 ml"},"content":{"rendered":"","protected":false},"excerpt":{"rendered":"<p>Soin des l\u00e8vres gerc\u00e9es et abim\u00e9es par traitement m\u00e9dicamenteux anti-acn\u00e9ique oral.<\/p>\n","protected":false},"featured_media":83045,"comment_status":"open","ping_status":"closed","template":"","meta":{"_joinchat":[]},"pwb-brand":[314],"product_cat":[82,192],"product_tag":[],"brands":[{"id":314,"name":"DUCRAY","slug":"ducray"}],"_links":{"self":[{"href":"https:\/\/santepara.ma\/index.php?rest_route=\/wp\/v2\/product\/83046"}],"collection":[{"href":"https:\/\/santepara.ma\/index.php?rest_route=\/wp\/v2\/product"}],"about":[{"href":"https:\/\/santepara.ma\/index.php?rest_route=\/wp\/v2\/types\/product"}],"replies":[{"embeddable":true,"href":"https:\/\/santepara.ma\/index.php?rest_route=%2Fwp%2Fv2%2Fcomments&post=83046"}],"wp:featuredmedia":[{"embeddable":true,"href":"https:\/\/santepara.ma\/index.php?rest_route=\/wp\/v2\/media\/83045"}],"wp:attachment":[{"href":"https:\/\/santepara.ma\/index.php?rest_route=%2Fwp%2Fv2%2Fmedia&parent=83046"}],"wp:term":[{"taxonomy":"pwb-brand","embeddable":true,"href":"https:\/\/santepara.ma\/index.php?rest_route=%2Fwp%2Fv2%2Fpwb-brand&post=83046"},{"taxonomy":"product_cat","embeddable":true,"href":"https:\/\/santepara.ma\/index.php?rest_route=%2Fwp%2Fv2%2Fproduct_cat&post=83046"},{"taxonomy":"product_tag","embeddable":true,"href":"https:\/\/santepara.ma\/index.php?rest_route=%2Fwp%2Fv2%2Fproduct_tag&post=83046"}],"curies":[{"name":"wp","href":"https:\/\/api.w.org\/{rel}","templated":true}]}}