{"id":83239,"date":"2023-08-08T23:44:55","date_gmt":"2023-08-08T22:44:55","guid":{"rendered":"https:\/\/santepara.ma\/?product=elgydium-clinic-brosse-a-dents-chirurgicale-15-100"},"modified":"2023-11-04T12:58:13","modified_gmt":"2023-11-04T11:58:13","slug":"elgydium-clinic-brosse-a-dents-chirurgicale-15-100","status":"publish","type":"product","link":"https:\/\/santepara.ma\/?product=elgydium-clinic-brosse-a-dents-chirurgicale-15-100","title":{"rendered":"Elgydium Clinic &#8211; Brosse \u00e0 dents Chirurgicale 15\/100"},"content":{"rendered":"","protected":false},"excerpt":{"rendered":"<p>ELGYDIUM CLINIC CHIRURGICALE 15\/100 est une brosse \u00e0 dents adapt\u00e9e \u00e0 un retour progressif au brossage normal apr\u00e8s une intervention chirurgicale de la bouche. Elle s&rsquo;utilise en relais de la brosse ELGYDIUM CLINIC POST OP\u00c9RATOIRE 7\/100, pendant les 2e et 3e semaines suivant la chirurgie.<\/p>\n","protected":false},"featured_media":83238,"comment_status":"open","ping_status":"closed","template":"","meta":{"_joinchat":[]},"pwb-brand":[319],"product_cat":[274],"product_tag":[],"brands":[{"id":319,"name":"ELGYDIUM","slug":"elgydium"}],"_links":{"self":[{"href":"https:\/\/santepara.ma\/index.php?rest_route=\/wp\/v2\/product\/83239"}],"collection":[{"href":"https:\/\/santepara.ma\/index.php?rest_route=\/wp\/v2\/product"}],"about":[{"href":"https:\/\/santepara.ma\/index.php?rest_route=\/wp\/v2\/types\/product"}],"replies":[{"embeddable":true,"href":"https:\/\/santepara.ma\/index.php?rest_route=%2Fwp%2Fv2%2Fcomments&post=83239"}],"wp:featuredmedia":[{"embeddable":true,"href":"https:\/\/santepara.ma\/index.php?rest_route=\/wp\/v2\/media\/83238"}],"wp:attachment":[{"href":"https:\/\/santepara.ma\/index.php?rest_route=%2Fwp%2Fv2%2Fmedia&parent=83239"}],"wp:term":[{"taxonomy":"pwb-brand","embeddable":true,"href":"https:\/\/santepara.ma\/index.php?rest_route=%2Fwp%2Fv2%2Fpwb-brand&post=83239"},{"taxonomy":"product_cat","embeddable":true,"href":"https:\/\/santepara.ma\/index.php?rest_route=%2Fwp%2Fv2%2Fproduct_cat&post=83239"},{"taxonomy":"product_tag","embeddable":true,"href":"https:\/\/santepara.ma\/index.php?rest_route=%2Fwp%2Fv2%2Fproduct_tag&post=83239"}],"curies":[{"name":"wp","href":"https:\/\/api.w.org\/{rel}","templated":true}]}}