{"id":83346,"date":"2023-08-08T23:45:23","date_gmt":"2023-08-08T22:45:23","guid":{"rendered":"https:\/\/santepara.ma\/?product=uriage-bebe-1ere-eau-thermale-150-ml"},"modified":"2026-03-23T12:11:29","modified_gmt":"2026-03-23T11:11:29","slug":"uriage-bebe-1ere-eau-thermale-150-ml","status":"publish","type":"product","link":"https:\/\/santepara.ma\/?product=uriage-bebe-1ere-eau-thermale-150-ml","title":{"rendered":"Uriage B\u00e9b\u00e9 &#8211; 1\u00e8re Eau Thermale &#8211; 150 ml"},"content":{"rendered":"<p>Probl\u00e9matique sp\u00e9cifique<\/p>\n<p>Tous types de peaux<\/p>\n<p>B\u00e9n\u00e9fice produit<\/p>\n<p>L\u2019Eau thermale d\u2019Uriage est id\u00e9ale pour hydrater, apaiser et prot\u00e9ger la peau fragile des b\u00e9b\u00e9s au quotidien. Indiqu\u00e9e pour apaiser imm\u00e9diatement: les rougeurs du si\u00e8ge et les irritations du quotidien.<\/p>\n<p>Hydrate<\/p>\n<p>Gr\u00e2ce \u00e0 sa composition \u00e9lev\u00e9e en min\u00e9raux proches des cellules de la peau, elle poss\u00e8de une action hydratante prolong\u00e9e.<\/p>\n<p>Apaise<\/p>\n<p>Gr\u00e2ce \u00e0 la pr\u00e9sence \u00e9quilibr\u00e9e de min\u00e9raux notamment de calcium et de magn\u00e9sium, elle est b\u00e9n\u00e9fique pour les peaux sensibles des b\u00e9b\u00e9s.<\/p>\n<p>Prot\u00e8ge<\/p>\n<p>L\u2019action du silicium aide \u00e0 renforcer le film hydrolipidique de la peau. De plus, gr\u00e2ce \u00e0 sa composition particuli\u00e8re en min\u00e9raux, elle restaure la barri\u00e8re cutan\u00e9e.<\/p>\n<p>Caract\u00e9ristiques<\/p>\n<p>Indiqu\u00e9e pour hydrater, prot\u00e9ger et apaiser les rougeurs des fesses et les petites irritations du quotidien. \u2014 Rafra\u00eechit et r\u00e9hydrate en p\u00e9riode estivale.<\/p>\n<p>Conseil d\u2019utilisation<\/p>\n<p>Pulv\u00e9risez et laissez agir !<\/p>\n","protected":false},"excerpt":{"rendered":"<p>Soin hydratant et apaisant<\/p>\n","protected":false},"featured_media":83345,"comment_status":"open","ping_status":"closed","template":"","meta":{"_joinchat":[]},"pwb-brand":[321],"product_cat":[82],"product_tag":[],"brands":[{"id":321,"name":"URIAGE","slug":"uriage"}],"_links":{"self":[{"href":"https:\/\/santepara.ma\/index.php?rest_route=\/wp\/v2\/product\/83346"}],"collection":[{"href":"https:\/\/santepara.ma\/index.php?rest_route=\/wp\/v2\/product"}],"about":[{"href":"https:\/\/santepara.ma\/index.php?rest_route=\/wp\/v2\/types\/product"}],"replies":[{"embeddable":true,"href":"https:\/\/santepara.ma\/index.php?rest_route=%2Fwp%2Fv2%2Fcomments&post=83346"}],"wp:featuredmedia":[{"embeddable":true,"href":"https:\/\/santepara.ma\/index.php?rest_route=\/wp\/v2\/media\/83345"}],"wp:attachment":[{"href":"https:\/\/santepara.ma\/index.php?rest_route=%2Fwp%2Fv2%2Fmedia&parent=83346"}],"wp:term":[{"taxonomy":"pwb-brand","embeddable":true,"href":"https:\/\/santepara.ma\/index.php?rest_route=%2Fwp%2Fv2%2Fpwb-brand&post=83346"},{"taxonomy":"product_cat","embeddable":true,"href":"https:\/\/santepara.ma\/index.php?rest_route=%2Fwp%2Fv2%2Fproduct_cat&post=83346"},{"taxonomy":"product_tag","embeddable":true,"href":"https:\/\/santepara.ma\/index.php?rest_route=%2Fwp%2Fv2%2Fproduct_tag&post=83346"}],"curies":[{"name":"wp","href":"https:\/\/api.w.org\/{rel}","templated":true}]}}