{"id":83460,"date":"2023-08-08T23:45:53","date_gmt":"2023-08-08T22:45:53","guid":{"rendered":"https:\/\/santepara.ma\/?product=eau-thermale-duriage-300-ml"},"modified":"2026-03-23T11:23:57","modified_gmt":"2026-03-23T10:23:57","slug":"eau-thermale-duriage-300-ml","status":"publish","type":"product","link":"https:\/\/santepara.ma\/?product=eau-thermale-duriage-300-ml","title":{"rendered":"Eau Thermale d\u2019Uriage &#8211; 300 ml"},"content":{"rendered":"<p>B\u00e9n\u00e9fice produit<\/p>\n<p>L\u2019Eau Thermale d\u2019Uriage est une eau de soin \u00e0 utiliser quotidiennement, v\u00e9ritable cure d\u2019oligo-\u00e9l\u00e9ments et de min\u00e9raux, source d\u2019\u00e9clat pour votre peau.<\/p>\n<p>Hydrate<\/p>\n<p>Gr\u00e2ce \u00e0 sa composition en min\u00e9raux proches des NMF (Natural Moisturizing Factor) de la peau, elle poss\u00e8de une action hydratante unique.<\/p>\n<p>Apaise<\/p>\n<p>Gr\u00e2ce \u00e0 la pr\u00e9sence \u00e9lev\u00e9e de sels de calcium et de magn\u00e9sium, elle apaise les peaux sensibles.<\/p>\n<p>Prot\u00e8ge<\/p>\n<p>L\u2019action du silicium renforce le film hydrolipidique de la peau. De plus, gr\u00e2ce aux min\u00e9raux, elle restaure la barri\u00e8re cutan\u00e9e.<\/p>\n<p>Caract\u00e9ristiques<\/p>\n<p>100% Eau Thermale d\u2019Uriage \u2014 Conditionn\u00e9e directement \u00e0 la source, elle est recueillie pure \u00e0 l&rsquo;abri de toute pollution- SANS PARFUM-SANS CONSERVATEUR<\/p>\n<p>Conseil d\u2019utilisation<\/p>\n<p>Pulv\u00e9risez aussi souvent que vous en ressentez le besoin.<\/p>\n<p>Un geste de soin \u00e0 consommer sans mod\u00e9ration.<\/p>\n<p>Laissez agir. Ne pas s\u00e9cher, ni tamponner pour renforcer la p\u00e9n\u00e9tration de ses composants. Une eau de soin qui fixe le maquillage Le matin et \u00e0 tout moment de la journ\u00e9e !<\/p>\n<p>Avis d\u00e9pos\u00e9s<\/p>\n","protected":false},"excerpt":{"rendered":"<p>Spray Hydratant, Apaisant, Cicatrisant, Anti-Oxydant et Protecteur<\/p>\n","protected":false},"featured_media":83459,"comment_status":"open","ping_status":"closed","template":"","meta":{"_joinchat":[]},"pwb-brand":[321],"product_cat":[82],"product_tag":[],"brands":[{"id":321,"name":"URIAGE","slug":"uriage"}],"_links":{"self":[{"href":"https:\/\/santepara.ma\/index.php?rest_route=\/wp\/v2\/product\/83460"}],"collection":[{"href":"https:\/\/santepara.ma\/index.php?rest_route=\/wp\/v2\/product"}],"about":[{"href":"https:\/\/santepara.ma\/index.php?rest_route=\/wp\/v2\/types\/product"}],"replies":[{"embeddable":true,"href":"https:\/\/santepara.ma\/index.php?rest_route=%2Fwp%2Fv2%2Fcomments&post=83460"}],"wp:featuredmedia":[{"embeddable":true,"href":"https:\/\/santepara.ma\/index.php?rest_route=\/wp\/v2\/media\/83459"}],"wp:attachment":[{"href":"https:\/\/santepara.ma\/index.php?rest_route=%2Fwp%2Fv2%2Fmedia&parent=83460"}],"wp:term":[{"taxonomy":"pwb-brand","embeddable":true,"href":"https:\/\/santepara.ma\/index.php?rest_route=%2Fwp%2Fv2%2Fpwb-brand&post=83460"},{"taxonomy":"product_cat","embeddable":true,"href":"https:\/\/santepara.ma\/index.php?rest_route=%2Fwp%2Fv2%2Fproduct_cat&post=83460"},{"taxonomy":"product_tag","embeddable":true,"href":"https:\/\/santepara.ma\/index.php?rest_route=%2Fwp%2Fv2%2Fproduct_tag&post=83460"}],"curies":[{"name":"wp","href":"https:\/\/api.w.org\/{rel}","templated":true}]}}