{"id":83494,"date":"2023-08-08T23:45:59","date_gmt":"2023-08-08T22:45:59","guid":{"rendered":"https:\/\/santepara.ma\/?product=uriage-tolederm-creme-riche-nutri-apaisante-50-ml"},"modified":"2026-03-23T11:09:23","modified_gmt":"2026-03-23T10:09:23","slug":"uriage-tolederm-creme-riche-nutri-apaisante-50-ml","status":"publish","type":"product","link":"https:\/\/santepara.ma\/?product=uriage-tolederm-creme-riche-nutri-apaisante-50-ml","title":{"rendered":"Uriage &#8211; Tol\u00e9derm &#8211; Cr\u00e8me Riche Nutri-Apaisante &#8211; 50 ml"},"content":{"rendered":"<p>Probl\u00e9matique sp\u00e9cifique<\/p>\n<p>Soins peaux sensibles<\/p>\n<p>B\u00e9n\u00e9fice produit<\/p>\n<p>La Cr\u00e8me Nutri-Apaisante TOL\u00c9DERM Riche a \u00e9t\u00e9 sp\u00e9cialement \u00e9labor\u00e9e pour r\u00e9pondre aux besoins des peaux les plus s\u00e8ches, hyper-r\u00e9actives et intol\u00e9rantes et particuli\u00e8rement en hiver ou apr\u00e8s l\u2019\u00e9t\u00e9 quand la peau est encore plus dess\u00e9ch\u00e9e. Pr\u00e9ventive et curative, elle calme les sensations d\u2019inconfort (picotements, tiraillements), hydrate et nourrit la peau en profondeur. Ce soin assure une tol\u00e9rance optimale pour un r\u00e9el confort durable.<\/p>\n<p>Diminue l&rsquo;irritabilit\u00e9 cutan\u00e9e<\/p>\n<p>Gr\u00e2ce \u00e0 une association d\u2019actifs sp\u00e9cifiques \u00e0 base de polyuronides d\u2019algue et d\u2019Eau Thermale d\u2019Uriage, la cr\u00e8me r\u00e9duit les irritations de la barri\u00e8re cutan\u00e9e.<\/p>\n<p>Am\u00e9liore la r\u00e9sistance de la peau<\/p>\n<p>Apais\u00e9e, la peau est plus r\u00e9sistante et mieux prot\u00e9g\u00e9e face aux agressions ext\u00e9rieures.<\/p>\n<p>Nourrit et restaure le confort<\/p>\n<p>Sa texture ultra-nourrissante et onctueuse apporte un confort imm\u00e9diat et persistant.<\/p>\n<p>Caract\u00e9ristiques<\/p>\n<p>Eau Thermale d\u2019Uriage \u2014 Polyuronides d\u2019algue \u2014 Test\u00e9 sous contr\u00f4le dermatologique \u2014 Non com\u00e9dog\u00e8ne \u2014 Non parfum\u00e9 \u2014 Sans alcool<\/p>\n<p>Conseil d\u2019utilisation<\/p>\n<p>Appliquer quotidiennement, matin et soir, sur le visage et le cou pr\u00e9alablement nettoy\u00e9s avec l\u2019Eau Micellaire Thermale, pour encore plus d\u2019efficacit\u00e9 et de confort.<\/p>\n","protected":false},"excerpt":{"rendered":"<p>Soin Apaisant et Hydratant<\/p>\n","protected":false},"featured_media":83493,"comment_status":"open","ping_status":"closed","template":"","meta":{"_joinchat":[]},"pwb-brand":[321],"product_cat":[82,323],"product_tag":[],"brands":[{"id":321,"name":"URIAGE","slug":"uriage"}],"_links":{"self":[{"href":"https:\/\/santepara.ma\/index.php?rest_route=\/wp\/v2\/product\/83494"}],"collection":[{"href":"https:\/\/santepara.ma\/index.php?rest_route=\/wp\/v2\/product"}],"about":[{"href":"https:\/\/santepara.ma\/index.php?rest_route=\/wp\/v2\/types\/product"}],"replies":[{"embeddable":true,"href":"https:\/\/santepara.ma\/index.php?rest_route=%2Fwp%2Fv2%2Fcomments&post=83494"}],"wp:featuredmedia":[{"embeddable":true,"href":"https:\/\/santepara.ma\/index.php?rest_route=\/wp\/v2\/media\/83493"}],"wp:attachment":[{"href":"https:\/\/santepara.ma\/index.php?rest_route=%2Fwp%2Fv2%2Fmedia&parent=83494"}],"wp:term":[{"taxonomy":"pwb-brand","embeddable":true,"href":"https:\/\/santepara.ma\/index.php?rest_route=%2Fwp%2Fv2%2Fpwb-brand&post=83494"},{"taxonomy":"product_cat","embeddable":true,"href":"https:\/\/santepara.ma\/index.php?rest_route=%2Fwp%2Fv2%2Fproduct_cat&post=83494"},{"taxonomy":"product_tag","embeddable":true,"href":"https:\/\/santepara.ma\/index.php?rest_route=%2Fwp%2Fv2%2Fproduct_tag&post=83494"}],"curies":[{"name":"wp","href":"https:\/\/api.w.org\/{rel}","templated":true}]}}