{"id":83571,"date":"2023-08-08T23:46:20","date_gmt":"2023-08-08T22:46:20","guid":{"rendered":"https:\/\/santepara.ma\/?product=eucerin-ultrasensible-soin-apaisant-peau-seche-50-ml"},"modified":"2024-02-22T16:19:10","modified_gmt":"2024-02-22T15:19:10","slug":"eucerin-ultrasensible-soin-apaisant-peau-seche-50-ml","status":"publish","type":"product","link":"https:\/\/santepara.ma\/?product=eucerin-ultrasensible-soin-apaisant-peau-seche-50-ml","title":{"rendered":"Eucerin &#8211; UltraSensible Soin Apaisant Peau S\u00e8che &#8211; 50 ml"},"content":{"rendered":"","protected":false},"excerpt":{"rendered":"<p>Cr\u00e8me de jour et de nuit avec Symsitive pour la peau s\u00e8che, hypersensible<\/p>\n","protected":false},"featured_media":83570,"comment_status":"open","ping_status":"closed","template":"","meta":{"_joinchat":[]},"pwb-brand":[328],"product_cat":[83,191],"product_tag":[],"brands":[{"id":328,"name":"EUCERIN","slug":"eucerin"}],"_links":{"self":[{"href":"https:\/\/santepara.ma\/index.php?rest_route=\/wp\/v2\/product\/83571"}],"collection":[{"href":"https:\/\/santepara.ma\/index.php?rest_route=\/wp\/v2\/product"}],"about":[{"href":"https:\/\/santepara.ma\/index.php?rest_route=\/wp\/v2\/types\/product"}],"replies":[{"embeddable":true,"href":"https:\/\/santepara.ma\/index.php?rest_route=%2Fwp%2Fv2%2Fcomments&post=83571"}],"wp:featuredmedia":[{"embeddable":true,"href":"https:\/\/santepara.ma\/index.php?rest_route=\/wp\/v2\/media\/83570"}],"wp:attachment":[{"href":"https:\/\/santepara.ma\/index.php?rest_route=%2Fwp%2Fv2%2Fmedia&parent=83571"}],"wp:term":[{"taxonomy":"pwb-brand","embeddable":true,"href":"https:\/\/santepara.ma\/index.php?rest_route=%2Fwp%2Fv2%2Fpwb-brand&post=83571"},{"taxonomy":"product_cat","embeddable":true,"href":"https:\/\/santepara.ma\/index.php?rest_route=%2Fwp%2Fv2%2Fproduct_cat&post=83571"},{"taxonomy":"product_tag","embeddable":true,"href":"https:\/\/santepara.ma\/index.php?rest_route=%2Fwp%2Fv2%2Fproduct_tag&post=83571"}],"curies":[{"name":"wp","href":"https:\/\/api.w.org\/{rel}","templated":true}]}}