{"id":83585,"date":"2023-08-08T23:46:23","date_gmt":"2023-08-08T22:46:23","guid":{"rendered":"https:\/\/santepara.ma\/?product=eucerin-ph5-gel-lavant-400-ml"},"modified":"2024-02-22T16:19:10","modified_gmt":"2024-02-22T15:19:10","slug":"eucerin-ph5-gel-lavant-400-ml","status":"publish","type":"product","link":"https:\/\/santepara.ma\/?product=eucerin-ph5-gel-lavant-400-ml","title":{"rendered":"Eucerin &#8211; pH5 Gel Lavant &#8211; 400 ml"},"content":{"rendered":"","protected":false},"excerpt":{"rendered":"<p>Pr\u00e9serve l&rsquo;\u00e9quilibre naturel de la peau<\/p>\n<p>Un Gel Lavant doux pour le corps qui prot\u00e8ge les d\u00e9fenses naturelles de la peau et pr\u00e9serve du dess\u00e8chement cutan\u00e9e.<\/p>\n","protected":false},"featured_media":83584,"comment_status":"open","ping_status":"closed","template":"","meta":{"_joinchat":[]},"pwb-brand":[328],"product_cat":[98,92],"product_tag":[],"brands":[{"id":328,"name":"EUCERIN","slug":"eucerin"}],"_links":{"self":[{"href":"https:\/\/santepara.ma\/index.php?rest_route=\/wp\/v2\/product\/83585"}],"collection":[{"href":"https:\/\/santepara.ma\/index.php?rest_route=\/wp\/v2\/product"}],"about":[{"href":"https:\/\/santepara.ma\/index.php?rest_route=\/wp\/v2\/types\/product"}],"replies":[{"embeddable":true,"href":"https:\/\/santepara.ma\/index.php?rest_route=%2Fwp%2Fv2%2Fcomments&post=83585"}],"wp:featuredmedia":[{"embeddable":true,"href":"https:\/\/santepara.ma\/index.php?rest_route=\/wp\/v2\/media\/83584"}],"wp:attachment":[{"href":"https:\/\/santepara.ma\/index.php?rest_route=%2Fwp%2Fv2%2Fmedia&parent=83585"}],"wp:term":[{"taxonomy":"pwb-brand","embeddable":true,"href":"https:\/\/santepara.ma\/index.php?rest_route=%2Fwp%2Fv2%2Fpwb-brand&post=83585"},{"taxonomy":"product_cat","embeddable":true,"href":"https:\/\/santepara.ma\/index.php?rest_route=%2Fwp%2Fv2%2Fproduct_cat&post=83585"},{"taxonomy":"product_tag","embeddable":true,"href":"https:\/\/santepara.ma\/index.php?rest_route=%2Fwp%2Fv2%2Fproduct_tag&post=83585"}],"curies":[{"name":"wp","href":"https:\/\/api.w.org\/{rel}","templated":true}]}}