{"id":84224,"date":"2023-08-08T23:49:07","date_gmt":"2023-08-08T22:49:07","guid":{"rendered":"https:\/\/santepara.ma\/?product=mustela-hydra-bebe-300ml"},"modified":"2025-01-31T10:33:51","modified_gmt":"2025-01-31T09:33:51","slug":"mustela-hydra-bebe-300ml","status":"publish","type":"product","link":"https:\/\/santepara.ma\/?product=mustela-hydra-bebe-300ml","title":{"rendered":"Mustela Hydra B\u00e9b\u00e9  &#8211; 300ml"},"content":{"rendered":"<p>Description<\/p>\n<p>Hydrate imm\u00e9diatement et durablement.<\/p>\n<p>Renforce la barri\u00e8re cutan\u00e9e et rend la peau soyeuse, souple et toujours plus douce.<\/p>\n<p>Pr\u00e9serve le capital cellulaire de la peau du nouveau-n\u00e9*, du b\u00e9b\u00e9 et de l&rsquo;enfant gr\u00e2ce au Pers\u00e9ose d&rsquo;Avocat\u00ae.<\/p>\n<p>Conseils d&rsquo;utilisation<\/p>\n<p>Appliquer ce lait hydratant sur l&rsquo;ensemble du corps matin et soir.<\/p>\n<p>Composition<\/p>\n<p>AQUA\/WATER\/EAU, HELIANTHUS ANNUUS (SUNFLOWER) SEED OIL , GLYCERIN, POLYGLYCERYL-6 DISTEARATE, CETYL ALCOHOL, 1,2-HEXANEDIOL, CERA ALBA\/BEESWAX\/CIRE D\u2019ABEILLE, HYDROXYETHYL ACRYLATE\/SODIUM ACRYLOYLDIMETHYL TAURATE COPOLYMER, PARFUM (FRAGRANCE), JOJOBA ESTERS, CAPRYLYL GLYCOL, SODIUM STEAROYL GLUTAMATE, POLYGLYCERYL-3 BEESWAX\/POLYGLYCERYL-3 CIRE D\u2019ABEILLE, TOCOPHERYL ACETATE, POLYSORBATE 60, SORBITAN STEARATE, CITRIC ACID, PERSEA GRATISSIMA (AVOCADO) FRUIT EXTRACT<\/p>\n","protected":false},"excerpt":{"rendered":"<p>Le Lait Hydratant Corps Hydra B\u00e9b\u00e9, prot\u00e8ge et renforce la barri\u00e8re cutan\u00e9e. Ce lait hydrate imm\u00e9diatement et durablement, et laisse la peau souple et douce. Sa texture fluide et son odeur unique sont pl\u00e9biscit\u00e9es par les parents.<\/p>\n","protected":false},"featured_media":84223,"comment_status":"open","ping_status":"closed","template":"","meta":{"_joinchat":[]},"pwb-brand":[358],"product_cat":[190],"product_tag":[],"brands":[{"id":358,"name":"MUSTELA","slug":"mustela"}],"_links":{"self":[{"href":"https:\/\/santepara.ma\/index.php?rest_route=\/wp\/v2\/product\/84224"}],"collection":[{"href":"https:\/\/santepara.ma\/index.php?rest_route=\/wp\/v2\/product"}],"about":[{"href":"https:\/\/santepara.ma\/index.php?rest_route=\/wp\/v2\/types\/product"}],"replies":[{"embeddable":true,"href":"https:\/\/santepara.ma\/index.php?rest_route=%2Fwp%2Fv2%2Fcomments&post=84224"}],"wp:featuredmedia":[{"embeddable":true,"href":"https:\/\/santepara.ma\/index.php?rest_route=\/wp\/v2\/media\/84223"}],"wp:attachment":[{"href":"https:\/\/santepara.ma\/index.php?rest_route=%2Fwp%2Fv2%2Fmedia&parent=84224"}],"wp:term":[{"taxonomy":"pwb-brand","embeddable":true,"href":"https:\/\/santepara.ma\/index.php?rest_route=%2Fwp%2Fv2%2Fpwb-brand&post=84224"},{"taxonomy":"product_cat","embeddable":true,"href":"https:\/\/santepara.ma\/index.php?rest_route=%2Fwp%2Fv2%2Fproduct_cat&post=84224"},{"taxonomy":"product_tag","embeddable":true,"href":"https:\/\/santepara.ma\/index.php?rest_route=%2Fwp%2Fv2%2Fproduct_tag&post=84224"}],"curies":[{"name":"wp","href":"https:\/\/api.w.org\/{rel}","templated":true}]}}