{"id":84245,"date":"2023-08-08T23:49:14","date_gmt":"2023-08-08T22:49:14","guid":{"rendered":"https:\/\/santepara.ma\/?product=mustela-gel-lavant-nourrissant-au-cold-cream-300-ml"},"modified":"2023-11-04T12:59:00","modified_gmt":"2023-11-04T11:59:00","slug":"mustela-gel-lavant-nourrissant-au-cold-cream-300-ml","status":"publish","type":"product","link":"https:\/\/santepara.ma\/?product=mustela-gel-lavant-nourrissant-au-cold-cream-300-ml","title":{"rendered":"Mustela Gel Lavant Nourrissant au Cold Cream &#8211; 300 ml"},"content":{"rendered":"<p>Description<\/p>\n<p>Mustela Gel Lavant Nourrissant au Cold Cream 300 ml nettoie efficacement et en douceur la peau s\u00e8che de b\u00e9b\u00e9 d\u00e8s la naissance, et nourrit.<\/p>\n<p>La formule de ce gel avec complexe brevet\u00e9 nourrissant contient la pers\u00e9ose d&rsquo;avocat, un actif naturel brevet\u00e9 qui renforce la barri\u00e8re cutan\u00e9e et pr\u00e9serve la richesse cellulaire de la peau. Elle contient aussi des c\u00e9ramides et du cold cream qui aident \u00e0 restaurer et prot\u00e9ger le film hydrolipidique.<\/p>\n<p>92% d&rsquo;ingr\u00e9dients sont d&rsquo;origine naturelle. Formul\u00e9 pour minimiser les risques d&rsquo;allergies.<\/p>\n<p>0% de paraben, phtalate, phenoxyethanol. Hypoallerg\u00e9nique, test\u00e9 cliniquement. Biod\u00e9gradable.<\/p>\n<p>Conseils d&rsquo;utilisation<\/p>\n<p>Verser dans la main, laver le corps et le cuir chevelu en faisant mousser et rincer.<\/p>\n<p>Composition<\/p>\n<p>AQUA (WATER), GLYCERINE, COCAMIDOPROPYL BETAINE, SODIUM MYRETH SULFATE, COCO-GLUCOSIDE, PEG-3 DIISTEARATE, GLYCERYL CAPRYLATE, GLYCOL DIISTEARATE, PARFUM (FRAGRANCE), POLYQUATERNIUM-10 CERA ALBA (CIRE D&rsquo;ABEILLE), PRUNUS AMYGDALUS DULCIS (SWEET ALMOND) OIL, POTASSIUM SORBATE, CITRIC ACID, CERAMIDE NP, PERSEA GRATISSIMA (AVOCADO) FRUIT EXTRACT.<\/p>\n","protected":false},"excerpt":{"rendered":"<p>Mustela Gel Lavant nettoie efficacement et en douceur la peau s\u00e8che de b\u00e9b\u00e9 d\u00e8s la naissance, et nourrit.<\/p>\n","protected":false},"featured_media":84244,"comment_status":"open","ping_status":"closed","template":"","meta":{"_joinchat":[]},"pwb-brand":[358],"product_cat":[206],"product_tag":[],"brands":[{"id":358,"name":"MUSTELA","slug":"mustela"}],"_links":{"self":[{"href":"https:\/\/santepara.ma\/index.php?rest_route=\/wp\/v2\/product\/84245"}],"collection":[{"href":"https:\/\/santepara.ma\/index.php?rest_route=\/wp\/v2\/product"}],"about":[{"href":"https:\/\/santepara.ma\/index.php?rest_route=\/wp\/v2\/types\/product"}],"replies":[{"embeddable":true,"href":"https:\/\/santepara.ma\/index.php?rest_route=%2Fwp%2Fv2%2Fcomments&post=84245"}],"wp:featuredmedia":[{"embeddable":true,"href":"https:\/\/santepara.ma\/index.php?rest_route=\/wp\/v2\/media\/84244"}],"wp:attachment":[{"href":"https:\/\/santepara.ma\/index.php?rest_route=%2Fwp%2Fv2%2Fmedia&parent=84245"}],"wp:term":[{"taxonomy":"pwb-brand","embeddable":true,"href":"https:\/\/santepara.ma\/index.php?rest_route=%2Fwp%2Fv2%2Fpwb-brand&post=84245"},{"taxonomy":"product_cat","embeddable":true,"href":"https:\/\/santepara.ma\/index.php?rest_route=%2Fwp%2Fv2%2Fproduct_cat&post=84245"},{"taxonomy":"product_tag","embeddable":true,"href":"https:\/\/santepara.ma\/index.php?rest_route=%2Fwp%2Fv2%2Fproduct_tag&post=84245"}],"curies":[{"name":"wp","href":"https:\/\/api.w.org\/{rel}","templated":true}]}}