{"id":85076,"date":"2023-08-08T23:53:05","date_gmt":"2023-08-08T22:53:05","guid":{"rendered":"https:\/\/santepara.ma\/?product=eptaderm-epta-pso-50-creme-ongles-40-ml"},"modified":"2023-11-04T12:59:38","modified_gmt":"2023-11-04T11:59:38","slug":"eptaderm-epta-pso-50-creme-ongles-40-ml","status":"publish","type":"product","link":"https:\/\/santepara.ma\/?product=eptaderm-epta-pso-50-creme-ongles-40-ml","title":{"rendered":"Eptaderm Epta Pso 50+ Cr\u00e8me Ongles &#8211; 40 ml"},"content":{"rendered":"<p>Description<\/p>\n<p>EPTA PSO 50 PLUS est une cr\u00e8me cosm\u00e9tique \u00e0 effet k\u00e9rato-r\u00e9ducteur indiqu\u00e9e pour r\u00e9duire les plaques et les \u00e9paississements cutan\u00e9s localis\u00e9s ( pieds, coudes, genoux,ongles\u2026). Formule sans parabens, sans parfum et son acide salicylique, id\u00e9ale comme adjuvante des th\u00e9rapies pharmacologiques. texture non grasse.<\/p>\n<p>Conseils d&rsquo;utilisation<\/p>\n<p>Appliquer EPTA PSO 50 PLUS tous les jours sur les zones concern\u00e9es par un l\u00e9ger massage.R\u00e9p\u00e9ter le traitement cosm\u00e9tique jusqu\u2019\u00e0 atteindrel\u2019effet d\u00e9sir\u00e9.<\/p>\n","protected":false},"excerpt":{"rendered":"<p>Cr\u00e8me \u00e0 haut pouvoir k\u00e9rator\u00e9ducteur, indiqu\u00e9e dans les cas de plaques et \u00e9paississements cutan\u00e9s localis\u00e9s (pieds, coudes, genoux, ongles).<\/p>\n<p>Sa texture douce et compacte permet une application simple et cibl\u00e9e sur les plaques et sur toutes les callosit\u00e9s.<\/p>\n","protected":false},"featured_media":85075,"comment_status":"open","ping_status":"closed","template":"","meta":{"_joinchat":[]},"pwb-brand":[408],"product_cat":[150,144],"product_tag":[],"brands":[{"id":408,"name":"EPTADERM","slug":"eptaderm"}],"_links":{"self":[{"href":"https:\/\/santepara.ma\/index.php?rest_route=\/wp\/v2\/product\/85076"}],"collection":[{"href":"https:\/\/santepara.ma\/index.php?rest_route=\/wp\/v2\/product"}],"about":[{"href":"https:\/\/santepara.ma\/index.php?rest_route=\/wp\/v2\/types\/product"}],"replies":[{"embeddable":true,"href":"https:\/\/santepara.ma\/index.php?rest_route=%2Fwp%2Fv2%2Fcomments&post=85076"}],"wp:featuredmedia":[{"embeddable":true,"href":"https:\/\/santepara.ma\/index.php?rest_route=\/wp\/v2\/media\/85075"}],"wp:attachment":[{"href":"https:\/\/santepara.ma\/index.php?rest_route=%2Fwp%2Fv2%2Fmedia&parent=85076"}],"wp:term":[{"taxonomy":"pwb-brand","embeddable":true,"href":"https:\/\/santepara.ma\/index.php?rest_route=%2Fwp%2Fv2%2Fpwb-brand&post=85076"},{"taxonomy":"product_cat","embeddable":true,"href":"https:\/\/santepara.ma\/index.php?rest_route=%2Fwp%2Fv2%2Fproduct_cat&post=85076"},{"taxonomy":"product_tag","embeddable":true,"href":"https:\/\/santepara.ma\/index.php?rest_route=%2Fwp%2Fv2%2Fproduct_tag&post=85076"}],"curies":[{"name":"wp","href":"https:\/\/api.w.org\/{rel}","templated":true}]}}