{"id":85213,"date":"2023-08-08T23:53:39","date_gmt":"2023-08-08T22:53:39","guid":{"rendered":"https:\/\/santepara.ma\/?product=naturesoin-argile-bleue-100-g"},"modified":"2023-11-04T12:59:44","modified_gmt":"2023-11-04T11:59:44","slug":"naturesoin-argile-bleue-100-g","status":"publish","type":"product","link":"https:\/\/santepara.ma\/?product=naturesoin-argile-bleue-100-g","title":{"rendered":"NaturEsoin Argile Bleue &#8211; 100 G"},"content":{"rendered":"<p>Description<\/p>\n<p>ARGILE bleue naturellement color\u00e9e gr\u00e2ce \u00e0 des pigments min\u00e9raux et aux propri\u00e9t\u00e9s : oxyg\u00e9nante et purifiante.<\/p>\n<p>Apporte au teint terne et p\u00e2le \u00e9clat et luminosit\u00e9 et procure une sensation de bien-\u00eatre et de d\u00e9tente contre les agressions atmosph\u00e9riques quotidiennes sur la peau.<\/p>\n","protected":false},"excerpt":{"rendered":"<p>Surfine, 100% naturelle, sans conservateurs, peaux ternes et fatigu\u00e9es<\/p>\n","protected":false},"featured_media":85212,"comment_status":"open","ping_status":"closed","template":"","meta":{"_joinchat":[]},"pwb-brand":[414],"product_cat":[218],"product_tag":[],"brands":[{"id":414,"name":"NATURESOIN","slug":"naturesoin"}],"_links":{"self":[{"href":"https:\/\/santepara.ma\/index.php?rest_route=\/wp\/v2\/product\/85213"}],"collection":[{"href":"https:\/\/santepara.ma\/index.php?rest_route=\/wp\/v2\/product"}],"about":[{"href":"https:\/\/santepara.ma\/index.php?rest_route=\/wp\/v2\/types\/product"}],"replies":[{"embeddable":true,"href":"https:\/\/santepara.ma\/index.php?rest_route=%2Fwp%2Fv2%2Fcomments&post=85213"}],"wp:featuredmedia":[{"embeddable":true,"href":"https:\/\/santepara.ma\/index.php?rest_route=\/wp\/v2\/media\/85212"}],"wp:attachment":[{"href":"https:\/\/santepara.ma\/index.php?rest_route=%2Fwp%2Fv2%2Fmedia&parent=85213"}],"wp:term":[{"taxonomy":"pwb-brand","embeddable":true,"href":"https:\/\/santepara.ma\/index.php?rest_route=%2Fwp%2Fv2%2Fpwb-brand&post=85213"},{"taxonomy":"product_cat","embeddable":true,"href":"https:\/\/santepara.ma\/index.php?rest_route=%2Fwp%2Fv2%2Fproduct_cat&post=85213"},{"taxonomy":"product_tag","embeddable":true,"href":"https:\/\/santepara.ma\/index.php?rest_route=%2Fwp%2Fv2%2Fproduct_tag&post=85213"}],"curies":[{"name":"wp","href":"https:\/\/api.w.org\/{rel}","templated":true}]}}