{"id":85278,"date":"2023-08-08T23:54:05","date_gmt":"2023-08-08T22:54:05","guid":{"rendered":"https:\/\/santepara.ma\/?product=naturesoin-huile-essentielle-de-fenouil-10-ml"},"modified":"2023-11-04T12:59:47","modified_gmt":"2023-11-04T11:59:47","slug":"naturesoin-huile-essentielle-de-fenouil-10-ml","status":"publish","type":"product","link":"https:\/\/santepara.ma\/?product=naturesoin-huile-essentielle-de-fenouil-10-ml","title":{"rendered":"NaturEsoin Huile Essentielle de Fenouil &#8211; 10 ml"},"content":{"rendered":"<p>Description<\/p>\n<p>Retend et r\u00e9g\u00e9n\u00e8re l\u2019\u00e9piderme ,Hydrate et tonifie les peaux fatigu\u00e9es.<\/p>\n<p>Conseils d&rsquo;utilisation<\/p>\n<p>A utiliser avec maod\u00e9ration.Usage externe uniquement.<\/p>\n","protected":false},"excerpt":{"rendered":"<p>Le Fenouil est utilis\u00e9 depuis l&rsquo;Antiquit\u00e9 pour r\u00e9guler les r\u00e8gles, soulager les douleurs menstruelles et les soucis li\u00e9s \u00e0 la m\u00e9nopause. L&rsquo;huile essentielle de Fenouil doux est un actif id\u00e9al \u00e0 incorporer dans les pr\u00e9parations de soins minceurs.<\/p>\n","protected":false},"featured_media":85277,"comment_status":"open","ping_status":"closed","template":"","meta":{"_joinchat":[]},"pwb-brand":[414],"product_cat":[287],"product_tag":[],"brands":[{"id":414,"name":"NATURESOIN","slug":"naturesoin"}],"_links":{"self":[{"href":"https:\/\/santepara.ma\/index.php?rest_route=\/wp\/v2\/product\/85278"}],"collection":[{"href":"https:\/\/santepara.ma\/index.php?rest_route=\/wp\/v2\/product"}],"about":[{"href":"https:\/\/santepara.ma\/index.php?rest_route=\/wp\/v2\/types\/product"}],"replies":[{"embeddable":true,"href":"https:\/\/santepara.ma\/index.php?rest_route=%2Fwp%2Fv2%2Fcomments&post=85278"}],"wp:featuredmedia":[{"embeddable":true,"href":"https:\/\/santepara.ma\/index.php?rest_route=\/wp\/v2\/media\/85277"}],"wp:attachment":[{"href":"https:\/\/santepara.ma\/index.php?rest_route=%2Fwp%2Fv2%2Fmedia&parent=85278"}],"wp:term":[{"taxonomy":"pwb-brand","embeddable":true,"href":"https:\/\/santepara.ma\/index.php?rest_route=%2Fwp%2Fv2%2Fpwb-brand&post=85278"},{"taxonomy":"product_cat","embeddable":true,"href":"https:\/\/santepara.ma\/index.php?rest_route=%2Fwp%2Fv2%2Fproduct_cat&post=85278"},{"taxonomy":"product_tag","embeddable":true,"href":"https:\/\/santepara.ma\/index.php?rest_route=%2Fwp%2Fv2%2Fproduct_tag&post=85278"}],"curies":[{"name":"wp","href":"https:\/\/api.w.org\/{rel}","templated":true}]}}