{"id":85819,"date":"2023-08-08T23:56:38","date_gmt":"2023-08-08T22:56:38","guid":{"rendered":"https:\/\/santepara.ma\/?product=sensodyne-dentifrice-repare-protege-blancheur-75ml"},"modified":"2023-11-04T13:00:14","modified_gmt":"2023-11-04T12:00:14","slug":"sensodyne-dentifrice-repare-protege-blancheur-75ml","status":"publish","type":"product","link":"https:\/\/santepara.ma\/?product=sensodyne-dentifrice-repare-protege-blancheur-75ml","title":{"rendered":"Sensodyne Dentifrice R\u00e9pare prot\u00e8ge Blancheur 75ml"},"content":{"rendered":"<p>Le nouveau dentifrice Sensodyne R\u00e9pare &amp; Prot\u00e8ge Blancheur forme une couche protectrice solide autour des zones fragilis\u00e9es de vos dents sensibles pour permettre une r\u00e9paration renforc\u00e9e*. Gr\u00e2ce \u00e0 sa formule unique \u00e0 base de NOVAMIN, il est cliniquement prouv\u00e9 qu&rsquo;il aide \u00e0 r\u00e9parer ces zones fragilis\u00e9es avec des constituants naturels de vos dents pour soulager la douleur caus\u00e9e par la sensibilit\u00e9 dentaire et pour vous aider \u00e0 profiter de la vie sans vous inqui\u00e9ter de vos dents sensibles. Le nouveau dentifrice Sensodyne R\u00e9pare &amp; Prot\u00e8ge Blancheur aide \u00e0 restaurer la blancheur naturelle de vos dents et contient du fluor pour aider \u00e0 renforcer les dents. *\u00c0 utiliser deux fois par jour pour une protection longue dur\u00e9e contre la sensibilit\u00e9 dentaire.<\/p>\n","protected":false},"excerpt":{"rendered":"<p>Le nouveau dentifrice Sensodyne R\u00e9pare &amp; Prot\u00e8ge Blancheur forme une couche protectrice solide autour des zones fragilis\u00e9es de vos dents<\/p>\n","protected":false},"featured_media":85818,"comment_status":"open","ping_status":"closed","template":"","meta":{"_joinchat":[]},"pwb-brand":[441],"product_cat":[298],"product_tag":[],"brands":[{"id":441,"name":"SENSODYNE","slug":"sensodyne"}],"_links":{"self":[{"href":"https:\/\/santepara.ma\/index.php?rest_route=\/wp\/v2\/product\/85819"}],"collection":[{"href":"https:\/\/santepara.ma\/index.php?rest_route=\/wp\/v2\/product"}],"about":[{"href":"https:\/\/santepara.ma\/index.php?rest_route=\/wp\/v2\/types\/product"}],"replies":[{"embeddable":true,"href":"https:\/\/santepara.ma\/index.php?rest_route=%2Fwp%2Fv2%2Fcomments&post=85819"}],"wp:featuredmedia":[{"embeddable":true,"href":"https:\/\/santepara.ma\/index.php?rest_route=\/wp\/v2\/media\/85818"}],"wp:attachment":[{"href":"https:\/\/santepara.ma\/index.php?rest_route=%2Fwp%2Fv2%2Fmedia&parent=85819"}],"wp:term":[{"taxonomy":"pwb-brand","embeddable":true,"href":"https:\/\/santepara.ma\/index.php?rest_route=%2Fwp%2Fv2%2Fpwb-brand&post=85819"},{"taxonomy":"product_cat","embeddable":true,"href":"https:\/\/santepara.ma\/index.php?rest_route=%2Fwp%2Fv2%2Fproduct_cat&post=85819"},{"taxonomy":"product_tag","embeddable":true,"href":"https:\/\/santepara.ma\/index.php?rest_route=%2Fwp%2Fv2%2Fproduct_tag&post=85819"}],"curies":[{"name":"wp","href":"https:\/\/api.w.org\/{rel}","templated":true}]}}