{"id":85823,"date":"2023-08-08T23:56:39","date_gmt":"2023-08-08T22:56:39","guid":{"rendered":"https:\/\/santepara.ma\/?product=sensodyne-bain-de-bouche-menthe-fraiche-500ml"},"modified":"2023-11-04T13:00:14","modified_gmt":"2023-11-04T12:00:14","slug":"sensodyne-bain-de-bouche-menthe-fraiche-500ml","status":"publish","type":"product","link":"https:\/\/santepara.ma\/?product=sensodyne-bain-de-bouche-menthe-fraiche-500ml","title":{"rendered":"Sensodyne Bain de Bouche Menthe Fraiche 500ml"},"content":{"rendered":"<p>Le Bain de Bouche Menthe Fra\u00eeche de SENSODYNE a \u00e9t\u00e9 sp\u00e9cialement con\u00e7u pour prot\u00e9ger longuement et quotidiennement contre la sensibilit\u00e9 dentaire. Avec une utilisation correcte, sa formule active au fluor agit directement \u00e0 l&rsquo;int\u00e9rieur de la dent pour apaiser le nerf et renforcer les dents. Son parfum \u00e0 la menthe rafra\u00eechit la bouche et laisse une bonne haleine et une sensation de propret\u00e9.<\/p>\n","protected":false},"excerpt":{"rendered":"<p>Bain de bouche \u00e0 la menthe fra\u00eeche offrant une protection longue dur\u00e9e contre la sensibilit\u00e9 et qui renforce les dents.<\/p>\n","protected":false},"featured_media":85822,"comment_status":"open","ping_status":"closed","template":"","meta":{"_joinchat":[]},"pwb-brand":[441],"product_cat":[272],"product_tag":[],"brands":[{"id":441,"name":"SENSODYNE","slug":"sensodyne"}],"_links":{"self":[{"href":"https:\/\/santepara.ma\/index.php?rest_route=\/wp\/v2\/product\/85823"}],"collection":[{"href":"https:\/\/santepara.ma\/index.php?rest_route=\/wp\/v2\/product"}],"about":[{"href":"https:\/\/santepara.ma\/index.php?rest_route=\/wp\/v2\/types\/product"}],"replies":[{"embeddable":true,"href":"https:\/\/santepara.ma\/index.php?rest_route=%2Fwp%2Fv2%2Fcomments&post=85823"}],"wp:featuredmedia":[{"embeddable":true,"href":"https:\/\/santepara.ma\/index.php?rest_route=\/wp\/v2\/media\/85822"}],"wp:attachment":[{"href":"https:\/\/santepara.ma\/index.php?rest_route=%2Fwp%2Fv2%2Fmedia&parent=85823"}],"wp:term":[{"taxonomy":"pwb-brand","embeddable":true,"href":"https:\/\/santepara.ma\/index.php?rest_route=%2Fwp%2Fv2%2Fpwb-brand&post=85823"},{"taxonomy":"product_cat","embeddable":true,"href":"https:\/\/santepara.ma\/index.php?rest_route=%2Fwp%2Fv2%2Fproduct_cat&post=85823"},{"taxonomy":"product_tag","embeddable":true,"href":"https:\/\/santepara.ma\/index.php?rest_route=%2Fwp%2Fv2%2Fproduct_tag&post=85823"}],"curies":[{"name":"wp","href":"https:\/\/api.w.org\/{rel}","templated":true}]}}