{"id":86003,"date":"2023-08-08T23:57:22","date_gmt":"2023-08-08T22:57:22","guid":{"rendered":"https:\/\/santepara.ma\/?product=janssen-cosmetics-platinum-care-creme-de-jour-50ml"},"modified":"2023-11-04T13:00:24","modified_gmt":"2023-11-04T12:00:24","slug":"janssen-cosmetics-platinum-care-creme-de-jour-50ml","status":"publish","type":"product","link":"https:\/\/santepara.ma\/?product=janssen-cosmetics-platinum-care-creme-de-jour-50ml","title":{"rendered":"Janssen Cosmetics Platinum care Cr\u00e8me de Jour 50ml"},"content":{"rendered":"<div class=\"descbox\">\n<p><strong>DESCRIPTION :<\/strong><\/p>\n<div class=\"desccontainer mb-2\"><span class=\"desc\">Cr\u00e8me de jour premium pour r\u00e9v\u00e9ler l\u2019\u00e9clat de la jeunesse et raffermir la peau. Avec le complexe unique Platinum-MP-Complex contenant platine collo\u00efdal, Matrixyl\u2122 Synthe\u20186\u2122, extrait d\u2019arbre \u00e0 soie et acide hyaluronique.<\/span><\/div>\n<\/div>\n<div class=\"descbox2\">\n<p><strong><strong>Conseils d&rsquo;Utilisation : <\/strong> <\/strong><\/p>\n<div class=\"desccontainer mb-2\">\n<p class=\"cs95E872D0\"><span class=\"csD5D7D290\">Appliquer la Cr\u00e8me de Jour le matin sur la peau pr\u00e9alablement trait\u00e9e avec l\u2019Effet S\u00e9rum et faire p\u00e9n\u00e9trer en massant l\u00e9g\u00e8rement.<\/span><\/p>\n<\/div>\n<\/div>\n<div class=\"descbox3\">\n<p><strong>INGR\u00c9DIENTS :<\/strong><\/p>\n<div class=\"desccontainer mb-2 nottruncated\">\n<p class=\"cs95E872D0\"><span class=\"cs31D24DEE\">\u2022 Platinum-MP-Complex :<\/span><\/p>\n<p class=\"cs95E872D0\"><span class=\"cs31D24DEE\">\u00a0 \u00a0\u00a0\u2022 Platine collo\u00efdal :\u00a0<\/span><span class=\"csD5D7D290\">procure une am\u00e9lioration imm\u00e9diatement visible du toucher de la peau<\/span><\/p>\n<p class=\"cs95E872D0\"><span class=\"cs31D24DEE\">\u00a0 \u00a0\u00a0\u2022 Matrixyl\u2122 Synthe\u20186\u2122 (Palmitoyl tripeptide-38) :\u00a0<\/span><span class=\"csD5D7D290\">principe actif antirides hautement efficace, les rides et ridules sont liss\u00e9es<\/span><\/p>\n<p class=\"cs95E872D0\"><span class=\"cs31D24DEE\">\u00a0 \u00a0\u00a0\u2022 Extrait d\u2019arbre \u00e0 soie :\u00a0<\/span><span class=\"csD5D7D290\">cet extrait de l\u2019\u00e9corce de l\u2019albizia (Albizia Julibrissin) aide \u00e0 pr\u00e9venir l\u2019apparition des signes de fatigue sur la peau (teint \u00a0\u00a0\u00a0\u00a0\u00a0\u00a0terne, traits du visage tir\u00e9s, etc.)<\/span><\/p>\n<p class=\"cs95E872D0\"><span class=\"cs31D24DEE\">\u2022 Beurre de mangue :\u00a0<\/span><span class=\"csD5D7D290\">pr\u00e9cieux lipide tir\u00e9 du noyau de la mangue tropicale ; cr\u00e9e un film de protection fin et nourrissant sur la peau<\/span><\/p>\n<p class=\"cs95E872D0\"><span class=\"cs31D24DEE\">\u2022 Ac\u00e9tate de Vitamine E :\u00a0<\/span><span class=\"csD5D7D290\">se transforme en vitamine E libre dans la peau et neutralise les radicaux libres responsables de dommages<\/span><\/p>\n<p class=\"cs95E872D0\"><span class=\"cs31D24DEE\">\u2022 Acide hyaluronique \u00e0 courte et longue cha\u00eene :\u00a0<\/span><span class=\"csD5D7D290\">hydrate intens\u00e9ment<\/span><\/p>\n<\/div>\n<\/div>\n","protected":false},"excerpt":{"rendered":"<p>DESCRIPTION : Cr\u00e8me de jour premium pour r\u00e9v\u00e9ler l\u2019\u00e9clat de la jeunesse et raffermir la peau. Avec le complexe unique<\/p>\n","protected":false},"featured_media":86002,"comment_status":"open","ping_status":"closed","template":"","meta":{"_joinchat":[]},"pwb-brand":[446],"product_cat":[132],"product_tag":[],"brands":[{"id":446,"name":"JANSSEN COSMETICS","slug":"janssen-cosmetics"}],"_links":{"self":[{"href":"https:\/\/santepara.ma\/index.php?rest_route=\/wp\/v2\/product\/86003"}],"collection":[{"href":"https:\/\/santepara.ma\/index.php?rest_route=\/wp\/v2\/product"}],"about":[{"href":"https:\/\/santepara.ma\/index.php?rest_route=\/wp\/v2\/types\/product"}],"replies":[{"embeddable":true,"href":"https:\/\/santepara.ma\/index.php?rest_route=%2Fwp%2Fv2%2Fcomments&post=86003"}],"wp:featuredmedia":[{"embeddable":true,"href":"https:\/\/santepara.ma\/index.php?rest_route=\/wp\/v2\/media\/86002"}],"wp:attachment":[{"href":"https:\/\/santepara.ma\/index.php?rest_route=%2Fwp%2Fv2%2Fmedia&parent=86003"}],"wp:term":[{"taxonomy":"pwb-brand","embeddable":true,"href":"https:\/\/santepara.ma\/index.php?rest_route=%2Fwp%2Fv2%2Fpwb-brand&post=86003"},{"taxonomy":"product_cat","embeddable":true,"href":"https:\/\/santepara.ma\/index.php?rest_route=%2Fwp%2Fv2%2Fproduct_cat&post=86003"},{"taxonomy":"product_tag","embeddable":true,"href":"https:\/\/santepara.ma\/index.php?rest_route=%2Fwp%2Fv2%2Fproduct_tag&post=86003"}],"curies":[{"name":"wp","href":"https:\/\/api.w.org\/{rel}","templated":true}]}}