{"id":86200,"date":"2023-08-08T23:58:11","date_gmt":"2023-08-08T22:58:11","guid":{"rendered":"https:\/\/santepara.ma\/?product=svr-topialyse-gel-lavant-400ml"},"modified":"2023-11-04T13:00:36","modified_gmt":"2023-11-04T12:00:36","slug":"svr-topialyse-gel-lavant-400ml","status":"publish","type":"product","link":"https:\/\/santepara.ma\/?product=svr-topialyse-gel-lavant-400ml","title":{"rendered":"SVR TOPIALYSE Gel Lavant 400ML"},"content":{"rendered":"<p>TOPIALYSE GEL LAVANT, nettoyant doux protecteur anti-dess\u00e8chement prot\u00e8ge de la t\u00eate aux pieds les peaux sensibles et s\u00e8ches de toute la famille.<\/p>\n<p>Pour toutes les peaux sensibles et s\u00e8ches. D\u00e8s la naissance, pour toute la famille. Corps, visage, cheveux, hygi\u00e8ne intime. Ne pique pas les yeux.<\/p>\n<p>TOPIALYSE GEL LAVANT, un nettoyant doux protecteur anti-dess\u00e8chement qui prot\u00e8ge de la t\u00eate aux pieds les peaux sensibles et s\u00e8ches de toute la famille.<\/p>\n<p>Il respecte le film hydrolipidique de la peau et aide \u00e0 r\u00e9duire les sensations de tiraillements et d\u2019inconfort pour une peau adoucie et un confort longue dur\u00e9e.<\/p>\n","protected":false},"excerpt":{"rendered":"<p>Nettoyant doux protecteur anti-dess\u00e8chement sans savon<\/p>\n","protected":false},"featured_media":86199,"comment_status":"open","ping_status":"closed","template":"","meta":{"_joinchat":[]},"pwb-brand":[456],"product_cat":[98,92],"product_tag":[],"brands":[{"id":456,"name":"SVR","slug":"svr"}],"_links":{"self":[{"href":"https:\/\/santepara.ma\/index.php?rest_route=\/wp\/v2\/product\/86200"}],"collection":[{"href":"https:\/\/santepara.ma\/index.php?rest_route=\/wp\/v2\/product"}],"about":[{"href":"https:\/\/santepara.ma\/index.php?rest_route=\/wp\/v2\/types\/product"}],"replies":[{"embeddable":true,"href":"https:\/\/santepara.ma\/index.php?rest_route=%2Fwp%2Fv2%2Fcomments&post=86200"}],"wp:featuredmedia":[{"embeddable":true,"href":"https:\/\/santepara.ma\/index.php?rest_route=\/wp\/v2\/media\/86199"}],"wp:attachment":[{"href":"https:\/\/santepara.ma\/index.php?rest_route=%2Fwp%2Fv2%2Fmedia&parent=86200"}],"wp:term":[{"taxonomy":"pwb-brand","embeddable":true,"href":"https:\/\/santepara.ma\/index.php?rest_route=%2Fwp%2Fv2%2Fpwb-brand&post=86200"},{"taxonomy":"product_cat","embeddable":true,"href":"https:\/\/santepara.ma\/index.php?rest_route=%2Fwp%2Fv2%2Fproduct_cat&post=86200"},{"taxonomy":"product_tag","embeddable":true,"href":"https:\/\/santepara.ma\/index.php?rest_route=%2Fwp%2Fv2%2Fproduct_tag&post=86200"}],"curies":[{"name":"wp","href":"https:\/\/api.w.org\/{rel}","templated":true}]}}