{"id":86242,"date":"2023-08-08T23:58:31","date_gmt":"2023-08-08T22:58:31","guid":{"rendered":"https:\/\/santepara.ma\/?product=spirial-spray-75ml"},"modified":"2023-11-04T13:00:38","modified_gmt":"2023-11-04T12:00:38","slug":"spirial-spray-75ml","status":"publish","type":"product","link":"https:\/\/santepara.ma\/?product=spirial-spray-75ml","title":{"rendered":"SPIRIAL SPRAY 75ML"},"content":{"rendered":"<p>Spirial spray anti-transpirant, le d\u00e9odorant soin qui allie douceur et efficacit\u00e9 48H pour toutes les peaux m\u00eame en cas de transpiration intense (sport, stress\u2026)<\/p>\n<p>Toutes les peaux m\u00eame les plus sensibles. Transpiration normale \u00e0 excessive. Adolescent, adulte. Aisselles, mains ou pieds.<\/p>\n<p>D\u00e9odorant, format compress\u00e9, \u00e0 l\u2019efficacit\u00e9 anti-transpirante intense 48h<sup>(1)\u00a0<\/sup>m\u00eame en situations extr\u00eames (sport, stress\u2026). Formul\u00e9 avec une haute concentration en agents sudo-r\u00e9gulateurs, il r\u00e9gule la transpiration, absorbe l\u2019humidit\u00e9 et lutte contre les mauvaises odeurs dans la plus haute tol\u00e9rance. Son fini sec imm\u00e9diat laisse place \u00e0 une peau douce et confortable sans laisser de traces blanches<\/p>\n<p>Appliquer quotidiennement sur peau propre et s\u00e8che. Aisselles, mains, pieds.<\/p>\n<p>Eviter le contact avec les yeux. Ne pas inhaler. Peut \u00eatre utilis\u00e9 post-\u00e9pilation\/rasage.<\/p>\n","protected":false},"excerpt":{"rendered":"<p>D\u00e9odorant anti-transpirant intense 48H<\/p>\n","protected":false},"featured_media":86241,"comment_status":"open","ping_status":"closed","template":"","meta":{"_joinchat":[]},"pwb-brand":[456],"product_cat":[129],"product_tag":[],"brands":[{"id":456,"name":"SVR","slug":"svr"}],"_links":{"self":[{"href":"https:\/\/santepara.ma\/index.php?rest_route=\/wp\/v2\/product\/86242"}],"collection":[{"href":"https:\/\/santepara.ma\/index.php?rest_route=\/wp\/v2\/product"}],"about":[{"href":"https:\/\/santepara.ma\/index.php?rest_route=\/wp\/v2\/types\/product"}],"replies":[{"embeddable":true,"href":"https:\/\/santepara.ma\/index.php?rest_route=%2Fwp%2Fv2%2Fcomments&post=86242"}],"wp:featuredmedia":[{"embeddable":true,"href":"https:\/\/santepara.ma\/index.php?rest_route=\/wp\/v2\/media\/86241"}],"wp:attachment":[{"href":"https:\/\/santepara.ma\/index.php?rest_route=%2Fwp%2Fv2%2Fmedia&parent=86242"}],"wp:term":[{"taxonomy":"pwb-brand","embeddable":true,"href":"https:\/\/santepara.ma\/index.php?rest_route=%2Fwp%2Fv2%2Fpwb-brand&post=86242"},{"taxonomy":"product_cat","embeddable":true,"href":"https:\/\/santepara.ma\/index.php?rest_route=%2Fwp%2Fv2%2Fproduct_cat&post=86242"},{"taxonomy":"product_tag","embeddable":true,"href":"https:\/\/santepara.ma\/index.php?rest_route=%2Fwp%2Fv2%2Fproduct_tag&post=86242"}],"curies":[{"name":"wp","href":"https:\/\/api.w.org\/{rel}","templated":true}]}}