{"id":86599,"date":"2023-08-08T23:59:55","date_gmt":"2023-08-08T22:59:55","guid":{"rendered":"https:\/\/santepara.ma\/?product=lca-pharma-aknorm-gel-moussant-purifiant-200ml"},"modified":"2024-11-07T09:17:10","modified_gmt":"2024-11-07T08:17:10","slug":"lca-pharma-aknorm-gel-moussant-purifiant-200ml","status":"publish","type":"product","link":"https:\/\/santepara.ma\/?product=lca-pharma-aknorm-gel-moussant-purifiant-200ml","title":{"rendered":"Lca Pharma AKNORM Gel moussant purifiant 200ml"},"content":{"rendered":"<p>Le gel moussant purifiant AKNORM b\u00e9n\u00e9ficie d\u2019une base lavante douce sans savon qui nettoie en douceur sans dess\u00e9cher. Sa mousse onctueuse \u00e9limine les impuret\u00e9s et l\u2019exc\u00e8s de s\u00e9bum tout en respectant l\u2019\u00e9piderme. Facile \u00e0 rincer et agr\u00e9ablement parfum\u00e9, il laisse la peau parfaitement nette, fra\u00eeche et purifi\u00e9e.<\/p>\n","protected":false},"excerpt":{"rendered":"<p>Sans savon \u2013 Non dess\u00e9chants \u2013 Haute rin\u00e7abilit\u00e9 \u2013 Visage et corps<\/p>\n","protected":false},"featured_media":86598,"comment_status":"open","ping_status":"closed","template":"","meta":{"_joinchat":[]},"pwb-brand":[458],"product_cat":[95,101],"product_tag":[],"brands":[{"id":458,"name":"LCA PHARMA","slug":"lca-pharma"}],"_links":{"self":[{"href":"https:\/\/santepara.ma\/index.php?rest_route=\/wp\/v2\/product\/86599"}],"collection":[{"href":"https:\/\/santepara.ma\/index.php?rest_route=\/wp\/v2\/product"}],"about":[{"href":"https:\/\/santepara.ma\/index.php?rest_route=\/wp\/v2\/types\/product"}],"replies":[{"embeddable":true,"href":"https:\/\/santepara.ma\/index.php?rest_route=%2Fwp%2Fv2%2Fcomments&post=86599"}],"wp:featuredmedia":[{"embeddable":true,"href":"https:\/\/santepara.ma\/index.php?rest_route=\/wp\/v2\/media\/86598"}],"wp:attachment":[{"href":"https:\/\/santepara.ma\/index.php?rest_route=%2Fwp%2Fv2%2Fmedia&parent=86599"}],"wp:term":[{"taxonomy":"pwb-brand","embeddable":true,"href":"https:\/\/santepara.ma\/index.php?rest_route=%2Fwp%2Fv2%2Fpwb-brand&post=86599"},{"taxonomy":"product_cat","embeddable":true,"href":"https:\/\/santepara.ma\/index.php?rest_route=%2Fwp%2Fv2%2Fproduct_cat&post=86599"},{"taxonomy":"product_tag","embeddable":true,"href":"https:\/\/santepara.ma\/index.php?rest_route=%2Fwp%2Fv2%2Fproduct_tag&post=86599"}],"curies":[{"name":"wp","href":"https:\/\/api.w.org\/{rel}","templated":true}]}}