{"id":86912,"date":"2023-08-09T00:01:20","date_gmt":"2023-08-08T23:01:20","guid":{"rendered":"https:\/\/santepara.ma\/?product=avent-natural-biberon-debit-lent-des-1-mois-tigre-260ml"},"modified":"2023-11-04T13:01:16","modified_gmt":"2023-11-04T12:01:16","slug":"avent-natural-biberon-debit-lent-des-1-mois-tigre-260ml","status":"publish","type":"product","link":"https:\/\/santepara.ma\/?product=avent-natural-biberon-debit-lent-des-1-mois-tigre-260ml","title":{"rendered":"AVENT NATURAL BIBERON DEBIT LENT DES 1 MOIS Tigre 260ML"},"content":{"rendered":"<p>La large t\u00e9tine, imitant la forme du sein, permet une t\u00e9t\u00e9e naturelle similaire \u00e0 celle du sein, ce qui facilite l&rsquo;alternance sein\/biberon pour votre b\u00e9b\u00e9.<\/p>\n<p>Les alv\u00e9oles de la t\u00e9tine renforcent sa douceur et sa souplesse, sans pour autant que la t\u00e9tine ne s&rsquo;\u00e9crase. Votre b\u00e9b\u00e9 profite ainsi d&rsquo;une t\u00e9t\u00e9e plus confortable.<\/p>\n<p>Le syst\u00e8me innovant de double valve est con\u00e7u pour diminuer les coliques et l&rsquo;inconfort en faisant rentrer l&rsquo;air dans le biberon, et non dans l&rsquo;estomac de b\u00e9b\u00e9<\/p>\n<p>Gr\u00e2ce \u00e0 sa forme unique, ce biberon est facile \u00e0 tenir quel qu&rsquo;en soit le sens, pour un maximum de confort, m\u00eame pour les petites mains de votre enfant.<\/p>\n<p>Le biberon Natural Philips Avent est compatible avec toute la gamme Philips Avent, \u00e0 l&rsquo;exception des poign\u00e9es de tasse et des biberons Classic. Nous vous conseillons d&rsquo;utiliser uniquement les biberons Natural avec les t\u00e9tines Natural.<\/p>\n<p>T\u00e9tine<\/p>\n<ul class=\"p-bullets\">\n<li>\n<div>Alv\u00e9oles de confort uniques<\/div>\n<\/li>\n<li>\n<div>Syst\u00e8me anti-coliques perfectionn\u00e9<\/div>\n<\/li>\n<li>\n<div>T\u00e9tine ultra-douce et souple<\/div>\n<\/li>\n<li>\n<div>T\u00e9t\u00e9e naturelle<\/div>\n<\/li>\n<\/ul>\n","protected":false},"excerpt":{"rendered":"<p>La large t\u00e9tine, imitant la forme du sein, permet une t\u00e9t\u00e9e naturelle similaire \u00e0 celle du sein, ce qui facilite<\/p>\n","protected":false},"featured_media":86911,"comment_status":"open","ping_status":"closed","template":"","meta":{"_joinchat":[]},"pwb-brand":[251],"product_cat":[238],"product_tag":[],"brands":[{"id":251,"name":"AVENT","slug":"avent"}],"_links":{"self":[{"href":"https:\/\/santepara.ma\/index.php?rest_route=\/wp\/v2\/product\/86912"}],"collection":[{"href":"https:\/\/santepara.ma\/index.php?rest_route=\/wp\/v2\/product"}],"about":[{"href":"https:\/\/santepara.ma\/index.php?rest_route=\/wp\/v2\/types\/product"}],"replies":[{"embeddable":true,"href":"https:\/\/santepara.ma\/index.php?rest_route=%2Fwp%2Fv2%2Fcomments&post=86912"}],"wp:featuredmedia":[{"embeddable":true,"href":"https:\/\/santepara.ma\/index.php?rest_route=\/wp\/v2\/media\/86911"}],"wp:attachment":[{"href":"https:\/\/santepara.ma\/index.php?rest_route=%2Fwp%2Fv2%2Fmedia&parent=86912"}],"wp:term":[{"taxonomy":"pwb-brand","embeddable":true,"href":"https:\/\/santepara.ma\/index.php?rest_route=%2Fwp%2Fv2%2Fpwb-brand&post=86912"},{"taxonomy":"product_cat","embeddable":true,"href":"https:\/\/santepara.ma\/index.php?rest_route=%2Fwp%2Fv2%2Fproduct_cat&post=86912"},{"taxonomy":"product_tag","embeddable":true,"href":"https:\/\/santepara.ma\/index.php?rest_route=%2Fwp%2Fv2%2Fproduct_tag&post=86912"}],"curies":[{"name":"wp","href":"https:\/\/api.w.org\/{rel}","templated":true}]}}