{"id":87048,"date":"2023-08-09T00:01:57","date_gmt":"2023-08-08T23:01:57","guid":{"rendered":"https:\/\/santepara.ma\/?product=uriage-bariesun-100-fluide-protecteur-extreme-spf50-50ml"},"modified":"2026-03-23T10:49:39","modified_gmt":"2026-03-23T09:49:39","slug":"uriage-bariesun-100-fluide-protecteur-extreme-spf50-50ml","status":"publish","type":"product","link":"https:\/\/santepara.ma\/?product=uriage-bariesun-100-fluide-protecteur-extreme-spf50-50ml","title":{"rendered":"URIAGE BARI\u00c9SUN 100 FLUIDE PROTECTEUR EXTR\u00caME SPF50+ 50ml"},"content":{"rendered":"<div class=\"c-product__intro u-intro\">\n<p>Toute l\u2019expertise d\u2019Uriage pour prot\u00e9ger les peaux les plus intol\u00e9rantes au soleil. Une protection extr\u00eame, pour la pr\u00e9vention des dommages cutan\u00e9s li\u00e9s aux UV associ\u00e9 \u00e0 une gal\u00e9nique ultra-sensorielle. Texture fluide, ultra-confortable, fini invisible et r\u00e9sistant \u00e0 l\u2019eau.<\/p>\n<\/div>\n<div class=\"c-product__description c-content\">\n<p><strong>PHOTOPROTECTION OPTIMALE :\u00a0<\/strong>Son complexe filtrant associ\u00e9 \u00e0 l\u2019Eau Thermale d\u2019Uriage permet une protection extr\u00eame contre les UVA et UVB.<\/p>\n<p>Association brevet\u00e9e PVP+ POLYQUATERNIUM limite la p\u00e9n\u00e9tration des filtres synth\u00e9tiques \u00e0 la surface de l\u2019\u00e9piderme et optimise la photoprotection<\/p>\n<p><strong>PREVENTION DU PHOTOVIEILLISSEMENT :<\/strong>\u00a0Les laboratoires dermatologiques d\u2019Uriage ont d\u00e9velopp\u00e9 un brevet qui permet de r\u00e9duire les dommages cellulaires dus aux UV et \u00e0 la lumi\u00e8re bleue en limitant la formation des t\u00e9lom\u00e8res courts qui participent au vieillissement de la peau<\/p>\n<p><strong>ACTION ANTI-OXYDANTE :<\/strong>\u00a0Vitamine C&amp;E + Eau thermale d\u2019Uriage<\/p>\n<p><strong>ACTION ANTI-DESHYDRATATION :<\/strong> Enrichi en Aquaspongines le fluide assure une protection intense contre la d\u00e9shydratation.<\/p>\n<\/div>\n<p><strong><strong>Conseils d&rsquo;Utilisation : <\/strong> <\/strong><\/p>\n<p>Avant l\u2019exposition, appliquer une dose suffisante pour bien couvrir la zone expos\u00e9e, par exemple l\u2019\u00e9quivalent de deux pressions de produit pour le visage, le cou et le d\u00e9collet\u00e9. La r\u00e9duction de cette quantit\u00e9 diminue le niveau de protection. Renouveler l\u2019application fr\u00e9quemment, surtout apr\u00e8s avoir transpir\u00e9, nag\u00e9 ou s\u2019\u00eatre essuy\u00e9. M\u00eame bien prot\u00e9g\u00e9, r\u00e9duire au maximum l\u2019exposition. Ne pas exposer les b\u00e9b\u00e9s et les jeunes enfants directement au soleil. Eviter le contact avec les yeux.<\/p>\n","protected":false},"excerpt":{"rendered":"<div class=\"c-product__resume c-resume theme-orange\">\n<ul>\n<li>Flacon-pompe airless 50ml<\/li>\n<li>ID\u00c9AL POURVisage, Corps<\/li>\n<\/ul>\n<\/div>\n<div class=\"c-product__intro u-intro\"><\/div>\n","protected":false},"featured_media":87047,"comment_status":"open","ping_status":"closed","template":"","meta":{"_joinchat":[]},"pwb-brand":[321],"product_cat":[180],"product_tag":[],"brands":[{"id":321,"name":"URIAGE","slug":"uriage"}],"_links":{"self":[{"href":"https:\/\/santepara.ma\/index.php?rest_route=\/wp\/v2\/product\/87048"}],"collection":[{"href":"https:\/\/santepara.ma\/index.php?rest_route=\/wp\/v2\/product"}],"about":[{"href":"https:\/\/santepara.ma\/index.php?rest_route=\/wp\/v2\/types\/product"}],"replies":[{"embeddable":true,"href":"https:\/\/santepara.ma\/index.php?rest_route=%2Fwp%2Fv2%2Fcomments&post=87048"}],"wp:featuredmedia":[{"embeddable":true,"href":"https:\/\/santepara.ma\/index.php?rest_route=\/wp\/v2\/media\/87047"}],"wp:attachment":[{"href":"https:\/\/santepara.ma\/index.php?rest_route=%2Fwp%2Fv2%2Fmedia&parent=87048"}],"wp:term":[{"taxonomy":"pwb-brand","embeddable":true,"href":"https:\/\/santepara.ma\/index.php?rest_route=%2Fwp%2Fv2%2Fpwb-brand&post=87048"},{"taxonomy":"product_cat","embeddable":true,"href":"https:\/\/santepara.ma\/index.php?rest_route=%2Fwp%2Fv2%2Fproduct_cat&post=87048"},{"taxonomy":"product_tag","embeddable":true,"href":"https:\/\/santepara.ma\/index.php?rest_route=%2Fwp%2Fv2%2Fproduct_tag&post=87048"}],"curies":[{"name":"wp","href":"https:\/\/api.w.org\/{rel}","templated":true}]}}