{"id":87252,"date":"2023-08-09T00:02:49","date_gmt":"2023-08-08T23:02:49","guid":{"rendered":"https:\/\/santepara.ma\/?product=racine-vita-sulfurine-savon-au-soufre-80gr"},"modified":"2023-11-04T13:01:33","modified_gmt":"2023-11-04T12:01:33","slug":"racine-vita-sulfurine-savon-au-soufre-80gr","status":"publish","type":"product","link":"https:\/\/santepara.ma\/?product=racine-vita-sulfurine-savon-au-soufre-80gr","title":{"rendered":"Racine vita sulfurine savon au soufre 80gr"},"content":{"rendered":"<p>Savon a base de soufre, antiseptique antibact\u00e9rien et fongicide indiqu\u00e9 particuli\u00e8rement pour les peaux grasses ou peaux \u00e0 probl\u00e8mes (acn\u00e9, d\u00e9mangeaisons, ecz\u00e9ma, psoriasis\u2026).<\/p>\n<p>Savon doux et non gras, il nettoie et d\u00e9sincruste en profondeur les impuret\u00e9s de la peau, r\u00e9gule l\u2019exc\u00e8s de s\u00e9bum, et soulage les d\u00e9mangeaisons cutan\u00e9es.<\/p>\n<p><strong>Mode d\u2019utilisation\u00a0:<\/strong><\/p>\n<p>Hygi\u00e8ne quotidienne pour peaux grasses, peaux sensibles, et peaux \u00e0 probl\u00e8mes apr\u00e8s un massage doux, laisser agir la mousse obtenue quelques minutes, tout en veillant \u00e0 prot\u00e9ger les zones oculaire (\u0153il et annexes).<\/p>\n","protected":false},"excerpt":{"rendered":"<p>Savon a base de soufre, antiseptique antibact\u00e9rien et fongicide indiqu\u00e9 particuli\u00e8rement pour les peaux grasses ou peaux \u00e0 probl\u00e8mes (acn\u00e9,<\/p>\n","protected":false},"featured_media":87251,"comment_status":"open","ping_status":"closed","template":"","meta":{"_joinchat":[]},"pwb-brand":[417],"product_cat":[98],"product_tag":[],"brands":[{"id":417,"name":"RACINE-VITA","slug":"racine-vita"}],"_links":{"self":[{"href":"https:\/\/santepara.ma\/index.php?rest_route=\/wp\/v2\/product\/87252"}],"collection":[{"href":"https:\/\/santepara.ma\/index.php?rest_route=\/wp\/v2\/product"}],"about":[{"href":"https:\/\/santepara.ma\/index.php?rest_route=\/wp\/v2\/types\/product"}],"replies":[{"embeddable":true,"href":"https:\/\/santepara.ma\/index.php?rest_route=%2Fwp%2Fv2%2Fcomments&post=87252"}],"wp:featuredmedia":[{"embeddable":true,"href":"https:\/\/santepara.ma\/index.php?rest_route=\/wp\/v2\/media\/87251"}],"wp:attachment":[{"href":"https:\/\/santepara.ma\/index.php?rest_route=%2Fwp%2Fv2%2Fmedia&parent=87252"}],"wp:term":[{"taxonomy":"pwb-brand","embeddable":true,"href":"https:\/\/santepara.ma\/index.php?rest_route=%2Fwp%2Fv2%2Fpwb-brand&post=87252"},{"taxonomy":"product_cat","embeddable":true,"href":"https:\/\/santepara.ma\/index.php?rest_route=%2Fwp%2Fv2%2Fproduct_cat&post=87252"},{"taxonomy":"product_tag","embeddable":true,"href":"https:\/\/santepara.ma\/index.php?rest_route=%2Fwp%2Fv2%2Fproduct_tag&post=87252"}],"curies":[{"name":"wp","href":"https:\/\/api.w.org\/{rel}","templated":true}]}}