{"id":87344,"date":"2023-08-09T00:03:11","date_gmt":"2023-08-08T23:03:11","guid":{"rendered":"https:\/\/santepara.ma\/?product=urgo-spray-froid-150ml"},"modified":"2023-11-04T13:01:38","modified_gmt":"2023-11-04T12:01:38","slug":"urgo-spray-froid-150ml","status":"publish","type":"product","link":"https:\/\/santepara.ma\/?product=urgo-spray-froid-150ml","title":{"rendered":"Urgo Spray Froid 150Ml"},"content":{"rendered":"<p>Apr\u00e8s un traumatisme (blessure des tissus musculaires et\/ou tendino-ligamentaires), un processus de cicatrisation des tissus se met en place.<\/p>\n<p>La premi\u00e8re phase de cicatrisation est l\u2019inflammation (chaleur, rougeur, \u0153d\u00e8me, douleur). Cette phase douloureuse est tr\u00e8s consommatrice d\u2019\u00e9nergie et d\u00e9gage de la chaleur.<\/p>\n<p>L\u2019application de froid va ainsi ralentir fortement l\u2019inflammation et soulager la douleur.<\/p>\n<p><strong><strong>Conseils d&rsquo;Utilisation : <\/strong> <\/strong><\/p>\n<p>Pulv\u00e9riser \u00e0 10 cm de la partie du corps \u00e0 traiter en prot\u00e9geant la peau avec une compresse ou un linge. Proc\u00e9der par br\u00e8ves pressions, sans pulv\u00e9risation prolong\u00e9e. Arr\u00eater la pulv\u00e9risation d\u00e8s l\u2019apparition de givre. Recommencer l\u2019op\u00e9ration si n\u00e9cessaire jusqu\u2018\u00e0 obtenir le froid d\u00e9sir\u00e9. On peut constater \u00e0 l\u2019usage une baisse sensible du froid dans les derni\u00e8res secondes de pulv\u00e9risation.<\/p>\n<p>&nbsp;<\/p>\n","protected":false},"excerpt":{"rendered":"<p>Apr\u00e8s un traumatisme (blessure des tissus musculaires et\/ou tendino-ligamentaires), un processus de cicatrisation des tissus se met en place. La<\/p>\n","protected":false},"featured_media":87341,"comment_status":"open","ping_status":"closed","template":"","meta":{"_joinchat":[]},"pwb-brand":[443],"product_cat":[95,101],"product_tag":[],"brands":[{"id":443,"name":"URGO","slug":"urgo"}],"_links":{"self":[{"href":"https:\/\/santepara.ma\/index.php?rest_route=\/wp\/v2\/product\/87344"}],"collection":[{"href":"https:\/\/santepara.ma\/index.php?rest_route=\/wp\/v2\/product"}],"about":[{"href":"https:\/\/santepara.ma\/index.php?rest_route=\/wp\/v2\/types\/product"}],"replies":[{"embeddable":true,"href":"https:\/\/santepara.ma\/index.php?rest_route=%2Fwp%2Fv2%2Fcomments&post=87344"}],"wp:featuredmedia":[{"embeddable":true,"href":"https:\/\/santepara.ma\/index.php?rest_route=\/wp\/v2\/media\/87341"}],"wp:attachment":[{"href":"https:\/\/santepara.ma\/index.php?rest_route=%2Fwp%2Fv2%2Fmedia&parent=87344"}],"wp:term":[{"taxonomy":"pwb-brand","embeddable":true,"href":"https:\/\/santepara.ma\/index.php?rest_route=%2Fwp%2Fv2%2Fpwb-brand&post=87344"},{"taxonomy":"product_cat","embeddable":true,"href":"https:\/\/santepara.ma\/index.php?rest_route=%2Fwp%2Fv2%2Fproduct_cat&post=87344"},{"taxonomy":"product_tag","embeddable":true,"href":"https:\/\/santepara.ma\/index.php?rest_route=%2Fwp%2Fv2%2Fproduct_tag&post=87344"}],"curies":[{"name":"wp","href":"https:\/\/api.w.org\/{rel}","templated":true}]}}