{"id":87638,"date":"2023-08-09T00:04:57","date_gmt":"2023-08-08T23:04:57","guid":{"rendered":"https:\/\/santepara.ma\/?product=photo-white-ecran-invisible-spf-50"},"modified":"2024-06-28T17:22:15","modified_gmt":"2024-06-28T16:22:15","slug":"photo-white-ecran-invisible-spf-50","status":"publish","type":"product","link":"https:\/\/santepara.ma\/?product=photo-white-ecran-invisible-spf-50","title":{"rendered":"Photo White Ecran Invisible Spf 50+"},"content":{"rendered":"<p><span>Cr\u00e8me solaire \u00e0 large spectre \u00e0 texture l\u00e9g\u00e8re, adapt\u00e9e aux peaux sensibles ayant tendance \u00e0 d\u00e9velopper des taches cutan\u00e9es et des intol\u00e9rances au soleil.\u00a0<\/span><span>Une utilisation quotidienne permet une protection intensive contre l&rsquo;action des radicaux libres induite par les rayons UV et donc un traitement efficace contre le photo-vieillissement.\u00a0<\/span><span>La pr\u00e9sence d&rsquo;un inhibiteur de l&rsquo;enzyme tyrosinase neutralise la formation de taches cutan\u00e9es photo-induites.<\/span><\/p>\n","protected":false},"excerpt":{"rendered":"<p>Texture l\u00e9g\u00e8re invisible sur la peau<\/p>\n<p>Action antioxydante<\/p>\n<p>Action \u00e9clairante<\/p>\n","protected":false},"featured_media":87637,"comment_status":"open","ping_status":"closed","template":"","meta":{"_joinchat":[]},"pwb-brand":[535],"product_cat":[180],"product_tag":[],"brands":[{"id":535,"name":"PHOTO WHITE","slug":"photo-white"}],"_links":{"self":[{"href":"https:\/\/santepara.ma\/index.php?rest_route=\/wp\/v2\/product\/87638"}],"collection":[{"href":"https:\/\/santepara.ma\/index.php?rest_route=\/wp\/v2\/product"}],"about":[{"href":"https:\/\/santepara.ma\/index.php?rest_route=\/wp\/v2\/types\/product"}],"replies":[{"embeddable":true,"href":"https:\/\/santepara.ma\/index.php?rest_route=%2Fwp%2Fv2%2Fcomments&post=87638"}],"wp:featuredmedia":[{"embeddable":true,"href":"https:\/\/santepara.ma\/index.php?rest_route=\/wp\/v2\/media\/87637"}],"wp:attachment":[{"href":"https:\/\/santepara.ma\/index.php?rest_route=%2Fwp%2Fv2%2Fmedia&parent=87638"}],"wp:term":[{"taxonomy":"pwb-brand","embeddable":true,"href":"https:\/\/santepara.ma\/index.php?rest_route=%2Fwp%2Fv2%2Fpwb-brand&post=87638"},{"taxonomy":"product_cat","embeddable":true,"href":"https:\/\/santepara.ma\/index.php?rest_route=%2Fwp%2Fv2%2Fproduct_cat&post=87638"},{"taxonomy":"product_tag","embeddable":true,"href":"https:\/\/santepara.ma\/index.php?rest_route=%2Fwp%2Fv2%2Fproduct_tag&post=87638"}],"curies":[{"name":"wp","href":"https:\/\/api.w.org\/{rel}","templated":true}]}}