{"id":88002,"date":"2023-08-09T00:07:01","date_gmt":"2023-08-08T23:07:01","guid":{"rendered":"https:\/\/santepara.ma\/?product=martiderm-platinum-contour-des-yeux-210-ml"},"modified":"2026-02-25T16:33:50","modified_gmt":"2026-02-25T15:33:50","slug":"martiderm-platinum-contour-des-yeux-210-ml","status":"publish","type":"product","link":"https:\/\/santepara.ma\/?product=martiderm-platinum-contour-des-yeux-210-ml","title":{"rendered":"Martiderm platinum contour des yeux 2*10 ml"},"content":{"rendered":"<h3 class=\"tabs-title\">Description<\/h3>\n<div class=\"std new-std\">\n<p>MARTIDERM<\/p>\n<p>Platinum<\/p>\n<p>Eye Correct<\/p>\n<p>Soin contour des yeux<\/p>\n<p>Tous types de peaux<\/p>\n<p>2x10ml<\/p>\n<div id=\"descripcion-producto\">Eye Correct est un soin du contour des yeux qui r\u00e9duit visiblement les poches et les cernes et les camoufle.<\/p>\n<p>La formule est pr\u00e9sent\u00e9e en deux produits compl\u00e9mentaires : Eye Correct Day, une \u00e9mulsion teint\u00e9e qui camoufle les cernes pour illuminer le regard, et Eye Correct Night, un gel qui procure un effet rafra\u00eechissant et d\u00e9congestionnant pour un regard plus repos\u00e9.<\/p>\n<p>Eye Correct est le soin quotidien id\u00e9al pour le traitement du contour des yeux.<\/p>\n<p>Gr\u00e2ce \u00e0 sa nouvelle formule Day &amp; Night, il assure un traitement int\u00e9gral pour la r\u00e9duction des poches et des cernes et permet d&rsquo;am\u00e9liorer la luminosit\u00e9, d&rsquo;unifier le teint et d&rsquo;obtenir un regard plus repos\u00e9 et d\u00e9tendu.<\/p><\/div>\n<div>\n<h3 class=\"tabs-title\">Conseils d&rsquo;utilisation:<\/h3>\n<div class=\"std new-std\">\n<p>Utiliser tous les jours le matin\/le soir.<\/p>\n<p>Appliquer une petite quantit\u00e9 de produit (moiti\u00e9 d&rsquo;un grain de riz) sur le contour des yeux.<\/p>\n<p>Masser doucement du bout des doigts, du coin externe vers le coin interne de l&rsquo;\u0153il, jusqu&rsquo;\u00e0 l&rsquo;obtention d&rsquo;une couleur uniforme avec le teint de la peau ou, dans le cas de Eye Correct Night, jusqu&rsquo;\u00e0 absorption compl\u00e8te.<\/p>\n<h3 class=\"tabs-title\">Composition:<\/h3>\n<div class=\"std new-std\">\n<p>Formules INCI :<\/p>\n<p>Eye correct day : Aqua (water), cyclopentasiloxane, titanium dioxide, propanediol, PEG-10 dimethicone, hydrogenated polydecene, silica, caprylic\/capric glycerides, dicaprylyl ther, dimethicone, tocopheryl acetate, tranexamid acid, butylene glycol, PEG\/PPG-18\/18 Dimethicone, Magnesium Sulfate, Phytonadione Epoxide, Sodium chloride, epigallocatechin gallatyl glucoside, acetyl tetrapeptide-5, tocopherol, polyhydroxystearic acid, disteardimonium hextorite, disodium EDTA, disodium Stearoyl Glutamate, Gallyl Glucoside, Propyl Gallate, Aluminium Hydroxide, phenoxyethanol, ethylhexylglycerin, benzyl alcohol, dehydroacetic acid, CI 77492 (iron oxides), CI77492 (iron oxides), CI77499 (iron oxides).<\/p>\n<p>Eye correct night : Aqua (water), isohexadecane, propanediol, dodecane, ammonium acryloyldimethyltaurate\/VP Copolymer, Tranexamic Acid, Butylene glycol, Caprylic\/Capric\/Myristic\/Stearic triglyceride, phytonadione epoxide, propylene glycol, tocopheryl acetate, bisabolol, echinacea augustifolia extract, epigallocatechin gallatyl glucoside, acetyl tetrapeptide-5, tocopherol, disodium EDTA, Gallyl Glucoside, Propyl Gallate, Phenoxyethanol, Ethylhexylglycerin, Potassium Sorbate, Benzyl alcohol, Dehydroacetic acid.<\/p>\n<\/div>\n<\/div>\n<\/div>\n<\/div>\n","protected":false},"excerpt":{"rendered":"<p>MartiDerm est sans cesse \u00e0 la recherche d\u2019options pour couvrir tous les besoins et les aspects de votre peau. C\u2019est pourquoi nous pr\u00e9sentons un contour des yeux r\u00e9volutionnaire en deux \u00e9tapes pour combattre, de mani\u00e8re sp\u00e9cifique, les poches et les cernes, et ainsi donner \u00e0 votre regard la beaut\u00e9 qu\u2019il m\u00e9rite.<\/p>\n<p>&nbsp;<\/p>\n","protected":false},"featured_media":88001,"comment_status":"open","ping_status":"closed","template":"","meta":{"_joinchat":[]},"pwb-brand":[558],"product_cat":[132,86],"product_tag":[],"brands":[{"id":558,"name":"MARTIDERM","slug":"martiderm"}],"_links":{"self":[{"href":"https:\/\/santepara.ma\/index.php?rest_route=\/wp\/v2\/product\/88002"}],"collection":[{"href":"https:\/\/santepara.ma\/index.php?rest_route=\/wp\/v2\/product"}],"about":[{"href":"https:\/\/santepara.ma\/index.php?rest_route=\/wp\/v2\/types\/product"}],"replies":[{"embeddable":true,"href":"https:\/\/santepara.ma\/index.php?rest_route=%2Fwp%2Fv2%2Fcomments&post=88002"}],"wp:featuredmedia":[{"embeddable":true,"href":"https:\/\/santepara.ma\/index.php?rest_route=\/wp\/v2\/media\/88001"}],"wp:attachment":[{"href":"https:\/\/santepara.ma\/index.php?rest_route=%2Fwp%2Fv2%2Fmedia&parent=88002"}],"wp:term":[{"taxonomy":"pwb-brand","embeddable":true,"href":"https:\/\/santepara.ma\/index.php?rest_route=%2Fwp%2Fv2%2Fpwb-brand&post=88002"},{"taxonomy":"product_cat","embeddable":true,"href":"https:\/\/santepara.ma\/index.php?rest_route=%2Fwp%2Fv2%2Fproduct_cat&post=88002"},{"taxonomy":"product_tag","embeddable":true,"href":"https:\/\/santepara.ma\/index.php?rest_route=%2Fwp%2Fv2%2Fproduct_tag&post=88002"}],"curies":[{"name":"wp","href":"https:\/\/api.w.org\/{rel}","templated":true}]}}