{"id":88133,"date":"2023-08-09T00:07:36","date_gmt":"2023-08-08T23:07:36","guid":{"rendered":"https:\/\/santepara.ma\/?product=acm-boreade-global-soin-complet-anti-imperfections-40ml"},"modified":"2026-02-23T13:08:09","modified_gmt":"2026-02-23T12:08:09","slug":"acm-boreade-global-soin-complet-anti-imperfections-40ml","status":"publish","type":"product","link":"https:\/\/santepara.ma\/?product=acm-boreade-global-soin-complet-anti-imperfections-40ml","title":{"rendered":"ACM BOR\u00c9ADE GLOBAL SOIN COMPLET ANTI-IMPERFECTIONS 40ml"},"content":{"rendered":"<p>Gr\u00e2ce \u00e0 son complexe S.M.A associ\u00e9 \u00e0 des AHA \u00e0 lib\u00e9ration prolong\u00e9e et de l\u2019acide salicylique, Bor\u00e9ade Global pr\u00e9vient l\u2019apparition des imperfections et favorise la disparition des boutons et des points noirs. Il affine le grain de peau et resserre les pores. Il neutralise la brillance\u00a0tout en hydratant la peau.<\/p>\n<p>Ce soin contient \u00e9galement des peptides de lupin et des peptides de quinoa issus du commerce \u00e9quitable reconnus pour leur propri\u00e9t\u00e9s apaisantes et anti-irritantes.<\/p>\n<p>Jour apr\u00e8s jour, la peau est apais\u00e9e et assainie sans \u00eatre dess\u00e9ch\u00e9e, son relief est plus r\u00e9gulier et le teint est unifi\u00e9.<\/p>\n<p>&nbsp;<\/p>\n<p><strong><strong>Conseils d&rsquo;Utilisation : <\/strong> <\/strong><\/p>\n<p>Appliquer matin et soir sur le visage propre et sec, id\u00e9alement pendant 2 mois pour des r\u00e9sultats optimums. Peut servir de base de maquillage. Lors de l\u2019application, une l\u00e9g\u00e8re sensation de picotements peut survenir. Cette manifestation passag\u00e8re est li\u00e9e \u00e0 l\u2019activit\u00e9 du produit.<\/p>\n<p>&nbsp;<\/p>\n","protected":false},"excerpt":{"rendered":"<p><strong>CE SOIN COMPLET CORRIGE EFFICACEMENT LES IMPERFECTIONS CUTAN\u00c9ES D\u00c8S 6 SEMAINES ET AIDE\u00a0\u00c0 PR\u00c9VENIR LEUR R\u00c9APPARITION POUR UNE PEAU ASSAINIE ET UN RELIEF PLUS R\u00c9GULIER.<\/strong><\/p>\n","protected":false},"featured_media":88132,"comment_status":"open","ping_status":"closed","template":"","meta":{"_joinchat":[]},"pwb-brand":[225],"product_cat":[281],"product_tag":[],"brands":[{"id":225,"name":"ACM","slug":"acm"}],"_links":{"self":[{"href":"https:\/\/santepara.ma\/index.php?rest_route=\/wp\/v2\/product\/88133"}],"collection":[{"href":"https:\/\/santepara.ma\/index.php?rest_route=\/wp\/v2\/product"}],"about":[{"href":"https:\/\/santepara.ma\/index.php?rest_route=\/wp\/v2\/types\/product"}],"replies":[{"embeddable":true,"href":"https:\/\/santepara.ma\/index.php?rest_route=%2Fwp%2Fv2%2Fcomments&post=88133"}],"wp:featuredmedia":[{"embeddable":true,"href":"https:\/\/santepara.ma\/index.php?rest_route=\/wp\/v2\/media\/88132"}],"wp:attachment":[{"href":"https:\/\/santepara.ma\/index.php?rest_route=%2Fwp%2Fv2%2Fmedia&parent=88133"}],"wp:term":[{"taxonomy":"pwb-brand","embeddable":true,"href":"https:\/\/santepara.ma\/index.php?rest_route=%2Fwp%2Fv2%2Fpwb-brand&post=88133"},{"taxonomy":"product_cat","embeddable":true,"href":"https:\/\/santepara.ma\/index.php?rest_route=%2Fwp%2Fv2%2Fproduct_cat&post=88133"},{"taxonomy":"product_tag","embeddable":true,"href":"https:\/\/santepara.ma\/index.php?rest_route=%2Fwp%2Fv2%2Fproduct_tag&post=88133"}],"curies":[{"name":"wp","href":"https:\/\/api.w.org\/{rel}","templated":true}]}}