{"id":88434,"date":"2023-08-09T00:08:59","date_gmt":"2023-08-08T23:08:59","guid":{"rendered":"https:\/\/santepara.ma\/?product=tricovel-ampoules-anti-chute-103-5ml"},"modified":"2026-02-24T13:01:16","modified_gmt":"2026-02-24T12:01:16","slug":"tricovel-ampoules-anti-chute-103-5ml","status":"publish","type":"product","link":"https:\/\/santepara.ma\/?product=tricovel-ampoules-anti-chute-103-5ml","title":{"rendered":"Tricovel Ampoules anti-chute 10*3.5ml"},"content":{"rendered":"<div id=\"center_column\" class=\"center_column col-xs-12 col-sm-9\">\n<div>\n<section id=\"idTab1\" class=\"page-product-box\">\n<div class=\"rte\">\n<p>Le complexe innovant Physiogenin favorise le processus physiologique d&rsquo;auto-r\u00e9paration cellulaire pour le bien-\u00eatre des cheveux. Il contient \u00e9galement des actifs uniques et un complexe antioxydant brevet\u00e9 qui prot\u00e8ge les cheveux de l&rsquo;action des radicaux libres g\u00e9n\u00e9r\u00e9e par le stress psycho-physique, une mauvaise alimentation, le tabagisme, la pollution.<\/p>\n<p>Sa formule est combin\u00e9e avec la commodit\u00e9 d&rsquo;une seule application tous les trois jours, garantie par la technologie de lib\u00e9ration Triactive3.<\/p>\n<p>Tricovel Ampoule avec Physiogenin ne laisse pas les cheveux gras, lourds et secs rapidement.<\/p>\n<p>Il est formul\u00e9 pour minimiser les ph\u00e9nom\u00e8nes irritants.<\/p>\n<p>&nbsp;<\/p>\n<p><strong>CONSEILS D&rsquo;UTILISATION<\/strong> :<\/p>\n<p>&nbsp;<\/p>\n<p>Appliquer une ampoule tous les 3 jours. Un cycle de 3 mois est recommand\u00e9.<\/p>\n<p>1- Pour ouvrir l&rsquo;ampoule, tournez la boule de fermeture vers le haut jusqu&rsquo;\u00e0 ce qu&rsquo;elle soit retir\u00e9e.<\/p>\n<p>2- Pour doser le produit, enfoncez le distributeur dans la canule. Appliquez le contenu d&rsquo;une ampoule sur le cuir chevelu.<\/p>\n<p>3- Masser jusqu&rsquo;\u00e0 absorption compl\u00e8te. Ne pas rincer. Le produit peut \u00eatre appliqu\u00e9 sur un cuir chevelu sec ou humide et une serviette.<\/p>\n<\/div>\n<\/section>\n<\/div>\n<\/div>\n<div id=\"right_column\" class=\"col-xs-12 col-sm-3 column\">\n<div id=\"wishlist_block\" class=\"block account\"><\/div>\n<\/div>\n","protected":false},"excerpt":{"rendered":"<p>Tricovel Physiogenina Ampoules est le traitement cosm\u00e9tique d&rsquo;appoint qui aide \u00e0 lutter contre la chute temporaire des cheveux chez les hommes et les femmes, revitalise et pr\u00e9serve et prolonge leur dur\u00e9e de vie.<\/p>\n<p>&nbsp;<\/p>\n<p>&nbsp;<\/p>\n","protected":false},"featured_media":88433,"comment_status":"open","ping_status":"closed","template":"","meta":{"_joinchat":[]},"pwb-brand":[596],"product_cat":[106,95,83,107],"product_tag":[],"brands":[{"id":596,"name":"TRICOVEL","slug":"tricovel"}],"_links":{"self":[{"href":"https:\/\/santepara.ma\/index.php?rest_route=\/wp\/v2\/product\/88434"}],"collection":[{"href":"https:\/\/santepara.ma\/index.php?rest_route=\/wp\/v2\/product"}],"about":[{"href":"https:\/\/santepara.ma\/index.php?rest_route=\/wp\/v2\/types\/product"}],"replies":[{"embeddable":true,"href":"https:\/\/santepara.ma\/index.php?rest_route=%2Fwp%2Fv2%2Fcomments&post=88434"}],"wp:featuredmedia":[{"embeddable":true,"href":"https:\/\/santepara.ma\/index.php?rest_route=\/wp\/v2\/media\/88433"}],"wp:attachment":[{"href":"https:\/\/santepara.ma\/index.php?rest_route=%2Fwp%2Fv2%2Fmedia&parent=88434"}],"wp:term":[{"taxonomy":"pwb-brand","embeddable":true,"href":"https:\/\/santepara.ma\/index.php?rest_route=%2Fwp%2Fv2%2Fpwb-brand&post=88434"},{"taxonomy":"product_cat","embeddable":true,"href":"https:\/\/santepara.ma\/index.php?rest_route=%2Fwp%2Fv2%2Fproduct_cat&post=88434"},{"taxonomy":"product_tag","embeddable":true,"href":"https:\/\/santepara.ma\/index.php?rest_route=%2Fwp%2Fv2%2Fproduct_tag&post=88434"}],"curies":[{"name":"wp","href":"https:\/\/api.w.org\/{rel}","templated":true}]}}