{"id":88583,"date":"2023-08-09T00:09:38","date_gmt":"2023-08-08T23:09:38","guid":{"rendered":"https:\/\/santepara.ma\/?product=polident-corega-original-40gr"},"modified":"2023-11-04T13:02:44","modified_gmt":"2023-11-04T12:02:44","slug":"polident-corega-original-40gr","status":"publish","type":"product","link":"https:\/\/santepara.ma\/?product=polident-corega-original-40gr","title":{"rendered":"Polident corega original 40gr"},"content":{"rendered":"<p>La cr\u00e8me fixative Polident Original fixe votre appareil dentaire et emp\u00eache ses mouvements vers l&rsquo;avant, l&rsquo;arri\u00e8re et les c\u00f4t\u00e9s de votre bouche, pour une journ\u00e9e en toute confiance.<\/p>\n<p>Pour proth\u00e8ses dentaires partielles ou compl\u00e8tes.<\/p>\n<p>Sans zinc<\/p>\n","protected":false},"excerpt":{"rendered":"<p>Cr\u00e8me fixative pour proth\u00e8se partielle ou compl\u00e8te<\/p>\n","protected":false},"featured_media":88582,"comment_status":"open","ping_status":"closed","template":"","meta":{"_joinchat":[]},"pwb-brand":[612],"product_cat":[82],"product_tag":[],"brands":[{"id":612,"name":"POLIDENT","slug":"polident"}],"_links":{"self":[{"href":"https:\/\/santepara.ma\/index.php?rest_route=\/wp\/v2\/product\/88583"}],"collection":[{"href":"https:\/\/santepara.ma\/index.php?rest_route=\/wp\/v2\/product"}],"about":[{"href":"https:\/\/santepara.ma\/index.php?rest_route=\/wp\/v2\/types\/product"}],"replies":[{"embeddable":true,"href":"https:\/\/santepara.ma\/index.php?rest_route=%2Fwp%2Fv2%2Fcomments&post=88583"}],"wp:featuredmedia":[{"embeddable":true,"href":"https:\/\/santepara.ma\/index.php?rest_route=\/wp\/v2\/media\/88582"}],"wp:attachment":[{"href":"https:\/\/santepara.ma\/index.php?rest_route=%2Fwp%2Fv2%2Fmedia&parent=88583"}],"wp:term":[{"taxonomy":"pwb-brand","embeddable":true,"href":"https:\/\/santepara.ma\/index.php?rest_route=%2Fwp%2Fv2%2Fpwb-brand&post=88583"},{"taxonomy":"product_cat","embeddable":true,"href":"https:\/\/santepara.ma\/index.php?rest_route=%2Fwp%2Fv2%2Fproduct_cat&post=88583"},{"taxonomy":"product_tag","embeddable":true,"href":"https:\/\/santepara.ma\/index.php?rest_route=%2Fwp%2Fv2%2Fproduct_tag&post=88583"}],"curies":[{"name":"wp","href":"https:\/\/api.w.org\/{rel}","templated":true}]}}