{"id":88633,"date":"2023-08-09T00:09:56","date_gmt":"2023-08-08T23:09:56","guid":{"rendered":"https:\/\/santepara.ma\/?product=kintex-sirop-100-ml"},"modified":"2023-11-04T13:02:47","modified_gmt":"2023-11-04T12:02:47","slug":"kintex-sirop-100-ml","status":"publish","type":"product","link":"https:\/\/santepara.ma\/?product=kintex-sirop-100-ml","title":{"rendered":"Kintex Sirop 100 Ml"},"content":{"rendered":"<p><strong>&#8211; Le sirop kintex\u00a0 Confort respiratoire a \u00e9t\u00e9 sp\u00e9cialement con\u00e7u pour apporter un confort respiratoire lors de d\u00e9sagr\u00e9ments hivernaux.<\/strong><\/p>\n<p><strong>&#8211; Sa formule \u00e0 base de plantes adoucit et d\u00e9gage les voies respiratoires tout en renfor\u00e7ant la r\u00e9sistance naturelle.<\/strong><\/p>\n","protected":false},"excerpt":{"rendered":"<div class=\"pb-left-column col-xs-12 col-sm-4 col-md-5\">\n<div id=\"image-block\" class=\"clearfix\"><\/div>\n<\/div>\n<div class=\"pb-center-column col-xs-12 col-sm-4\">\n<h3>KINTEX Sirop Confort Respiratoire 100ml<\/h3>\n<\/div>\n","protected":false},"featured_media":88632,"comment_status":"open","ping_status":"closed","template":"","meta":{"_joinchat":[]},"pwb-brand":[620],"product_cat":[82,91],"product_tag":[],"brands":[{"id":620,"name":"KINTEX","slug":"kintex"}],"_links":{"self":[{"href":"https:\/\/santepara.ma\/index.php?rest_route=\/wp\/v2\/product\/88633"}],"collection":[{"href":"https:\/\/santepara.ma\/index.php?rest_route=\/wp\/v2\/product"}],"about":[{"href":"https:\/\/santepara.ma\/index.php?rest_route=\/wp\/v2\/types\/product"}],"replies":[{"embeddable":true,"href":"https:\/\/santepara.ma\/index.php?rest_route=%2Fwp%2Fv2%2Fcomments&post=88633"}],"wp:featuredmedia":[{"embeddable":true,"href":"https:\/\/santepara.ma\/index.php?rest_route=\/wp\/v2\/media\/88632"}],"wp:attachment":[{"href":"https:\/\/santepara.ma\/index.php?rest_route=%2Fwp%2Fv2%2Fmedia&parent=88633"}],"wp:term":[{"taxonomy":"pwb-brand","embeddable":true,"href":"https:\/\/santepara.ma\/index.php?rest_route=%2Fwp%2Fv2%2Fpwb-brand&post=88633"},{"taxonomy":"product_cat","embeddable":true,"href":"https:\/\/santepara.ma\/index.php?rest_route=%2Fwp%2Fv2%2Fproduct_cat&post=88633"},{"taxonomy":"product_tag","embeddable":true,"href":"https:\/\/santepara.ma\/index.php?rest_route=%2Fwp%2Fv2%2Fproduct_tag&post=88633"}],"curies":[{"name":"wp","href":"https:\/\/api.w.org\/{rel}","templated":true}]}}