{"id":88800,"date":"2023-08-09T00:10:50","date_gmt":"2023-08-08T23:10:50","guid":{"rendered":"https:\/\/santepara.ma\/?product=codexial-oleozinc-tube-50ml"},"modified":"2023-11-04T13:02:56","modified_gmt":"2023-11-04T12:02:56","slug":"codexial-oleozinc-tube-50ml","status":"publish","type":"product","link":"https:\/\/santepara.ma\/?product=codexial-oleozinc-tube-50ml","title":{"rendered":"Codexial Oleozinc Tube 50ml"},"content":{"rendered":"<div id=\"description\">\n<div class=\"titre_zone_desc\"><strong>DESCRIPTION :<\/strong><\/div>\n<div class=\"content_zone_desc tabcontent\">\n<div id=\"type_info_prio_11_1\">\n<p>Codexial OleoZinc P\u00e2te Protectrice 50 ml est une p\u00e2te isolante et r\u00e9paratrice pour prot\u00e9ger et soulager les zones irritables, fragiles ou g\u00e9n\u00e9ratrices de grattage (\u00e9piderme, fessier, plis, p\u00e9rin\u00e9e) chez le nourrisson, l&rsquo;enfant et l&rsquo;adulte.<\/p>\n<p>Sans conservateurs ni parfum, il contient de l&rsquo;Oxyde de Zinc pour ses propri\u00e9t\u00e9s isolantes et r\u00e9paratrices, de l&rsquo;Amidon de Riz pour apaiser la peau, de la Vaseline et de la Glyc\u00e9rine pour la prot\u00e9ger et l&rsquo;hydrater.<\/p>\n<p>Test\u00e9e sous contr\u00f4le dermatologique.<\/p>\n<p>Fabriqu\u00e9e en France.<\/p>\n<\/div>\n<\/div>\n<\/div>\n<div>\n<div class=\"bloc_depliable\">\n<div class=\"titre_zone_desc bloc_depliable_zone_click\">\n<div><strong>CONSEIL D&rsquo;UTILISATION :<\/strong><\/div>\n<\/div>\n<div class=\"content_zone_desc bloc_depliable_cnt cnt_deplie tabcontent\">\n<div>\n<div id=\"type_info_prio_6_1\">\n<p>Appliquer 1 \u00e0 2 fois par jour.<\/p>\n<\/div>\n<div class=\"description_indication\"><span class=\"bold\">Indication<\/span>\u00a0:\u00a0<span id=\"type_info_prio_6_2_1\">Soin apaisant des zones irritables. Pour adultes, enfants, nourrissons.<\/span><\/div>\n<\/div>\n<\/div>\n<\/div>\n<div class=\"bloc_depliable\">\n<div class=\"titre_zone_desc bloc_depliable_zone_click\">\n<div><\/div>\n<div><strong><strong>Composition : <\/strong> <\/strong><\/div>\n<\/div>\n<div class=\"content_zone_desc bloc_depliable_cnt tabcontent cnt_deplie\">\n<div class=\"longcompo\">\n<p>Paraffinum Liquidum, Zinc Oxide, Cera Microcristallina, Glycerin, Oryza Sativa Starch, Paraffin, PEG-7 Hydrogenated Castor Oil.<\/p>\n<\/div>\n<\/div>\n<\/div>\n<\/div>\n","protected":false},"excerpt":{"rendered":"<p><strong>OleoZinc\u00a0prot\u00e8ge, r\u00e9pare et apaise la peau irrit\u00e9e.<\/strong><\/p>\n","protected":false},"featured_media":88799,"comment_status":"open","ping_status":"closed","template":"","meta":{"_joinchat":[]},"pwb-brand":[296],"product_cat":[190],"product_tag":[],"brands":[{"id":296,"name":"CODEXIAL","slug":"codexial"}],"_links":{"self":[{"href":"https:\/\/santepara.ma\/index.php?rest_route=\/wp\/v2\/product\/88800"}],"collection":[{"href":"https:\/\/santepara.ma\/index.php?rest_route=\/wp\/v2\/product"}],"about":[{"href":"https:\/\/santepara.ma\/index.php?rest_route=\/wp\/v2\/types\/product"}],"replies":[{"embeddable":true,"href":"https:\/\/santepara.ma\/index.php?rest_route=%2Fwp%2Fv2%2Fcomments&post=88800"}],"wp:featuredmedia":[{"embeddable":true,"href":"https:\/\/santepara.ma\/index.php?rest_route=\/wp\/v2\/media\/88799"}],"wp:attachment":[{"href":"https:\/\/santepara.ma\/index.php?rest_route=%2Fwp%2Fv2%2Fmedia&parent=88800"}],"wp:term":[{"taxonomy":"pwb-brand","embeddable":true,"href":"https:\/\/santepara.ma\/index.php?rest_route=%2Fwp%2Fv2%2Fpwb-brand&post=88800"},{"taxonomy":"product_cat","embeddable":true,"href":"https:\/\/santepara.ma\/index.php?rest_route=%2Fwp%2Fv2%2Fproduct_cat&post=88800"},{"taxonomy":"product_tag","embeddable":true,"href":"https:\/\/santepara.ma\/index.php?rest_route=%2Fwp%2Fv2%2Fproduct_tag&post=88800"}],"curies":[{"name":"wp","href":"https:\/\/api.w.org\/{rel}","templated":true}]}}