{"id":89253,"date":"2023-08-09T00:13:05","date_gmt":"2023-08-08T23:13:05","guid":{"rendered":"https:\/\/santepara.ma\/?product=gum-proxabross-coniq-micro-fine-2314m6"},"modified":"2023-11-04T13:03:20","modified_gmt":"2023-11-04T12:03:20","slug":"gum-proxabross-coniq-micro-fine-2314m6","status":"publish","type":"product","link":"https:\/\/santepara.ma\/?product=gum-proxabross-coniq-micro-fine-2314m6","title":{"rendered":"Gum Proxabross Coniq-Micro Fine 2314M6"},"content":{"rendered":"<h2>Description<\/h2>\n<p>Les\u00a0<strong>Brossettes Interdentaires 0,9mm Bi-Direction GUM<\/strong>\u00a0sont \u00e9labor\u00e9es pour le\u00a0<strong>nettoyage des espaces interdentaires<\/strong>.<\/p>\n<p>Gr\u00e2ce \u00e0 leur\u00a0<strong>double position<\/strong>, ces brossettes\u00a0<strong>\u00e9liminent efficacement les d\u00e9bris alimentaires r\u00e9siduels et la plaque dentaire<\/strong>.<\/p>\n<p>Les Brossettes Interdentaires 0,9mm Bi-Direction GUM poss\u00e8dent des\u00a0<strong>brins impr\u00e9gn\u00e9s de Chlorhexidine<\/strong>\u00a0pour maintenir la brossette propre entre chaque utilisation.<\/p>\n<h2>Conseils d\u2019utilisation<\/h2>\n<p>Utilisez la brossette au moins une fois par jour, de pr\u00e9f\u00e9rence le soir apr\u00e8s le d\u00eener.<\/p>\n<p>Ins\u00e9rez la brossette dans les espaces interdentaires \u00e0 nettoyer et effectuez d\u00e9licatement plusieurs mouvements horizontaux.<\/p>\n","protected":false},"excerpt":{"rendered":"<p>Les\u00a0Brossettes Interdentaires 0,9mm Bi-Direction GUM permettent de nettoyer efficacement les espaces interdentaires ant\u00e9rieurs et post\u00e9rieurs.<\/p>\n<p>Un pack contient 6 brossettes.<\/p>\n","protected":false},"featured_media":89252,"comment_status":"open","ping_status":"closed","template":"","meta":{"_joinchat":[]},"pwb-brand":[520],"product_cat":[302],"product_tag":[],"brands":[{"id":520,"name":"G.U.M","slug":"g-u-m"}],"_links":{"self":[{"href":"https:\/\/santepara.ma\/index.php?rest_route=\/wp\/v2\/product\/89253"}],"collection":[{"href":"https:\/\/santepara.ma\/index.php?rest_route=\/wp\/v2\/product"}],"about":[{"href":"https:\/\/santepara.ma\/index.php?rest_route=\/wp\/v2\/types\/product"}],"replies":[{"embeddable":true,"href":"https:\/\/santepara.ma\/index.php?rest_route=%2Fwp%2Fv2%2Fcomments&post=89253"}],"wp:featuredmedia":[{"embeddable":true,"href":"https:\/\/santepara.ma\/index.php?rest_route=\/wp\/v2\/media\/89252"}],"wp:attachment":[{"href":"https:\/\/santepara.ma\/index.php?rest_route=%2Fwp%2Fv2%2Fmedia&parent=89253"}],"wp:term":[{"taxonomy":"pwb-brand","embeddable":true,"href":"https:\/\/santepara.ma\/index.php?rest_route=%2Fwp%2Fv2%2Fpwb-brand&post=89253"},{"taxonomy":"product_cat","embeddable":true,"href":"https:\/\/santepara.ma\/index.php?rest_route=%2Fwp%2Fv2%2Fproduct_cat&post=89253"},{"taxonomy":"product_tag","embeddable":true,"href":"https:\/\/santepara.ma\/index.php?rest_route=%2Fwp%2Fv2%2Fproduct_tag&post=89253"}],"curies":[{"name":"wp","href":"https:\/\/api.w.org\/{rel}","templated":true}]}}