{"id":89297,"date":"2023-08-09T00:13:17","date_gmt":"2023-08-08T23:13:17","guid":{"rendered":"https:\/\/santepara.ma\/?product=body-fine-echarpe-de-bras-gm"},"modified":"2023-11-04T13:03:22","modified_gmt":"2023-11-04T12:03:22","slug":"body-fine-echarpe-de-bras-gm","status":"publish","type":"product","link":"https:\/\/santepara.ma\/?product=body-fine-echarpe-de-bras-gm","title":{"rendered":"Body Fine Echarpe de bras Gm"},"content":{"rendered":"<p><strong>Body Fine Echarpe de bras Gm<\/strong><\/p>\n<p>1) Prot\u00e9ger et stabiliser le bras et l&rsquo;\u00e9paule bless\u00e9s<\/p>\n<p>2) Support bras fractur\u00e9<\/p>\n<p>3) Aide \u00e0 immobiliser le bras apr\u00e8s une chirurgie ou un pl\u00e2tre<\/p>\n","protected":false},"excerpt":{"rendered":"<p>Body Fine Echarpe de bras Gm<\/p>\n","protected":false},"featured_media":89296,"comment_status":"open","ping_status":"closed","template":"","meta":{"_joinchat":[]},"pwb-brand":[656],"product_cat":[609],"product_tag":[],"brands":[{"id":656,"name":"BODY FINE","slug":"body-fine"}],"_links":{"self":[{"href":"https:\/\/santepara.ma\/index.php?rest_route=\/wp\/v2\/product\/89297"}],"collection":[{"href":"https:\/\/santepara.ma\/index.php?rest_route=\/wp\/v2\/product"}],"about":[{"href":"https:\/\/santepara.ma\/index.php?rest_route=\/wp\/v2\/types\/product"}],"replies":[{"embeddable":true,"href":"https:\/\/santepara.ma\/index.php?rest_route=%2Fwp%2Fv2%2Fcomments&post=89297"}],"wp:featuredmedia":[{"embeddable":true,"href":"https:\/\/santepara.ma\/index.php?rest_route=\/wp\/v2\/media\/89296"}],"wp:attachment":[{"href":"https:\/\/santepara.ma\/index.php?rest_route=%2Fwp%2Fv2%2Fmedia&parent=89297"}],"wp:term":[{"taxonomy":"pwb-brand","embeddable":true,"href":"https:\/\/santepara.ma\/index.php?rest_route=%2Fwp%2Fv2%2Fpwb-brand&post=89297"},{"taxonomy":"product_cat","embeddable":true,"href":"https:\/\/santepara.ma\/index.php?rest_route=%2Fwp%2Fv2%2Fproduct_cat&post=89297"},{"taxonomy":"product_tag","embeddable":true,"href":"https:\/\/santepara.ma\/index.php?rest_route=%2Fwp%2Fv2%2Fproduct_tag&post=89297"}],"curies":[{"name":"wp","href":"https:\/\/api.w.org\/{rel}","templated":true}]}}