{"id":89375,"date":"2023-08-09T00:13:43","date_gmt":"2023-08-08T23:13:43","guid":{"rendered":"https:\/\/santepara.ma\/?product=centaurea-creme-hydratante-spf30-50ml"},"modified":"2023-11-04T13:03:27","modified_gmt":"2023-11-04T12:03:27","slug":"centaurea-creme-hydratante-spf30-50ml","status":"publish","type":"product","link":"https:\/\/santepara.ma\/?product=centaurea-creme-hydratante-spf30-50ml","title":{"rendered":"Centaurea Creme Hydratante spf30 50ml"},"content":{"rendered":"<div dir=\"auto\">CENTAUREA cr\u00e8me hydratante est d\u00e9di\u00e9e aux peaux s\u00e8ches \u00e0 tr\u00e8s s\u00e8ches, et pr\u00e9vient le dess\u00e8chement cutan\u00e9 et soutient le processus de r\u00e9g\u00e9n\u00e9ration de la peau. CENTAUREA cr\u00e8me hydratante sa texture l\u00e9g\u00e8re, p\u00e9n\u00e8tre instantan\u00e9ment, hydrate votre peau en profondeur, illumine votre teint et procure un confort imm\u00e9diat et durable.<\/div>\n<div dir=\"auto\">Sa texture fine et velout\u00e9e, laisse la peau douce et souple.<\/div>\n","protected":false},"excerpt":{"rendered":"<p>CENTAUREA cr\u00e8me hydratante est d\u00e9di\u00e9e aux peaux s\u00e8ches \u00e0 tr\u00e8s s\u00e8ches, et pr\u00e9vient le dess\u00e8chement cutan\u00e9 et soutient le processus<\/p>\n","protected":false},"featured_media":89374,"comment_status":"open","ping_status":"closed","template":"","meta":{"_joinchat":[]},"pwb-brand":[660],"product_cat":[82,83],"product_tag":[],"brands":[{"id":660,"name":"Centaurea","slug":"centaurea"}],"_links":{"self":[{"href":"https:\/\/santepara.ma\/index.php?rest_route=\/wp\/v2\/product\/89375"}],"collection":[{"href":"https:\/\/santepara.ma\/index.php?rest_route=\/wp\/v2\/product"}],"about":[{"href":"https:\/\/santepara.ma\/index.php?rest_route=\/wp\/v2\/types\/product"}],"replies":[{"embeddable":true,"href":"https:\/\/santepara.ma\/index.php?rest_route=%2Fwp%2Fv2%2Fcomments&post=89375"}],"wp:featuredmedia":[{"embeddable":true,"href":"https:\/\/santepara.ma\/index.php?rest_route=\/wp\/v2\/media\/89374"}],"wp:attachment":[{"href":"https:\/\/santepara.ma\/index.php?rest_route=%2Fwp%2Fv2%2Fmedia&parent=89375"}],"wp:term":[{"taxonomy":"pwb-brand","embeddable":true,"href":"https:\/\/santepara.ma\/index.php?rest_route=%2Fwp%2Fv2%2Fpwb-brand&post=89375"},{"taxonomy":"product_cat","embeddable":true,"href":"https:\/\/santepara.ma\/index.php?rest_route=%2Fwp%2Fv2%2Fproduct_cat&post=89375"},{"taxonomy":"product_tag","embeddable":true,"href":"https:\/\/santepara.ma\/index.php?rest_route=%2Fwp%2Fv2%2Fproduct_tag&post=89375"}],"curies":[{"name":"wp","href":"https:\/\/api.w.org\/{rel}","templated":true}]}}