{"id":89432,"date":"2023-08-09T00:14:01","date_gmt":"2023-08-08T23:14:01","guid":{"rendered":"https:\/\/santepara.ma\/?product=forcapil-shampoing-fortifiant-200ml"},"modified":"2023-11-04T13:03:30","modified_gmt":"2023-11-04T12:03:30","slug":"forcapil-shampoing-fortifiant-200ml","status":"publish","type":"product","link":"https:\/\/santepara.ma\/?product=forcapil-shampoing-fortifiant-200ml","title":{"rendered":"Forcapil Shampoing Fortifiant 200ml"},"content":{"rendered":"<p>FORCAPIL\u00ae SHAMPOING FORTIFIANT\u00a0: REVITALISER ET RENFORCER VOS CHEVEUX\u00a0!<\/p>\n<p>Les agressions ext\u00e9rieures, les lissages \u00e0 r\u00e9p\u00e9tition, la chaleur du s\u00e8che-cheveux, le stress\u2026 peuvent mettre \u00e0 mal vos cheveux.<\/p>\n<p>La formule de\u00a0<strong>Forcapil\u00ae Shampoing Fortifiant\u00a0fortifie et renforce<\/strong>\u00a0la fibre capillaire d\u00e8s sa racine,\u00a0<strong>dynamise<\/strong>\u00a0et apporte\u00a0<strong>vitalit\u00e9<\/strong>\u00a0aux cheveux et les prot\u00e8ge au quotidien.<\/p>\n<p>Elle contient de la\u00a0<strong>k\u00e9ratine hydrolys\u00e9e<\/strong>\u00a0identique \u00e0 98% \u00e0 celle rentrant dans la composition du cheveu. L\u2019objectif est de\u00a0<strong>r\u00e9parer la k\u00e9ratine<\/strong>\u00a0des cheveux en la nourrissant des \u00e9l\u00e9ments qui la composent. La k\u00e9ratine va permettre de\u00a0<strong>prot\u00e9ger<\/strong>\u00a0le cheveux en l&rsquo;enveloppant, en le\u00a0<strong>r\u00e9parant<\/strong>\u00a0et ainsi en le\u00a0<strong>fortifiant pour \u00e9viter la casse<\/strong>\u00a0!<\/p>\n<p><strong>Forcapil\u00ae Shampoing Fortifiant<\/strong>\u00a0contient \u00e9galement de la\u00a0<strong>provitamine B5<\/strong>\u00a0(le Panth\u00e9nol), constituant majeur du coenzyme A qui poss\u00e8de un r\u00f4le cl\u00e9 dans le m\u00e9canisme de r\u00e9paration des cellules et tissus. Cette vitamine contribue \u00e0 une bonne\u00a0<strong>hydratation du cheveu<\/strong>, le\u00a0<strong>renforce<\/strong>\u00a0et\u00a0<strong>augmente sa brillance<\/strong>.<\/p>\n<p><strong><strong>Conseils d&rsquo;Utilisation : <\/strong> <\/strong><\/p>\n<div class=\"field--field-product-usage product__usage\">\n<ul>\n<li>Appliquer sur les cheveux mouill\u00e9s, faire mousser et rincer \u00e0 l\u2019eau.<\/li>\n<li>Fr\u00e9quence : 1 \u00e0 2 fois par semaine.<\/li>\n<\/ul>\n<\/div>\n<div class=\"field--field-product-recommendati product__recommendati\"><\/div>\n","protected":false},"excerpt":{"rendered":"<p>FORCAPIL\u00ae SHAMPOING FORTIFIANT\u00a0: REVITALISER ET RENFORCER VOS CHEVEUX\u00a0! Les agressions ext\u00e9rieures, les lissages \u00e0 r\u00e9p\u00e9tition, la chaleur du s\u00e8che-cheveux, le<\/p>\n","protected":false},"featured_media":89431,"comment_status":"open","ping_status":"closed","template":"","meta":{"_joinchat":[]},"pwb-brand":[383],"product_cat":[72,144],"product_tag":[],"brands":[{"id":383,"name":"ARKOPHARMA","slug":"arkopharma"}],"_links":{"self":[{"href":"https:\/\/santepara.ma\/index.php?rest_route=\/wp\/v2\/product\/89432"}],"collection":[{"href":"https:\/\/santepara.ma\/index.php?rest_route=\/wp\/v2\/product"}],"about":[{"href":"https:\/\/santepara.ma\/index.php?rest_route=\/wp\/v2\/types\/product"}],"replies":[{"embeddable":true,"href":"https:\/\/santepara.ma\/index.php?rest_route=%2Fwp%2Fv2%2Fcomments&post=89432"}],"wp:featuredmedia":[{"embeddable":true,"href":"https:\/\/santepara.ma\/index.php?rest_route=\/wp\/v2\/media\/89431"}],"wp:attachment":[{"href":"https:\/\/santepara.ma\/index.php?rest_route=%2Fwp%2Fv2%2Fmedia&parent=89432"}],"wp:term":[{"taxonomy":"pwb-brand","embeddable":true,"href":"https:\/\/santepara.ma\/index.php?rest_route=%2Fwp%2Fv2%2Fpwb-brand&post=89432"},{"taxonomy":"product_cat","embeddable":true,"href":"https:\/\/santepara.ma\/index.php?rest_route=%2Fwp%2Fv2%2Fproduct_cat&post=89432"},{"taxonomy":"product_tag","embeddable":true,"href":"https:\/\/santepara.ma\/index.php?rest_route=%2Fwp%2Fv2%2Fproduct_tag&post=89432"}],"curies":[{"name":"wp","href":"https:\/\/api.w.org\/{rel}","templated":true}]}}