{"id":89918,"date":"2023-08-09T00:16:35","date_gmt":"2023-08-08T23:16:35","guid":{"rendered":"https:\/\/santepara.ma\/?product=curasept-dentifrice-naturel-bio-ecobio-75ml"},"modified":"2023-11-04T13:03:53","modified_gmt":"2023-11-04T12:03:53","slug":"curasept-dentifrice-naturel-bio-ecobio-75ml","status":"publish","type":"product","link":"https:\/\/santepara.ma\/?product=curasept-dentifrice-naturel-bio-ecobio-75ml","title":{"rendered":"Curasept Dentifrice naturel bio EcoBio 75mL"},"content":{"rendered":"<p><strong>Aux extraits de plantes BIO, le dentifrice naturel bio, EcoBio CURASEPT\u00a0<\/strong>renforce les d\u00e9fenses naturelles des dents et des gencives et pr\u00e9vient la formation de la plaque dentaire.<\/p>\n<p>Il contient du\u00a0<strong>Xylitol<\/strong>\u00a0qui rend le pH de la bouche moins acide et du\u00a0<strong>Calcium<\/strong>\u00a0pour prot\u00e9ger l\u2019\u00e9mail de la d\u00e9min\u00e9ralisation.<\/p>\n<p>Les\u00a0<strong>extraits naturels de plantes,\u00a0<\/strong>par leur action assainissante et apaisante, contribuent \u00e0 maintenir les muqueuses en bonne sant\u00e9.<\/p>\n<p>Le m\u00e9lange d\u2019<strong>huiles essentielles d\u2019Eucalyptus et Fenouil\u00a0<\/strong>procure une agr\u00e9able sensation de fraicheur durable.<\/p>\n<p><strong>Sans menthol ni fluor<\/strong>, il est COMPATIBLE avec l\u2019HOM\u00c9OPATHIE.<\/p>\n<p>Notre dentifrice naturel bio est certifi\u00e9 produit naturel et respectueux de l\u2019environnement.<\/p>\n<p>Pour un r\u00e9sultat optimal, il est recommand\u00e9 d\u2019utiliser le dentifrice en association avec le bain de bouche CURASEPT ECOBIO.<\/p>\n<p>Usage quotidien \u2013 75 ml<\/p>\n","protected":false},"excerpt":{"rendered":"<p>Aux extraits de plantes BIO, le dentifrice naturel bio, EcoBio CURASEPT\u00a0renforce les d\u00e9fenses naturelles des dents et des gencives et<\/p>\n","protected":false},"featured_media":89917,"comment_status":"open","ping_status":"closed","template":"","meta":{"_joinchat":[]},"pwb-brand":[689],"product_cat":[271,303],"product_tag":[],"brands":[{"id":689,"name":"CURASEPT","slug":"curasept"}],"_links":{"self":[{"href":"https:\/\/santepara.ma\/index.php?rest_route=\/wp\/v2\/product\/89918"}],"collection":[{"href":"https:\/\/santepara.ma\/index.php?rest_route=\/wp\/v2\/product"}],"about":[{"href":"https:\/\/santepara.ma\/index.php?rest_route=\/wp\/v2\/types\/product"}],"replies":[{"embeddable":true,"href":"https:\/\/santepara.ma\/index.php?rest_route=%2Fwp%2Fv2%2Fcomments&post=89918"}],"wp:featuredmedia":[{"embeddable":true,"href":"https:\/\/santepara.ma\/index.php?rest_route=\/wp\/v2\/media\/89917"}],"wp:attachment":[{"href":"https:\/\/santepara.ma\/index.php?rest_route=%2Fwp%2Fv2%2Fmedia&parent=89918"}],"wp:term":[{"taxonomy":"pwb-brand","embeddable":true,"href":"https:\/\/santepara.ma\/index.php?rest_route=%2Fwp%2Fv2%2Fpwb-brand&post=89918"},{"taxonomy":"product_cat","embeddable":true,"href":"https:\/\/santepara.ma\/index.php?rest_route=%2Fwp%2Fv2%2Fproduct_cat&post=89918"},{"taxonomy":"product_tag","embeddable":true,"href":"https:\/\/santepara.ma\/index.php?rest_route=%2Fwp%2Fv2%2Fproduct_tag&post=89918"}],"curies":[{"name":"wp","href":"https:\/\/api.w.org\/{rel}","templated":true}]}}