{"id":90019,"date":"2023-08-09T00:17:01","date_gmt":"2023-08-08T23:17:01","guid":{"rendered":"https:\/\/santepara.ma\/?product=cantabria-labs-vitilium-50-ml"},"modified":"2023-11-04T13:03:57","modified_gmt":"2023-11-04T12:03:57","slug":"cantabria-labs-vitilium-50-ml","status":"publish","type":"product","link":"https:\/\/santepara.ma\/?product=cantabria-labs-vitilium-50-ml","title":{"rendered":"Cantabria Labs Vitilium 50 ml"},"content":{"rendered":"<ul>\n<li>Fernblock\u00ae aide a\u00cc la repigmentation, antioxydant et immunomodulateur<\/li>\n<li>Curcuma antioxydant et anti-inflammatoire<\/li>\n<li>\u00a0SOD, prote\u00ccge contre le stress oxydatif et aide l\u2019organisme a\u00cc utiliser Zn, Mn, Cu<\/li>\n<\/ul>\n<p><strong>Compositions :<\/strong><\/p>\n<p>Avec des ingre\u00ecdients actifs, Fernblock\u00ae, Curcuma et SOD, qui contribuent a\u00cc la pigmentation de la peau pre\u00ecsentant des carences pigmentaires et prote\u00ccgent du stress oxydatif.<\/p>\n<p><strong><strong>Conseils d&rsquo;Utilisation : <\/strong> <\/strong><\/p>\n<p>une \u00e0 deux fois par jour sur les zones touche\u00eces, seul ou en association avec la photothe\u00ecrapie<u><\/u><u><\/u><\/p>\n<p>&nbsp;<\/p>\n<p>&nbsp;<\/p>\n","protected":false},"excerpt":{"rendered":"<p>Fernblock\u00ae aide a\u00cc la repigmentation, antioxydant et immunomodulateur Curcuma antioxydant et anti-inflammatoire \u00a0SOD, prote\u00ccge contre le stress oxydatif et aide<\/p>\n","protected":false},"featured_media":90016,"comment_status":"open","ping_status":"closed","template":"","meta":{"_joinchat":[]},"pwb-brand":[289],"product_cat":[187,126],"product_tag":[],"brands":[{"id":289,"name":"CANTABRIA LABS","slug":"cantabria-labs"}],"_links":{"self":[{"href":"https:\/\/santepara.ma\/index.php?rest_route=\/wp\/v2\/product\/90019"}],"collection":[{"href":"https:\/\/santepara.ma\/index.php?rest_route=\/wp\/v2\/product"}],"about":[{"href":"https:\/\/santepara.ma\/index.php?rest_route=\/wp\/v2\/types\/product"}],"replies":[{"embeddable":true,"href":"https:\/\/santepara.ma\/index.php?rest_route=%2Fwp%2Fv2%2Fcomments&post=90019"}],"wp:featuredmedia":[{"embeddable":true,"href":"https:\/\/santepara.ma\/index.php?rest_route=\/wp\/v2\/media\/90016"}],"wp:attachment":[{"href":"https:\/\/santepara.ma\/index.php?rest_route=%2Fwp%2Fv2%2Fmedia&parent=90019"}],"wp:term":[{"taxonomy":"pwb-brand","embeddable":true,"href":"https:\/\/santepara.ma\/index.php?rest_route=%2Fwp%2Fv2%2Fpwb-brand&post=90019"},{"taxonomy":"product_cat","embeddable":true,"href":"https:\/\/santepara.ma\/index.php?rest_route=%2Fwp%2Fv2%2Fproduct_cat&post=90019"},{"taxonomy":"product_tag","embeddable":true,"href":"https:\/\/santepara.ma\/index.php?rest_route=%2Fwp%2Fv2%2Fproduct_tag&post=90019"}],"curies":[{"name":"wp","href":"https:\/\/api.w.org\/{rel}","templated":true}]}}