{"id":90333,"date":"2023-08-09T00:18:29","date_gmt":"2023-08-08T23:18:29","guid":{"rendered":"https:\/\/santepara.ma\/?product=evawin-acnewin-lotion-ai-120ml"},"modified":"2023-11-04T13:04:13","modified_gmt":"2023-11-04T12:04:13","slug":"evawin-acnewin-lotion-ai-120ml","status":"publish","type":"product","link":"https:\/\/santepara.ma\/?product=evawin-acnewin-lotion-ai-120ml","title":{"rendered":"EVAWIN ACNEWIN Lotion AI 120ML"},"content":{"rendered":"<div>ACNEWIN Lotion est un soin quotidien pour les peaux jeunes \u00e0 tendance acn\u00e9ique. Cette lotion est sp\u00e9cialement formul\u00e9e pour \u00eatre utilis\u00e9e sur les zones \u00e9tendues ou pileuses.<\/div>\n<div>ACNEWIN Lotion est \u00e0 base de Niacinamide, Acnet et Acide Salicylique. Elle matifie la peau, aide \u00e0 lutter contre les imperfections et r\u00e9gule le s\u00e9bum.<\/div>\n<div>R\u00e9\u00e9quilibre, et assainie l\u2019\u00e9piderme.<\/div>\n<div>\n<section class=\"elementor-element elementor-element-8ed8426 elementor-section-boxed elementor-section-height-default elementor-section-height-default elementor-section elementor-top-section\" data-id=\"8ed8426\" data-element_type=\"section\">\n<div class=\"elementor-container elementor-column-gap-default\">\n<div class=\"elementor-row\">\n<div class=\"elementor-element elementor-element-f5f81bf elementor-column elementor-col-50 elementor-top-column\" data-id=\"f5f81bf\" data-element_type=\"column\">\n<div class=\"elementor-column-wrap  elementor-element-populated\">\n<div class=\"elementor-widget-wrap\">\n<div class=\"elementor-element elementor-element-c8e082f elementor-widget elementor-widget-heading\" data-id=\"c8e082f\" data-element_type=\"widget\" data-widget_type=\"heading.default\">\n<div class=\"elementor-widget-container\">\n<h3 class=\"elementor-heading-title elementor-size-large\"><strong>Conseils d&rsquo;Utilisation : <\/strong> <\/h3>\n<\/div>\n<\/div>\n<div class=\"elementor-element elementor-element-7dde40b elementor-widget elementor-widget-text-editor\" data-id=\"7dde40b\" data-element_type=\"widget\" data-widget_type=\"text-editor.default\">\n<div class=\"elementor-widget-container\">\n<div class=\"elementor-text-editor elementor-clearfix\">\n<div>Appliquer 1 \u00e0 2 fois par jour \u00e0 l\u2019aide d\u2019un coton sur les zones concern\u00e9es pr\u00e9alablement nettoy\u00e9es et s\u00e9ch\u00e9es.<\/div>\n<\/div>\n<\/div>\n<\/div>\n<\/div>\n<\/div>\n<\/div>\n<div class=\"elementor-element elementor-element-2efaeca elementor-column elementor-col-50 elementor-top-column\" data-id=\"2efaeca\" data-element_type=\"column\">\n<div class=\"elementor-column-wrap  elementor-element-populated\">\n<div class=\"elementor-widget-wrap\">\n<div class=\"elementor-element elementor-element-1fe0ed9 elementor-widget elementor-widget-heading\" data-id=\"1fe0ed9\" data-element_type=\"widget\" data-widget_type=\"heading.default\">\n<div class=\"elementor-widget-container\">\n<h3 class=\"elementor-heading-title elementor-size-large\">PRECAUTIONS D&rsquo;EMPLOI \u00a0:<\/h3>\n<\/div>\n<\/div>\n<div class=\"elementor-element elementor-element-a021b7e elementor-widget elementor-widget-text-editor\" data-id=\"a021b7e\" data-element_type=\"widget\" data-widget_type=\"text-editor.default\">\n<div class=\"elementor-widget-container\">\n<div class=\"elementor-text-editor elementor-clearfix\">\n<div>\n<div>\u2013 Usage externe uniquement, ne pas avaler.<\/div>\n<div>\u2013 Eviter le contact avec les yeux.<\/div>\n<div>\u2013 Ne pas laisser \u00e0 la port\u00e9e des enfants.<\/div>\n<div>\u2013 Ne pas utiliser en cas d\u2019allergie \u00e0 l\u2019un des constituants.<\/div>\n<div>\n<div class=\"elementor-element elementor-element-21627e0a elementor-widget elementor-widget-heading\" data-id=\"21627e0a\" data-element_type=\"widget\" data-widget_type=\"heading.default\">\n<div class=\"elementor-widget-container\">\n<h3 class=\"elementor-heading-title elementor-size-large\">NGR\u00c9DIENTS:<\/h3>\n<\/div>\n<\/div>\n<div class=\"elementor-element elementor-element-1340fa6a elementor-widget elementor-widget-text-editor\" data-id=\"1340fa6a\" data-element_type=\"widget\" data-widget_type=\"text-editor.default\">\n<div class=\"elementor-widget-container\">\n<div class=\"elementor-text-editor elementor-clearfix\">\n<div>\n<div>\u2022 \u00a0EXTRAIT DE BARDANE : Anti-inflammatoire \/ astringentes \/ apaisantes \/ anti-imperfection.<\/div>\n<div>\u2022 \u00a0NIACINAMIDE B3 : S\u00e9bo-r\u00e9gulateur et anti-inflammatoire.<\/div>\n<div>\u2022 \u00a0ACIDE LACTIQUE : (Aussi appel\u00e9 lactate) Hydratant, prot\u00e8ge la peau et r\u00e9gule son pH, Il absorbe et retient l\u2019humidit\u00e9 dans la couche ext\u00e9rieure de la peau.<\/div>\n<div>\u2022 \u00a0ACIDE SALYCILIQUE : Exfoliant \/ Antibact\u00e9rien \/ Purifiant et Astringent.<\/div>\n<div>\u2022 \u00a0ALOE VERA : Apaisant \/ Assainissant \/ R\u00e9parateur \/ Hydratant \/ Nutritif \/ Exfoliant.<\/div>\n<div>\u2022 \u00a0HUILE D\u2019ARBRE \u00c0 TH\u00c9 : Assainissante \/ Rafra\u00eechissante \/ Purifiante \/ R\u00e9duit les impuret\u00e9s \/ Nettoie la peau en profondeur \/ \u00c9vite l\u2019accumulation des bact\u00e9ries \u00a0et l\u2019exc\u00e8s de s\u00e9bum.<\/div>\n<\/div>\n<\/div>\n<\/div>\n<\/div>\n<\/div>\n<\/div>\n<\/div>\n<\/div>\n<\/div>\n<\/div>\n<\/div>\n<\/div>\n<\/div>\n<\/div>\n<\/section>\n<section class=\"elementor-element elementor-element-2602895e elementor-section-boxed elementor-section-height-default elementor-section-height-default elementor-section elementor-top-section\" data-id=\"2602895e\" data-element_type=\"section\" data-settings=\"{&quot;background_background&quot;:&quot;classic&quot;}\">\n<div class=\"elementor-container elementor-column-gap-default\">\n<div class=\"elementor-row\">\n<div class=\"elementor-element elementor-element-5eb4ad9c elementor-column elementor-col-100 elementor-top-column\" data-id=\"5eb4ad9c\" data-element_type=\"column\">\n<div class=\"elementor-column-wrap  elementor-element-populated\">\n<div class=\"elementor-widget-wrap\">\n<div class=\"elementor-element elementor-element-21627e0a elementor-widget elementor-widget-heading\" data-id=\"21627e0a\" data-element_type=\"widget\" data-widget_type=\"heading.default\">\n<div class=\"elementor-widget-container\"><\/div>\n<\/div>\n<\/div>\n<\/div>\n<\/div>\n<\/div>\n<\/div>\n<\/section>\n<\/div>\n","protected":false},"excerpt":{"rendered":"<p>ACNEWIN Lotion est un soin quotidien pour les peaux jeunes \u00e0 tendance acn\u00e9ique. Cette lotion est sp\u00e9cialement formul\u00e9e pour \u00eatre<\/p>\n","protected":false},"featured_media":90332,"comment_status":"open","ping_status":"closed","template":"","meta":{"_joinchat":[]},"pwb-brand":[698],"product_cat":[101],"product_tag":[],"brands":[{"id":698,"name":"EVAWIN","slug":"evawin"}],"_links":{"self":[{"href":"https:\/\/santepara.ma\/index.php?rest_route=\/wp\/v2\/product\/90333"}],"collection":[{"href":"https:\/\/santepara.ma\/index.php?rest_route=\/wp\/v2\/product"}],"about":[{"href":"https:\/\/santepara.ma\/index.php?rest_route=\/wp\/v2\/types\/product"}],"replies":[{"embeddable":true,"href":"https:\/\/santepara.ma\/index.php?rest_route=%2Fwp%2Fv2%2Fcomments&post=90333"}],"wp:featuredmedia":[{"embeddable":true,"href":"https:\/\/santepara.ma\/index.php?rest_route=\/wp\/v2\/media\/90332"}],"wp:attachment":[{"href":"https:\/\/santepara.ma\/index.php?rest_route=%2Fwp%2Fv2%2Fmedia&parent=90333"}],"wp:term":[{"taxonomy":"pwb-brand","embeddable":true,"href":"https:\/\/santepara.ma\/index.php?rest_route=%2Fwp%2Fv2%2Fpwb-brand&post=90333"},{"taxonomy":"product_cat","embeddable":true,"href":"https:\/\/santepara.ma\/index.php?rest_route=%2Fwp%2Fv2%2Fproduct_cat&post=90333"},{"taxonomy":"product_tag","embeddable":true,"href":"https:\/\/santepara.ma\/index.php?rest_route=%2Fwp%2Fv2%2Fproduct_tag&post=90333"}],"curies":[{"name":"wp","href":"https:\/\/api.w.org\/{rel}","templated":true}]}}