{"id":90387,"date":"2023-08-09T00:18:46","date_gmt":"2023-08-08T23:18:46","guid":{"rendered":"https:\/\/santepara.ma\/?product=racine-vita-shampoing-sans-sulfat-420ml"},"modified":"2023-11-04T13:04:16","modified_gmt":"2023-11-04T12:04:16","slug":"racine-vita-shampoing-sans-sulfat-420ml","status":"publish","type":"product","link":"https:\/\/santepara.ma\/?product=racine-vita-shampoing-sans-sulfat-420ml","title":{"rendered":"RACINE VITA SHAMPOING SANS SULFAT 420ML"},"content":{"rendered":"<ul>\n<li>shampooing sans sulfate pour\u00a0 cheveux normaux \u00e0 secs<\/li>\n<li>sans sulfate<\/li>\n<li>sans silicone<\/li>\n<li>sans parab\u00e8ne<\/li>\n<li>sans colorant<\/li>\n<li>douceur et l\u00e9g\u00e8ret\u00e9<\/li>\n<\/ul>\n","protected":false},"excerpt":{"rendered":"<p>shampooing sans sulfate pour\u00a0 cheveux normaux \u00e0 secs sans sulfate sans silicone sans parab\u00e8ne sans colorant douceur et l\u00e9g\u00e8ret\u00e9<\/p>\n","protected":false},"featured_media":90386,"comment_status":"open","ping_status":"closed","template":"","meta":{"_joinchat":[]},"pwb-brand":[417],"product_cat":[144],"product_tag":[],"brands":[{"id":417,"name":"RACINE-VITA","slug":"racine-vita"}],"_links":{"self":[{"href":"https:\/\/santepara.ma\/index.php?rest_route=\/wp\/v2\/product\/90387"}],"collection":[{"href":"https:\/\/santepara.ma\/index.php?rest_route=\/wp\/v2\/product"}],"about":[{"href":"https:\/\/santepara.ma\/index.php?rest_route=\/wp\/v2\/types\/product"}],"replies":[{"embeddable":true,"href":"https:\/\/santepara.ma\/index.php?rest_route=%2Fwp%2Fv2%2Fcomments&post=90387"}],"wp:featuredmedia":[{"embeddable":true,"href":"https:\/\/santepara.ma\/index.php?rest_route=\/wp\/v2\/media\/90386"}],"wp:attachment":[{"href":"https:\/\/santepara.ma\/index.php?rest_route=%2Fwp%2Fv2%2Fmedia&parent=90387"}],"wp:term":[{"taxonomy":"pwb-brand","embeddable":true,"href":"https:\/\/santepara.ma\/index.php?rest_route=%2Fwp%2Fv2%2Fpwb-brand&post=90387"},{"taxonomy":"product_cat","embeddable":true,"href":"https:\/\/santepara.ma\/index.php?rest_route=%2Fwp%2Fv2%2Fproduct_cat&post=90387"},{"taxonomy":"product_tag","embeddable":true,"href":"https:\/\/santepara.ma\/index.php?rest_route=%2Fwp%2Fv2%2Fproduct_tag&post=90387"}],"curies":[{"name":"wp","href":"https:\/\/api.w.org\/{rel}","templated":true}]}}