{"id":91571,"date":"2023-08-09T00:25:30","date_gmt":"2023-08-08T23:25:30","guid":{"rendered":"https:\/\/santepara.ma\/?product=bionike-defence-gommage-micro-exfoliant-75ml"},"modified":"2023-11-04T13:05:07","modified_gmt":"2023-11-04T12:05:07","slug":"bionike-defence-gommage-micro-exfoliant-75ml","status":"publish","type":"product","link":"https:\/\/santepara.ma\/?product=bionike-defence-gommage-micro-exfoliant-75ml","title":{"rendered":"Bionike Defence gommage Micro-Exfoliant 75ml"},"content":{"rendered":"","protected":false},"excerpt":{"rendered":"<p>Bionike Defence &#8211; Scrub Micro-Esfoliante 75ml. D&rsquo;une texture riche et cr\u00e9meuse, \u00e0 haute teneur en lipides, c&rsquo;est un traitement exfoliant p\u00e9riodique qui facilite le d\u00e9tachement des cellules de surface et am\u00e9liore le renouvellement cellulaire, donnant au visage un aspect frais et lumineux. Les diff\u00e9rentes tailles des microsph\u00e8res exfoliantes garantissent une action modul\u00e9e et non agressive.<\/p>\n","protected":false},"featured_media":91570,"comment_status":"open","ping_status":"closed","template":"","meta":{"_joinchat":[]},"pwb-brand":[758],"product_cat":[725,81],"product_tag":[],"brands":[{"id":758,"name":"BIONIKE","slug":"bionike"}],"_links":{"self":[{"href":"https:\/\/santepara.ma\/index.php?rest_route=\/wp\/v2\/product\/91571"}],"collection":[{"href":"https:\/\/santepara.ma\/index.php?rest_route=\/wp\/v2\/product"}],"about":[{"href":"https:\/\/santepara.ma\/index.php?rest_route=\/wp\/v2\/types\/product"}],"replies":[{"embeddable":true,"href":"https:\/\/santepara.ma\/index.php?rest_route=%2Fwp%2Fv2%2Fcomments&post=91571"}],"wp:featuredmedia":[{"embeddable":true,"href":"https:\/\/santepara.ma\/index.php?rest_route=\/wp\/v2\/media\/91570"}],"wp:attachment":[{"href":"https:\/\/santepara.ma\/index.php?rest_route=%2Fwp%2Fv2%2Fmedia&parent=91571"}],"wp:term":[{"taxonomy":"pwb-brand","embeddable":true,"href":"https:\/\/santepara.ma\/index.php?rest_route=%2Fwp%2Fv2%2Fpwb-brand&post=91571"},{"taxonomy":"product_cat","embeddable":true,"href":"https:\/\/santepara.ma\/index.php?rest_route=%2Fwp%2Fv2%2Fproduct_cat&post=91571"},{"taxonomy":"product_tag","embeddable":true,"href":"https:\/\/santepara.ma\/index.php?rest_route=%2Fwp%2Fv2%2Fproduct_tag&post=91571"}],"curies":[{"name":"wp","href":"https:\/\/api.w.org\/{rel}","templated":true}]}}