{"id":92021,"date":"2023-08-09T00:27:56","date_gmt":"2023-08-08T23:27:56","guid":{"rendered":"https:\/\/santepara.ma\/?product=velpeau-bande-de-crepe-7cm"},"modified":"2023-11-04T13:05:30","modified_gmt":"2023-11-04T12:05:30","slug":"velpeau-bande-de-crepe-7cm","status":"publish","type":"product","link":"https:\/\/santepara.ma\/?product=velpeau-bande-de-crepe-7cm","title":{"rendered":"Velpeau Bande de crepe 7cm"},"content":{"rendered":"<p>Fixation, soutien, compression l\u00e9g\u00e8re et traitement des articulations bless\u00e9es. Peut \u00eatre utilis\u00e9e comme bande de fixation au m\u00eame titre que la bande adh\u00e9sive \u00e9lastique.<\/p>\n","protected":false},"excerpt":{"rendered":"<p>Fixation, soutien, compression l\u00e9g\u00e8re et traitement des articulations bless\u00e9es. Peut \u00eatre utilis\u00e9e comme bande de fixation au m\u00eame titre que<\/p>\n","protected":false},"featured_media":92020,"comment_status":"open","ping_status":"closed","template":"","meta":{"_joinchat":[]},"pwb-brand":[781],"product_cat":[626,608,218],"product_tag":[],"brands":[{"id":781,"name":"VELPEAU","slug":"velpeau"}],"_links":{"self":[{"href":"https:\/\/santepara.ma\/index.php?rest_route=\/wp\/v2\/product\/92021"}],"collection":[{"href":"https:\/\/santepara.ma\/index.php?rest_route=\/wp\/v2\/product"}],"about":[{"href":"https:\/\/santepara.ma\/index.php?rest_route=\/wp\/v2\/types\/product"}],"replies":[{"embeddable":true,"href":"https:\/\/santepara.ma\/index.php?rest_route=%2Fwp%2Fv2%2Fcomments&post=92021"}],"wp:featuredmedia":[{"embeddable":true,"href":"https:\/\/santepara.ma\/index.php?rest_route=\/wp\/v2\/media\/92020"}],"wp:attachment":[{"href":"https:\/\/santepara.ma\/index.php?rest_route=%2Fwp%2Fv2%2Fmedia&parent=92021"}],"wp:term":[{"taxonomy":"pwb-brand","embeddable":true,"href":"https:\/\/santepara.ma\/index.php?rest_route=%2Fwp%2Fv2%2Fpwb-brand&post=92021"},{"taxonomy":"product_cat","embeddable":true,"href":"https:\/\/santepara.ma\/index.php?rest_route=%2Fwp%2Fv2%2Fproduct_cat&post=92021"},{"taxonomy":"product_tag","embeddable":true,"href":"https:\/\/santepara.ma\/index.php?rest_route=%2Fwp%2Fv2%2Fproduct_tag&post=92021"}],"curies":[{"name":"wp","href":"https:\/\/api.w.org\/{rel}","templated":true}]}}